{"id":3006,"date":"2024-11-16T16:47:43","date_gmt":"2024-11-16T14:47:43","guid":{"rendered":"https:\/\/www.weinfreunde-vom-hellweg.de\/alex\/wordpress\/?page_id=3006"},"modified":"2024-11-20T18:42:28","modified_gmt":"2024-11-20T16:42:28","slug":"01-12-2012-weingala","status":"publish","type":"page","link":"https:\/\/www.weinfreunde-vom-hellweg.de\/alex\/wordpress\/?page_id=3006","title":{"rendered":"Weingala"},"content":{"rendered":"\n<p>Samstag, 01.12.2012, 19:30 Uhr im Kunstverein Unna<\/p>\n\n\n\n<p>Das Weinjahr wollen wir wieder im w\u00fcrdigen Rahmen mit einer genussvollen Weingala ausklingen lassen, Freuen Sie sich auf ein mehrg\u00e4ngiges Festmen\u00fc, dazu servieren wir ausgew\u00e4hlte Weine. Zur Unterhaltung werden wir Sie mit einer musikalischen Darbietung \u00fcberraschen.<\/p>\n","protected":false},"excerpt":{"rendered":"<p>Samstag, 01.12.2012, 19:30 Uhr im Kunstverein Unna Das Weinjahr wollen wir wieder im w\u00fcrdigen Rahmen mit einer genussvollen Weingala ausklingen lassen, Freuen Sie sich auf ein mehrg\u00e4ngiges Festmen\u00fc, dazu servieren wir ausgew\u00e4hlte Weine. Zur Unterhaltung werden wir Sie mit einer &hellip; <a href=\"https:\/\/www.weinfreunde-vom-hellweg.de\/alex\/wordpress\/?page_id=3006\">Weiterlesen <span class=\"meta-nav\">&rarr;<\/span><\/a><\/p>\n","protected":false},"author":14,"featured_media":0,"parent":2960,"menu_order":13,"comment_status":"closed","ping_status":"closed","template":"","meta":{"ngg_post_thumbnail":0,"footnotes":""},"class_list":["post-3006","page","type-page","status-publish","hentry"],"_links":{"self":[{"href":"https:\/\/www.weinfreunde-vom-hellweg.de\/alex\/wordpress\/index.php?rest_route=\/wp\/v2\/pages\/3006","targetHints":{"allow":["GET"]}}],"collection":[{"href":"https:\/\/www.weinfreunde-vom-hellweg.de\/alex\/wordpress\/index.php?rest_route=\/wp\/v2\/pages"}],"about":[{"href":"https:\/\/www.weinfreunde-vom-hellweg.de\/alex\/wordpress\/index.php?rest_route=\/wp\/v2\/types\/page"}],"author":[{"embeddable":true,"href":"https:\/\/www.weinfreunde-vom-hellweg.de\/alex\/wordpress\/index.php?rest_route=\/wp\/v2\/users\/14"}],"replies":[{"embeddable":true,"href":"https:\/\/www.weinfreunde-vom-hellweg.de\/alex\/wordpress\/index.php?rest_route=%2Fwp%2Fv2%2Fcomments&post=3006"}],"version-history":[{"count":2,"href":"https:\/\/www.weinfreunde-vom-hellweg.de\/alex\/wordpress\/index.php?rest_route=\/wp\/v2\/pages\/3006\/revisions"}],"predecessor-version":[{"id":3187,"href":"https:\/\/www.weinfreunde-vom-hellweg.de\/alex\/wordpress\/index.php?rest_route=\/wp\/v2\/pages\/3006\/revisions\/3187"}],"up":[{"embeddable":true,"href":"https:\/\/www.weinfreunde-vom-hellweg.de\/alex\/wordpress\/index.php?rest_route=\/wp\/v2\/pages\/2960"}],"wp:attachment":[{"href":"https:\/\/www.weinfreunde-vom-hellweg.de\/alex\/wordpress\/index.php?rest_route=%2Fwp%2Fv2%2Fmedia&parent=3006"}],"curies":[{"name":"wp","href":"https:\/\/api.w.org\/{rel}","templated":true}]}}