{"id":3127,"date":"2024-11-20T13:50:02","date_gmt":"2024-11-20T11:50:02","guid":{"rendered":"https:\/\/www.weinfreunde-vom-hellweg.de\/alex\/wordpress\/?page_id=3127"},"modified":"2024-11-20T18:34:36","modified_gmt":"2024-11-20T16:34:36","slug":"22-08-2013-weinprobe-zur-sensorik","status":"publish","type":"page","link":"https:\/\/www.weinfreunde-vom-hellweg.de\/alex\/wordpress\/?page_id=3127","title":{"rendered":"Weinprobe zur Sensorik"},"content":{"rendered":"\n<p>Donnerstag 22.08. 2013, 19.30 Uhr,&nbsp;im Kunstverein Unna<\/p>\n\n\n\n<p>Der Mensch ist, was er isst! &#8211; Und was ist er, wenn er WAS! trinkt? Eine schwierige Frage, auf die zumindest beim Wein eine L\u00f6sung gefunden werden kann: eine Schulung f\u00fcr die Sinne bei einer Weinprobe, die interessant, reizvoll und lehrreich zugleich die richtige Weinerkenntnis zu finden lehrt. Die Vielfalt der Wahrnehmung der Weinaromen und des Geschmacks intensiv erleben und auch mit so genannten \u201eSchwarzen Gl\u00e4sern\u2018 zu erkunden ist auch dieses Mal wieder das Ziel der \u00dcbung. Dabei herrscht kein Wettkampf, sondern die Erprobung der  eigenen F\u00e4higkeiten mit dem Ziel, zu erkennen, was f\u00fcr einen Wein man trinkt.<\/p>\n\n\n\n<p>Moderation : Peter Schampera.<\/p>\n\n\n\n<p><a href=\"https:\/\/www.weinfreunde-vom-hellweg.de\/alex\/wordpress\/wp-content\/uploads\/2024\/11\/2013-08-22-Weinliste-Sensorik.pdf\" target=\"_blank\" rel=\"noreferrer noopener\">Weinliste<\/a> (PDF)<\/p>\n","protected":false},"excerpt":{"rendered":"<p>Donnerstag 22.08. 2013, 19.30 Uhr,&nbsp;im Kunstverein Unna Der Mensch ist, was er isst! &#8211; Und was ist er, wenn er WAS! trinkt? Eine schwierige Frage, auf die zumindest beim Wein eine L\u00f6sung gefunden werden kann: eine Schulung f\u00fcr die Sinne &hellip; <a href=\"https:\/\/www.weinfreunde-vom-hellweg.de\/alex\/wordpress\/?page_id=3127\">Weiterlesen <span class=\"meta-nav\">&rarr;<\/span><\/a><\/p>\n","protected":false},"author":14,"featured_media":0,"parent":3055,"menu_order":8,"comment_status":"closed","ping_status":"closed","template":"","meta":{"ngg_post_thumbnail":0,"footnotes":""},"class_list":["post-3127","page","type-page","status-publish","hentry"],"_links":{"self":[{"href":"https:\/\/www.weinfreunde-vom-hellweg.de\/alex\/wordpress\/index.php?rest_route=\/wp\/v2\/pages\/3127","targetHints":{"allow":["GET"]}}],"collection":[{"href":"https:\/\/www.weinfreunde-vom-hellweg.de\/alex\/wordpress\/index.php?rest_route=\/wp\/v2\/pages"}],"about":[{"href":"https:\/\/www.weinfreunde-vom-hellweg.de\/alex\/wordpress\/index.php?rest_route=\/wp\/v2\/types\/page"}],"author":[{"embeddable":true,"href":"https:\/\/www.weinfreunde-vom-hellweg.de\/alex\/wordpress\/index.php?rest_route=\/wp\/v2\/users\/14"}],"replies":[{"embeddable":true,"href":"https:\/\/www.weinfreunde-vom-hellweg.de\/alex\/wordpress\/index.php?rest_route=%2Fwp%2Fv2%2Fcomments&post=3127"}],"version-history":[{"count":3,"href":"https:\/\/www.weinfreunde-vom-hellweg.de\/alex\/wordpress\/index.php?rest_route=\/wp\/v2\/pages\/3127\/revisions"}],"predecessor-version":[{"id":3170,"href":"https:\/\/www.weinfreunde-vom-hellweg.de\/alex\/wordpress\/index.php?rest_route=\/wp\/v2\/pages\/3127\/revisions\/3170"}],"up":[{"embeddable":true,"href":"https:\/\/www.weinfreunde-vom-hellweg.de\/alex\/wordpress\/index.php?rest_route=\/wp\/v2\/pages\/3055"}],"wp:attachment":[{"href":"https:\/\/www.weinfreunde-vom-hellweg.de\/alex\/wordpress\/index.php?rest_route=%2Fwp%2Fv2%2Fmedia&parent=3127"}],"curies":[{"name":"wp","href":"https:\/\/api.w.org\/{rel}","templated":true}]}}

<p>Donnerstag 22.08. 2013, 19.30 Uhr,&nbsp;im Kunstverein Unna</p>



<p>Der Mensch ist, was er isst! &#8211; Und was ist er, wenn er WAS! trinkt? Eine schwierige Frage, auf die zumindest beim Wein eine Lösung gefunden werden kann: eine Schulung für die Sinne bei einer Weinprobe, die interessant, reizvoll und lehrreich zugleich die richtige Weinerkenntnis zu finden lehrt. Die Vielfalt der Wahrnehmung der Weinaromen und des Geschmacks intensiv erleben und auch mit so genannten „Schwarzen Gläsern‘ zu erkunden ist auch dieses Mal wieder das Ziel der Übung. Dabei herrscht kein Wettkampf, sondern die Erprobung der  eigenen Fähigkeiten mit dem Ziel, zu erkennen, was für einen Wein man trinkt.</p>



<p>Moderation : Peter Schampera.</p>



<p><a href="https://www.weinfreunde-vom-hellweg.de/alex/wordpress/wp-content/uploads/2024/11/2013-08-22-Weinliste-Sensorik.pdf" target="_blank" rel="noreferrer noopener">Weinliste</a> (PDF)</p>

<p>Donnerstag 22.08. 2013, 19.30 Uhr,&nbsp;im Kunstverein Unna Der Mensch ist, was er isst! &#8211; Und was ist er, wenn er WAS! trinkt? Eine schwierige Frage, auf die zumindest beim Wein eine Lösung gefunden werden kann: eine Schulung für die Sinne &hellip; <a href="https://www.weinfreunde-vom-hellweg.de/alex/wordpress/?page_id=3127">Weiterlesen <span class="meta-nav">&rarr;</span></a></p>
