{"id":3132,"date":"2024-11-20T17:42:50","date_gmt":"2024-11-20T15:42:50","guid":{"rendered":"https:\/\/www.weinfreunde-vom-hellweg.de\/alex\/wordpress\/?page_id=3132"},"modified":"2024-11-20T18:33:51","modified_gmt":"2024-11-20T16:33:51","slug":"30-04-2013-05-05-2013-weinreise-mosel-saar-ruwer","status":"publish","type":"page","link":"https:\/\/www.weinfreunde-vom-hellweg.de\/alex\/wordpress\/?page_id=3132","title":{"rendered":"Weinreise Mosel-Saar-Ruwer"},"content":{"rendered":"\n<p>Dienstag, 30.04.2013 bis Sonntag 05.05.2013<\/p>\n\n\n\n<p><strong><strong>Dienstag 30.04.2013<\/strong><\/strong><\/p>\n\n\n\n<p>Fast die H\u00e4lfte der Reisenden wartet um 7.30 Uhr am 30. April an der B233 in Strickherdicke auf den Bus. Als alle Platz genommen haben geht es weiter in Richtung Unna, und die zweite H\u00e4lfte der Gruppe steigt ein. Die Fahrt geht trotz angek\u00fcndigter Staus problemlos nach Hatzenport an der Mosel, wo uns das Winzerpaar Maria und Albrecht Gietzen bereits freud\u0131g erwartet Wir genie\u00dfen eine Reihe von trockenen und halbtrockenen Rieslingweinen und den \u201eElatus Mons\u201c aus dem Terrassenweinberg und lernen, dass \u201eHausenblase\u201c die getrocknete Schwimmblase des Hausen = Beluga (eine St\u00f6rart) ist und zur Tr\u00fcbstoffabscheidung verwendet wird.<\/p>\n\n\n\n<p>Es werden die ersten K\u00e4ufe get\u00e4tigt und um 14 Uhr geht es weiter an der Mosel entlang nach Beilstein. P\u00fcnktlich um 16 Uhr geht es weiter zu unserem Quartier, dem Landhotel Saarschleife\u201a das erst gegen 18.30 Uhr wegen des starken Verkehrs erreicht wird. An einem langen, liebevoll gedeckten Tisch nehmen wir unser erstes gemeinsames Abendessen ein.<\/p>\n\n\n\n<p><strong>Mittwoch 01.05.2013<\/strong><\/p>\n\n\n\n<p>Am 1. Mai fahren wir nach Nennig, wo wir uns ein 160m\u00b2-gro\u00dfes Mosaik aus der R\u00f6merzeit ansehen, das Bilder von Gladiatoren und K\u00e4mpfe mit Tieren zeigt. Von dort geht es zur r\u00f6mischen Villa Borg. Wir haben in der Villa eine F\u00fchrung und besichtigen anschlie\u00dfend auch die umfangreichen Gartenanlagen.<\/p>\n\n\n\n<p>Um 14 Uhr sind wir in Saarburg zu einer Stadtf\u00fchrung. Um 16 Uhr geht es weiter zum Winzergut Schnitzler nach Konz. Der Besitzer, Herr Faber, nimmt uns mit zu einer Wanderung durch seinen Weinberg und l\u00e4sst uns unterwegs zwei Rieslingweine verkosten, und zwar den \u201eAlew\u00e4in\u201c und den \u201eKrettnacher Altenberg\u201c. Zur nicht so rosigen Wirtschaftslage kl\u00e4rt uns Herr Faber auf: \u201eWir haben permanent einen \u00dcberschuss an Unterdeckung!\u201c Gem\u00e4chlich geht es den Berg hinunter zur weiteren Weinprobe und einem Riesenrumpsteak im Hause Schnitzler.<\/p>\n\n\n\n<p><strong>Donnerstag 02.05.2013<\/strong><\/p>\n\n\n\n<p>Am 2. Mai geht es um 9 Uhr mit dem Bus nach Schengen in Luxemburg. In Schengen erkl\u00e4rt uns eine fr\u00f6hliche, junge Luxemburgerin alles Wissenswerte zum Schengenabkommen.<\/p>\n\n\n\n<p>Unser n\u00e4chstes Ziel ist Machtum. Es geht ca. 30 km entlang der Luxemburger Weinstra\u00dfe bis zum Weingut Schlink. Wir nehmen Platz in einer modernen Vinothek, wo uns zur Einstimmung ein \u201eCremant\u201c eingeschenkt wird \u2014 ein hervorragender Sekt! Zu einem Winzerteller verkosten wir vier delikate Weine und vergessen auch das Bestellen nicht.<\/p>\n\n\n\n<p>Um 13.30 Uhr geht es weiter nach Echternach, der \u00e4ltesten Stadt Luxemburgs und eine der \u00e4ltesten Kulturst\u00e4dte Europas. Echternach ist aber auch bekannt wegen der Springprozessionen, die auch heute noch j\u00e4hrlich stattfinden. Ein Gang durch die h\u00fcbsche, alte Stadt durfte nat\u00fcrlich nicht fehlen. Der Nachmittagskaffee vertrieb die M\u00fcdigkeit, denn um 16 Uhr ging es bereits weiter zum Schloss Thorn. Baron Dr. von Hobe-Gelting gibt uns einen \u00dcberblick \u00fcber die Geschichte des Schlosses, die Gr\u00f6\u00dfe seines Weingutes und die Art seiner Weine. Sein Weingut liegt zum Teil im Saarland und zum Teil in Rheinland-Pfalz, was die Beh\u00f6rdenkontakte verdoppelt. Er kultiviert u.a. den roten Elbling feinherb ebenso wie den Riesling feinherb. In der Diskussion lernen wir, dass man \u201efeinherb\u201c im Englischen \u201eelegant dry\u201c nennt. Zur\u00fcck zum Hotel und nach einem guten Abendessen sind alle zufrieden und bettschwer.<\/p>\n\n\n\n<p><strong>Freitag 03.05.2013<\/strong><\/p>\n\n\n\n<p>Wir starten p\u00fcnktlich um 9 Uhr. Herr Orth, Pr\u00e4sident der Weinbruderschaft Mosel-Saar-Ruwer f\u00fchrt uns durch die r\u00f6mische Vergangenheit Triers. Er beschreibt alle Baustile des Doms und der Basilika. So macht eine Stadtf\u00fchrung Spa\u00df<\/p>\n\n\n\n<p>Ab 14 Uhr geht es zu den Bisch\u00f6flichen Weing\u00fctern Trier. Herr Engel ist ein Verkaufsgenie, das uns in den Kellergew\u00f6lben Sekt und 9 Weine pr\u00e4sentiert. Die Bisch\u00f6flichen Weing\u00fcter Trier besitzen Weinberge an Mosel, Saar und Ruwer.<\/p>\n\n\n\n<p>Dann geht es weiter zum Weingut Karlsm\u00fchle. Dort erfahren wir alles Wissenswerte vom Rieslingwinzer Peter Geiben. Da er als sehr stimmungsabh\u00e4ngig bekannt \u0131st, muss er wohl seinen guten Tag gehabt haben. Die Weinprobe verl\u00e4uft ausgesprochen angenehm und witzig und auch die Forelle im Restaurant schmeckt anschlie\u00dfend sehr gut.<\/p>\n\n\n\n<p><strong>Samstag 04.05.2013<\/strong><\/p>\n\n\n\n<p>Wir fahren in Richtung Mettlach zum Schloss Saarstein, das hoch \u00fcber den Weinbergen in Serrig liegt. Mit dem Besitzer, Herrn Ebert, besichtigen wir zuerst die Au\u00dfenanlagen und nehmen dann auf der gro\u00dfen, \u00fcberdachten und verglasten Terrasse Platz. Wir haben einen wunderbaren Blick auf die Saar und die sich um das Schloss schmiegenden, steilen Weinberge. Saarstein wird in der Liste der 100 besten Weing\u00fcter Deutschlands gef\u00fchrt. Erstaunlicherweise exportiert Herr Ebert 50 % seiner Weine in die USA. Auch hier wird wieder kr\u00e4ftig gekauft. Wie gut, dass unser Bus so viel Stauraum hat.<\/p>\n\n\n\n<p>Mittags geht es nach Merttlach, das f\u00fcr seine Outlet-Shops bekannt ist. Besonders Villeroy &amp; Boch hat hier diverse L\u00e4den, die zum St\u00f6bern einladen. Ein Streifzug durch die Stadt endet f\u00fcr fast alle aus der Gruppe im Eiscaf\u00e9. Um 15:30 Uhr geht es zur\u00fcck zum Hotel, von wo aus wir uns zu einem Spaziergang zur Saarschleife treffen. Abends finden sich alle Reiseteilnehmer zu einem Sektempfang im Garten des Hotels ein. Anschlie\u00dfend findet ein Gala-Men\u00fc unsere gro\u00dfe Anerkennung. Es wird begleitet von Weinen des Weingutes Karl Petgen aus Nennig.<\/p>\n\n\n\n<p><strong>Sonntag 05.05.2013<\/strong><\/p>\n\n\n\n<p>Auch an unserem letzten Tag starten wir um 9 Uhr mit dem Bus in Richtung Koblenz. Im Kurf\u00fcrstlichen Schloss findet die Ausstellung \u201eWein im Schloss\u201c der Landwirtschaftskammer Rheinland-Pfalz statt. Wir sind begeistert von der Angebotsf\u00fclle und probieren den einen oder anderen Wein.<\/p>\n\n\n\n<p>Um 14.00 Uhr fahren wir endg\u00fcltig und voller neuer Erkenntnisse nach Hause. Unser Dank gilt den Ausrichtern dieser wunderbaren Tage, denn es war eine gelungene Mischung aus Geschichte, Kultur, kulinarischen Gen\u00fcssen und nat\u00fcrlich Wein.<\/p>\n\n\n\n<p>Berichterstatter: Ingeborg und Bodo Gro\u00df<\/p>\n","protected":false},"excerpt":{"rendered":"<p>Dienstag, 30.04.2013 bis Sonntag 05.05.2013 Dienstag 30.04.2013 Fast die H\u00e4lfte der Reisenden wartet um 7.30 Uhr am 30. April an der B233 in Strickherdicke auf den Bus. Als alle Platz genommen haben geht es weiter in Richtung Unna, und die &hellip; <a href=\"https:\/\/www.weinfreunde-vom-hellweg.de\/alex\/wordpress\/?page_id=3132\">Weiterlesen <span class=\"meta-nav\">&rarr;<\/span><\/a><\/p>\n","protected":false},"author":14,"featured_media":0,"parent":3055,"menu_order":5,"comment_status":"closed","ping_status":"closed","template":"","meta":{"ngg_post_thumbnail":0,"footnotes":""},"class_list":["post-3132","page","type-page","status-publish","hentry"],"_links":{"self":[{"href":"https:\/\/www.weinfreunde-vom-hellweg.de\/alex\/wordpress\/index.php?rest_route=\/wp\/v2\/pages\/3132","targetHints":{"allow":["GET"]}}],"collection":[{"href":"https:\/\/www.weinfreunde-vom-hellweg.de\/alex\/wordpress\/index.php?rest_route=\/wp\/v2\/pages"}],"about":[{"href":"https:\/\/www.weinfreunde-vom-hellweg.de\/alex\/wordpress\/index.php?rest_route=\/wp\/v2\/types\/page"}],"author":[{"embeddable":true,"href":"https:\/\/www.weinfreunde-vom-hellweg.de\/alex\/wordpress\/index.php?rest_route=\/wp\/v2\/users\/14"}],"replies":[{"embeddable":true,"href":"https:\/\/www.weinfreunde-vom-hellweg.de\/alex\/wordpress\/index.php?rest_route=%2Fwp%2Fv2%2Fcomments&post=3132"}],"version-history":[{"count":2,"href":"https:\/\/www.weinfreunde-vom-hellweg.de\/alex\/wordpress\/index.php?rest_route=\/wp\/v2\/pages\/3132\/revisions"}],"predecessor-version":[{"id":3167,"href":"https:\/\/www.weinfreunde-vom-hellweg.de\/alex\/wordpress\/index.php?rest_route=\/wp\/v2\/pages\/3132\/revisions\/3167"}],"up":[{"embeddable":true,"href":"https:\/\/www.weinfreunde-vom-hellweg.de\/alex\/wordpress\/index.php?rest_route=\/wp\/v2\/pages\/3055"}],"wp:attachment":[{"href":"https:\/\/www.weinfreunde-vom-hellweg.de\/alex\/wordpress\/index.php?rest_route=%2Fwp%2Fv2%2Fmedia&parent=3132"}],"curies":[{"name":"wp","href":"https:\/\/api.w.org\/{rel}","templated":true}]}}

<p>Dienstag, 30.04.2013 bis Sonntag 05.05.2013</p>



<p><strong><strong>Dienstag 30.04.2013</strong></strong></p>



<p>Fast die Hälfte der Reisenden wartet um 7.30 Uhr am 30. April an der B233 in Strickherdicke auf den Bus. Als alle Platz genommen haben geht es weiter in Richtung Unna, und die zweite Hälfte der Gruppe steigt ein. Die Fahrt geht trotz angekündigter Staus problemlos nach Hatzenport an der Mosel, wo uns das Winzerpaar Maria und Albrecht Gietzen bereits freudıg erwartet Wir genießen eine Reihe von trockenen und halbtrockenen Rieslingweinen und den „Elatus Mons“ aus dem Terrassenweinberg und lernen, dass „Hausenblase“ die getrocknete Schwimmblase des Hausen = Beluga (eine Störart) ist und zur Trübstoffabscheidung verwendet wird.</p>



<p>Es werden die ersten Käufe getätigt und um 14 Uhr geht es weiter an der Mosel entlang nach Beilstein. Pünktlich um 16 Uhr geht es weiter zu unserem Quartier, dem Landhotel Saarschleife‚ das erst gegen 18.30 Uhr wegen des starken Verkehrs erreicht wird. An einem langen, liebevoll gedeckten Tisch nehmen wir unser erstes gemeinsames Abendessen ein.</p>



<p><strong>Mittwoch 01.05.2013</strong></p>



<p>Am 1. Mai fahren wir nach Nennig, wo wir uns ein 160m²-großes Mosaik aus der Römerzeit ansehen, das Bilder von Gladiatoren und Kämpfe mit Tieren zeigt. Von dort geht es zur römischen Villa Borg. Wir haben in der Villa eine Führung und besichtigen anschließend auch die umfangreichen Gartenanlagen.</p>



<p>Um 14 Uhr sind wir in Saarburg zu einer Stadtführung. Um 16 Uhr geht es weiter zum Winzergut Schnitzler nach Konz. Der Besitzer, Herr Faber, nimmt uns mit zu einer Wanderung durch seinen Weinberg und lässt uns unterwegs zwei Rieslingweine verkosten, und zwar den „Alewäin“ und den „Krettnacher Altenberg“. Zur nicht so rosigen Wirtschaftslage klärt uns Herr Faber auf: „Wir haben permanent einen Überschuss an Unterdeckung!“ Gemächlich geht es den Berg hinunter zur weiteren Weinprobe und einem Riesenrumpsteak im Hause Schnitzler.</p>



<p><strong>Donnerstag 02.05.2013</strong></p>



<p>Am 2. Mai geht es um 9 Uhr mit dem Bus nach Schengen in Luxemburg. In Schengen erklärt uns eine fröhliche, junge Luxemburgerin alles Wissenswerte zum Schengenabkommen.</p>



<p>Unser nächstes Ziel ist Machtum. Es geht ca. 30 km entlang der Luxemburger Weinstraße bis zum Weingut Schlink. Wir nehmen Platz in einer modernen Vinothek, wo uns zur Einstimmung ein „Cremant“ eingeschenkt wird — ein hervorragender Sekt! Zu einem Winzerteller verkosten wir vier delikate Weine und vergessen auch das Bestellen nicht.</p>



<p>Um 13.30 Uhr geht es weiter nach Echternach, der ältesten Stadt Luxemburgs und eine der ältesten Kulturstädte Europas. Echternach ist aber auch bekannt wegen der Springprozessionen, die auch heute noch jährlich stattfinden. Ein Gang durch die hübsche, alte Stadt durfte natürlich nicht fehlen. Der Nachmittagskaffee vertrieb die Müdigkeit, denn um 16 Uhr ging es bereits weiter zum Schloss Thorn. Baron Dr. von Hobe-Gelting gibt uns einen Überblick über die Geschichte des Schlosses, die Größe seines Weingutes und die Art seiner Weine. Sein Weingut liegt zum Teil im Saarland und zum Teil in Rheinland-Pfalz, was die Behördenkontakte verdoppelt. Er kultiviert u.a. den roten Elbling feinherb ebenso wie den Riesling feinherb. In der Diskussion lernen wir, dass man „feinherb“ im Englischen „elegant dry“ nennt. Zurück zum Hotel und nach einem guten Abendessen sind alle zufrieden und bettschwer.</p>



<p><strong>Freitag 03.05.2013</strong></p>



<p>Wir starten pünktlich um 9 Uhr. Herr Orth, Präsident der Weinbruderschaft Mosel-Saar-Ruwer führt uns durch die römische Vergangenheit Triers. Er beschreibt alle Baustile des Doms und der Basilika. So macht eine Stadtführung Spaß</p>



<p>Ab 14 Uhr geht es zu den Bischöflichen Weingütern Trier. Herr Engel ist ein Verkaufsgenie, das uns in den Kellergewölben Sekt und 9 Weine präsentiert. Die Bischöflichen Weingüter Trier besitzen Weinberge an Mosel, Saar und Ruwer.</p>



<p>Dann geht es weiter zum Weingut Karlsmühle. Dort erfahren wir alles Wissenswerte vom Rieslingwinzer Peter Geiben. Da er als sehr stimmungsabhängig bekannt ıst, muss er wohl seinen guten Tag gehabt haben. Die Weinprobe verläuft ausgesprochen angenehm und witzig und auch die Forelle im Restaurant schmeckt anschließend sehr gut.</p>



<p><strong>Samstag 04.05.2013</strong></p>



<p>Wir fahren in Richtung Mettlach zum Schloss Saarstein, das hoch über den Weinbergen in Serrig liegt. Mit dem Besitzer, Herrn Ebert, besichtigen wir zuerst die Außenanlagen und nehmen dann auf der großen, überdachten und verglasten Terrasse Platz. Wir haben einen wunderbaren Blick auf die Saar und die sich um das Schloss schmiegenden, steilen Weinberge. Saarstein wird in der Liste der 100 besten Weingüter Deutschlands geführt. Erstaunlicherweise exportiert Herr Ebert 50 % seiner Weine in die USA. Auch hier wird wieder kräftig gekauft. Wie gut, dass unser Bus so viel Stauraum hat.</p>



<p>Mittags geht es nach Merttlach, das für seine Outlet-Shops bekannt ist. Besonders Villeroy &amp; Boch hat hier diverse Läden, die zum Stöbern einladen. Ein Streifzug durch die Stadt endet für fast alle aus der Gruppe im Eiscafé. Um 15:30 Uhr geht es zurück zum Hotel, von wo aus wir uns zu einem Spaziergang zur Saarschleife treffen. Abends finden sich alle Reiseteilnehmer zu einem Sektempfang im Garten des Hotels ein. Anschließend findet ein Gala-Menü unsere große Anerkennung. Es wird begleitet von Weinen des Weingutes Karl Petgen aus Nennig.</p>



<p><strong>Sonntag 05.05.2013</strong></p>



<p>Auch an unserem letzten Tag starten wir um 9 Uhr mit dem Bus in Richtung Koblenz. Im Kurfürstlichen Schloss findet die Ausstellung „Wein im Schloss“ der Landwirtschaftskammer Rheinland-Pfalz statt. Wir sind begeistert von der Angebotsfülle und probieren den einen oder anderen Wein.</p>



<p>Um 14.00 Uhr fahren wir endgültig und voller neuer Erkenntnisse nach Hause. Unser Dank gilt den Ausrichtern dieser wunderbaren Tage, denn es war eine gelungene Mischung aus Geschichte, Kultur, kulinarischen Genüssen und natürlich Wein.</p>



<p>Berichterstatter: Ingeborg und Bodo Groß</p>

<p>Dienstag, 30.04.2013 bis Sonntag 05.05.2013 Dienstag 30.04.2013 Fast die Hälfte der Reisenden wartet um 7.30 Uhr am 30. April an der B233 in Strickherdicke auf den Bus. Als alle Platz genommen haben geht es weiter in Richtung Unna, und die &hellip; <a href="https://www.weinfreunde-vom-hellweg.de/alex/wordpress/?page_id=3132">Weiterlesen <span class="meta-nav">&rarr;</span></a></p>
