{"id":3143,"date":"2024-11-20T18:03:32","date_gmt":"2024-11-20T16:03:32","guid":{"rendered":"https:\/\/www.weinfreunde-vom-hellweg.de\/alex\/wordpress\/?page_id=3143"},"modified":"2025-01-02T21:49:49","modified_gmt":"2025-01-02T20:49:49","slug":"17-10-2013-weisser-wein-aus-dunklen-trauben","status":"publish","type":"page","link":"https:\/\/www.weinfreunde-vom-hellweg.de\/alex\/wordpress\/?page_id=3143","title":{"rendered":"Wei\u00dfer Wein aus dunklen Trauben"},"content":{"rendered":"\n<p>Donnerstag 17.10. 2013, 19.30 Uhr,&nbsp;im Kunstverein Unna<\/p>\n\n\n\n<p>An diesem Abend werden wir uns mit einer Spielart der Weinherstellung besch\u00e4ftigen, die in Deutschland in den letzten Jahren immer mehr Liebhaber findet, n\u00e4mlich dem Blanc de Noirs. Blanc de Noirs ist eine Bezeichnung f\u00fcr wei\u00dfe Weine, die aus Rotweintrauben gekeltert werden. Wird der Saft vor der G\u00e4rung von den Schalen getrennt, erh\u00e4lt man wei\u00dfen oder in zarten Rosat\u00f6nen leuchtenden Wein, denn die roten Farbstoffe befinden sich fast vollst\u00e4ndig in den Beerenschalen. Der Wein (meist Sp\u00e4tburgunder) wird so zu einem frischen und oft leichten Wei\u00dfwein, bei dem h\u00e4ufig w\u00fcrzigen Fruchtaromen vorherrschend sind. Da die die Rotweintrauben weniger S\u00e4ure als die meisten Wei\u00dfweintrauben haben, ist der Blanc de Noirs \u0131n der Regel sehr bek\u00f6mmlich.<\/p>\n\n\n\n<p>W\u00e4hrend der Weinjournalist Ulrich Sautter den Blanc de Noirs eher als Modeerscheinung sieht und ihn als einen Wein bezeichnet, \u201eden die Welt nicht braucht\u201c, sehen andere in dieser Weinherstellung durchaus eine Bereicherung.<\/p>\n\n\n\n<p>Wir wollen an diesem Abend testen, was der Blanc de Noirs an Geschmacksvielfalt liefern kann. Freuen Sie sich auf einen genussvollen Abend.<\/p>\n\n\n\n<p>Moderation: Hermann Bley.<\/p>\n\n\n\n<p><a href=\"https:\/\/www.weinfreunde-vom-hellweg.de\/alex\/wordpress\/wp-content\/uploads\/2013-10-17-Weinliste-Blanc-de-Noir.pdf\" target=\"_blank\" rel=\"noreferrer noopener\">Weinliste<\/a> (PDF)<\/p>\n\n\n\n<p><a href=\"https:\/\/www.weinfreunde-vom-hellweg.de\/alex\/wordpress\/wp-content\/uploads\/2013-10-17-Weinbewertung-Blanc-de-Noir.pdf\" target=\"_blank\" rel=\"noreferrer noopener\">Weinbewertung<\/a> (PDF)<\/p>\n","protected":false},"excerpt":{"rendered":"<p>Donnerstag 17.10. 2013, 19.30 Uhr,&nbsp;im Kunstverein Unna An diesem Abend werden wir uns mit einer Spielart der Weinherstellung besch\u00e4ftigen, die in Deutschland in den letzten Jahren immer mehr Liebhaber findet, n\u00e4mlich dem Blanc de Noirs. Blanc de Noirs ist eine &hellip; <a href=\"https:\/\/www.weinfreunde-vom-hellweg.de\/alex\/wordpress\/?page_id=3143\">Weiterlesen <span class=\"meta-nav\">&rarr;<\/span><\/a><\/p>\n","protected":false},"author":14,"featured_media":0,"parent":3055,"menu_order":10,"comment_status":"closed","ping_status":"closed","template":"","meta":{"ngg_post_thumbnail":0,"footnotes":""},"class_list":["post-3143","page","type-page","status-publish","hentry"],"_links":{"self":[{"href":"https:\/\/www.weinfreunde-vom-hellweg.de\/alex\/wordpress\/index.php?rest_route=\/wp\/v2\/pages\/3143","targetHints":{"allow":["GET"]}}],"collection":[{"href":"https:\/\/www.weinfreunde-vom-hellweg.de\/alex\/wordpress\/index.php?rest_route=\/wp\/v2\/pages"}],"about":[{"href":"https:\/\/www.weinfreunde-vom-hellweg.de\/alex\/wordpress\/index.php?rest_route=\/wp\/v2\/types\/page"}],"author":[{"embeddable":true,"href":"https:\/\/www.weinfreunde-vom-hellweg.de\/alex\/wordpress\/index.php?rest_route=\/wp\/v2\/users\/14"}],"replies":[{"embeddable":true,"href":"https:\/\/www.weinfreunde-vom-hellweg.de\/alex\/wordpress\/index.php?rest_route=%2Fwp%2Fv2%2Fcomments&post=3143"}],"version-history":[{"count":4,"href":"https:\/\/www.weinfreunde-vom-hellweg.de\/alex\/wordpress\/index.php?rest_route=\/wp\/v2\/pages\/3143\/revisions"}],"predecessor-version":[{"id":5172,"href":"https:\/\/www.weinfreunde-vom-hellweg.de\/alex\/wordpress\/index.php?rest_route=\/wp\/v2\/pages\/3143\/revisions\/5172"}],"up":[{"embeddable":true,"href":"https:\/\/www.weinfreunde-vom-hellweg.de\/alex\/wordpress\/index.php?rest_route=\/wp\/v2\/pages\/3055"}],"wp:attachment":[{"href":"https:\/\/www.weinfreunde-vom-hellweg.de\/alex\/wordpress\/index.php?rest_route=%2Fwp%2Fv2%2Fmedia&parent=3143"}],"curies":[{"name":"wp","href":"https:\/\/api.w.org\/{rel}","templated":true}]}}