{"id":3150,"date":"2024-11-20T18:14:41","date_gmt":"2024-11-20T16:14:41","guid":{"rendered":"https:\/\/www.weinfreunde-vom-hellweg.de\/alex\/wordpress\/?page_id=3150"},"modified":"2024-11-20T18:35:26","modified_gmt":"2024-11-20T16:35:26","slug":"21-11-2013-languedoc-roussillon-frankreichs-weinreise","status":"publish","type":"page","link":"https:\/\/www.weinfreunde-vom-hellweg.de\/alex\/wordpress\/?page_id=3150","title":{"rendered":"Languedoc-Roussillon \u2013 Frankreichs Weinreise"},"content":{"rendered":"\n<p>Donnerstag 21.11. 2013, 19.30 Uhr,&nbsp;im Kunstverein Unna<\/p>\n\n\n\n<p>Ganz im S\u00fcden von Frankreich bis hin zur Grenze nach Spanien befindet sich das franz\u00f6sische Anbaugebiet mit der unvorstellbar gro\u00dfen Produktionsmenge von 9 Mio. Hektolitern Wein pro Jahr. Nachdem viele Jahrzehnte lang die dort erzeugten Weine allenfalls als billige Landweine zum schnellen, unkomplizierten Konsum eine gewisse Marktbedeutung auch bei uns hatten, wandelte sich auch hier (wie aus anderen Teilen Frankreichs schon vorher bekannt) die Philosophie langsam aber stetig in Richtung Qualit\u00e4tssteigerung. Da die Grundbedingungen besonders f\u00fcr kr\u00e4ftige Rotweine ideal sind (immerhin findet man genau in diesem Gebiet die weitaus meisten Sonnenstunden und die h\u00f6chsten Temperaturen in ganz Frankreich), konnten zunehmend bemerkenswerte Ergebnisse erzielt werden.<\/p>\n\n\n\n<p>Die Moderatoren Frank Schepp und Ralph Tegethoff werden an diesem Abend eine Auswahl von wei\u00dfen (!) und roten Weinen pr\u00e4sentieren. Besonders bei den Rotweinen kommen dabei teilweise auch \u00e4ltere Jahrg\u00e4nge zur Verkostung, so dass das sehr gute Reifepotenzial \u201eerschmeckt\u201c werden kann. Es sollte also f\u00fcr jeden Weinfreund etwas dabei sein!<\/p>\n\n\n\n<p><a href=\"https:\/\/www.weinfreunde-vom-hellweg.de\/alex\/wordpress\/wp-content\/uploads\/2024\/11\/2013-11-21-Weinliste.pdf\" target=\"_blank\" rel=\"noreferrer noopener\">Weinliste<\/a> (PDF)<\/p>\n","protected":false},"excerpt":{"rendered":"<p>Donnerstag 21.11. 2013, 19.30 Uhr,&nbsp;im Kunstverein Unna Ganz im S\u00fcden von Frankreich bis hin zur Grenze nach Spanien befindet sich das franz\u00f6sische Anbaugebiet mit der unvorstellbar gro\u00dfen Produktionsmenge von 9 Mio. Hektolitern Wein pro Jahr. Nachdem viele Jahrzehnte lang die &hellip; <a href=\"https:\/\/www.weinfreunde-vom-hellweg.de\/alex\/wordpress\/?page_id=3150\">Weiterlesen <span class=\"meta-nav\">&rarr;<\/span><\/a><\/p>\n","protected":false},"author":14,"featured_media":0,"parent":3055,"menu_order":11,"comment_status":"closed","ping_status":"closed","template":"","meta":{"ngg_post_thumbnail":0,"footnotes":""},"class_list":["post-3150","page","type-page","status-publish","hentry"],"_links":{"self":[{"href":"https:\/\/www.weinfreunde-vom-hellweg.de\/alex\/wordpress\/index.php?rest_route=\/wp\/v2\/pages\/3150","targetHints":{"allow":["GET"]}}],"collection":[{"href":"https:\/\/www.weinfreunde-vom-hellweg.de\/alex\/wordpress\/index.php?rest_route=\/wp\/v2\/pages"}],"about":[{"href":"https:\/\/www.weinfreunde-vom-hellweg.de\/alex\/wordpress\/index.php?rest_route=\/wp\/v2\/types\/page"}],"author":[{"embeddable":true,"href":"https:\/\/www.weinfreunde-vom-hellweg.de\/alex\/wordpress\/index.php?rest_route=\/wp\/v2\/users\/14"}],"replies":[{"embeddable":true,"href":"https:\/\/www.weinfreunde-vom-hellweg.de\/alex\/wordpress\/index.php?rest_route=%2Fwp%2Fv2%2Fcomments&post=3150"}],"version-history":[{"count":3,"href":"https:\/\/www.weinfreunde-vom-hellweg.de\/alex\/wordpress\/index.php?rest_route=\/wp\/v2\/pages\/3150\/revisions"}],"predecessor-version":[{"id":3173,"href":"https:\/\/www.weinfreunde-vom-hellweg.de\/alex\/wordpress\/index.php?rest_route=\/wp\/v2\/pages\/3150\/revisions\/3173"}],"up":[{"embeddable":true,"href":"https:\/\/www.weinfreunde-vom-hellweg.de\/alex\/wordpress\/index.php?rest_route=\/wp\/v2\/pages\/3055"}],"wp:attachment":[{"href":"https:\/\/www.weinfreunde-vom-hellweg.de\/alex\/wordpress\/index.php?rest_route=%2Fwp%2Fv2%2Fmedia&parent=3150"}],"curies":[{"name":"wp","href":"https:\/\/api.w.org\/{rel}","templated":true}]}}

<p>Donnerstag 21.11. 2013, 19.30 Uhr,&nbsp;im Kunstverein Unna</p>



<p>Ganz im Süden von Frankreich bis hin zur Grenze nach Spanien befindet sich das französische Anbaugebiet mit der unvorstellbar großen Produktionsmenge von 9 Mio. Hektolitern Wein pro Jahr. Nachdem viele Jahrzehnte lang die dort erzeugten Weine allenfalls als billige Landweine zum schnellen, unkomplizierten Konsum eine gewisse Marktbedeutung auch bei uns hatten, wandelte sich auch hier (wie aus anderen Teilen Frankreichs schon vorher bekannt) die Philosophie langsam aber stetig in Richtung Qualitätssteigerung. Da die Grundbedingungen besonders für kräftige Rotweine ideal sind (immerhin findet man genau in diesem Gebiet die weitaus meisten Sonnenstunden und die höchsten Temperaturen in ganz Frankreich), konnten zunehmend bemerkenswerte Ergebnisse erzielt werden.</p>



<p>Die Moderatoren Frank Schepp und Ralph Tegethoff werden an diesem Abend eine Auswahl von weißen (!) und roten Weinen präsentieren. Besonders bei den Rotweinen kommen dabei teilweise auch ältere Jahrgänge zur Verkostung, so dass das sehr gute Reifepotenzial „erschmeckt“ werden kann. Es sollte also für jeden Weinfreund etwas dabei sein!</p>



<p><a href="https://www.weinfreunde-vom-hellweg.de/alex/wordpress/wp-content/uploads/2024/11/2013-11-21-Weinliste.pdf" target="_blank" rel="noreferrer noopener">Weinliste</a> (PDF)</p>

<p>Donnerstag 21.11. 2013, 19.30 Uhr,&nbsp;im Kunstverein Unna Ganz im Süden von Frankreich bis hin zur Grenze nach Spanien befindet sich das französische Anbaugebiet mit der unvorstellbar großen Produktionsmenge von 9 Mio. Hektolitern Wein pro Jahr. Nachdem viele Jahrzehnte lang die &hellip; <a href="https://www.weinfreunde-vom-hellweg.de/alex/wordpress/?page_id=3150">Weiterlesen <span class="meta-nav">&rarr;</span></a></p>
