{"id":3196,"date":"2024-11-20T21:36:16","date_gmt":"2024-11-20T19:36:16","guid":{"rendered":"https:\/\/www.weinfreunde-vom-hellweg.de\/alex\/wordpress\/?page_id=3196"},"modified":"2024-11-21T16:27:56","modified_gmt":"2024-11-21T14:27:56","slug":"weintreff-mit-dorfidylle","status":"publish","type":"page","link":"https:\/\/www.weinfreunde-vom-hellweg.de\/alex\/wordpress\/?page_id=3196","title":{"rendered":"Weintreff mit Dorfidylle"},"content":{"rendered":"\n<p>Samstag, 14.06.2014, 15:00 Uhr Strickherdicke<\/p>\n\n\n\n<p>Das positive Echo unseres sommerlichen Weintreffs unter freiem Himmel am Bismarckturm hat uns befl\u00fcgelt, eine weitere Open Air Veranstaltung auszurichten.<\/p>\n\n\n\n<p>Die individuelle Anreise w\u00e4hlt jeder selbst. Eine kleine gef\u00fchrte Wanderung in der reizvollen Umgebung von Strickherdicke darf ebenso wenig fehlen wie ein kr\u00e4ftiges Picknick mit schmackhaften Weinen in landwirtschaftlicher Umgebung.<\/p>\n","protected":false},"excerpt":{"rendered":"<p>Samstag, 14.06.2014, 15:00 Uhr Strickherdicke Das positive Echo unseres sommerlichen Weintreffs unter freiem Himmel am Bismarckturm hat uns befl\u00fcgelt, eine weitere Open Air Veranstaltung auszurichten. Die individuelle Anreise w\u00e4hlt jeder selbst. Eine kleine gef\u00fchrte Wanderung in der reizvollen Umgebung von &hellip; <a href=\"https:\/\/www.weinfreunde-vom-hellweg.de\/alex\/wordpress\/?page_id=3196\">Weiterlesen <span class=\"meta-nav\">&rarr;<\/span><\/a><\/p>\n","protected":false},"author":14,"featured_media":0,"parent":3062,"menu_order":5,"comment_status":"closed","ping_status":"closed","template":"","meta":{"ngg_post_thumbnail":0,"footnotes":""},"class_list":["post-3196","page","type-page","status-publish","hentry"],"_links":{"self":[{"href":"https:\/\/www.weinfreunde-vom-hellweg.de\/alex\/wordpress\/index.php?rest_route=\/wp\/v2\/pages\/3196","targetHints":{"allow":["GET"]}}],"collection":[{"href":"https:\/\/www.weinfreunde-vom-hellweg.de\/alex\/wordpress\/index.php?rest_route=\/wp\/v2\/pages"}],"about":[{"href":"https:\/\/www.weinfreunde-vom-hellweg.de\/alex\/wordpress\/index.php?rest_route=\/wp\/v2\/types\/page"}],"author":[{"embeddable":true,"href":"https:\/\/www.weinfreunde-vom-hellweg.de\/alex\/wordpress\/index.php?rest_route=\/wp\/v2\/users\/14"}],"replies":[{"embeddable":true,"href":"https:\/\/www.weinfreunde-vom-hellweg.de\/alex\/wordpress\/index.php?rest_route=%2Fwp%2Fv2%2Fcomments&post=3196"}],"version-history":[{"count":3,"href":"https:\/\/www.weinfreunde-vom-hellweg.de\/alex\/wordpress\/index.php?rest_route=\/wp\/v2\/pages\/3196\/revisions"}],"predecessor-version":[{"id":3238,"href":"https:\/\/www.weinfreunde-vom-hellweg.de\/alex\/wordpress\/index.php?rest_route=\/wp\/v2\/pages\/3196\/revisions\/3238"}],"up":[{"embeddable":true,"href":"https:\/\/www.weinfreunde-vom-hellweg.de\/alex\/wordpress\/index.php?rest_route=\/wp\/v2\/pages\/3062"}],"wp:attachment":[{"href":"https:\/\/www.weinfreunde-vom-hellweg.de\/alex\/wordpress\/index.php?rest_route=%2Fwp%2Fv2%2Fmedia&parent=3196"}],"curies":[{"name":"wp","href":"https:\/\/api.w.org\/{rel}","templated":true}]}}

<p>Samstag, 14.06.2014, 15:00 Uhr Strickherdicke</p>



<p>Das positive Echo unseres sommerlichen Weintreffs unter freiem Himmel am Bismarckturm hat uns beflügelt, eine weitere Open Air Veranstaltung auszurichten.</p>



<p>Die individuelle Anreise wählt jeder selbst. Eine kleine geführte Wanderung in der reizvollen Umgebung von Strickherdicke darf ebenso wenig fehlen wie ein kräftiges Picknick mit schmackhaften Weinen in landwirtschaftlicher Umgebung.</p>

<p>Samstag, 14.06.2014, 15:00 Uhr Strickherdicke Das positive Echo unseres sommerlichen Weintreffs unter freiem Himmel am Bismarckturm hat uns beflügelt, eine weitere Open Air Veranstaltung auszurichten. Die individuelle Anreise wählt jeder selbst. Eine kleine geführte Wanderung in der reizvollen Umgebung von &hellip; <a href="https://www.weinfreunde-vom-hellweg.de/alex/wordpress/?page_id=3196">Weiterlesen <span class="meta-nav">&rarr;</span></a></p>
