{"id":3208,"date":"2024-11-20T21:42:15","date_gmt":"2024-11-20T19:42:15","guid":{"rendered":"https:\/\/www.weinfreunde-vom-hellweg.de\/alex\/wordpress\/?page_id=3208"},"modified":"2024-11-21T17:01:15","modified_gmt":"2024-11-21T15:01:15","slug":"spanische-reminiszenzen","status":"publish","type":"page","link":"https:\/\/www.weinfreunde-vom-hellweg.de\/alex\/wordpress\/?page_id=3208","title":{"rendered":"Spanische Reminiszenzen"},"content":{"rendered":"\n<p>Donnerstag, 20.11.2014, 19:30 Uhr im Kunstverein Unna<\/p>\n\n\n\n<p>Wurden hier den Weinfreunden in der Vergangenheit bereits etliche spanische Besonderheiten zur Verkostung pr\u00e4sentiert, so soll dies heuer um einige weitere Erkenntnisse bereichert werden. Navarra, Rueda, Alicante, Mallorca, Rioja, LaMancha, Ribera del Duero und M\u00e4laga sind nur sieben von \u00fcber 35 spanischen Weinanbaugebieten und dazu nicht unbedingt alle exemplarisch f\u00fcr das Land zu nennen. Aber die getroffene Auswahl der Weine aus diesen Regionen mit ihren vorwiegend autochthonen Rebsorten wie Viura, Verdejo, Monastrell, Manto Negro, Tempranillo und Muscat d&#8217;Alexandrie werden einen durchaus ansehnlichen Querschnitt spanischer Weine repr\u00e4sentieren die der dort mittlerweile modernisierte Weinbau zu bieten hat. Noch bis in die j\u00fcngere Vergangenheit war Spanien der gr\u00f6\u00dfte Lieferant vorwiegend billiger Verschnittweine. Mit dem Beitritt zur Europ\u00e4ischen Union wandelte sich dann langsam der Anspruch der meisten Hersteller und so erfolgte auch dort ein Wandel zu besseren Weinqualit\u00e4ten. Die Probe umfasst eine Auswahl von Weinen mit ausgewogenem Preis-Leistungs-Verh\u00e4ltnis.<\/p>\n\n\n\n<p>Moderation: Peter Schampera<\/p>\n\n\n\n<p><a href=\"https:\/\/www.weinfreunde-vom-hellweg.de\/alex\/wordpress\/wp-content\/uploads\/2024\/11\/2014-11-20-Weinbewertung-Spanische-Reminiszensen.pdf\" target=\"_blank\" rel=\"noreferrer noopener\">Weinbewertung<\/a> (PDF)<\/p>\n","protected":false},"excerpt":{"rendered":"<p>Donnerstag, 20.11.2014, 19:30 Uhr im Kunstverein Unna Wurden hier den Weinfreunden in der Vergangenheit bereits etliche spanische Besonderheiten zur Verkostung pr\u00e4sentiert, so soll dies heuer um einige weitere Erkenntnisse bereichert werden. Navarra, Rueda, Alicante, Mallorca, Rioja, LaMancha, Ribera del Duero &hellip; <a href=\"https:\/\/www.weinfreunde-vom-hellweg.de\/alex\/wordpress\/?page_id=3208\">Weiterlesen <span class=\"meta-nav\">&rarr;<\/span><\/a><\/p>\n","protected":false},"author":14,"featured_media":0,"parent":3062,"menu_order":14,"comment_status":"closed","ping_status":"closed","template":"","meta":{"ngg_post_thumbnail":0,"footnotes":""},"class_list":["post-3208","page","type-page","status-publish","hentry"],"_links":{"self":[{"href":"https:\/\/www.weinfreunde-vom-hellweg.de\/alex\/wordpress\/index.php?rest_route=\/wp\/v2\/pages\/3208","targetHints":{"allow":["GET"]}}],"collection":[{"href":"https:\/\/www.weinfreunde-vom-hellweg.de\/alex\/wordpress\/index.php?rest_route=\/wp\/v2\/pages"}],"about":[{"href":"https:\/\/www.weinfreunde-vom-hellweg.de\/alex\/wordpress\/index.php?rest_route=\/wp\/v2\/types\/page"}],"author":[{"embeddable":true,"href":"https:\/\/www.weinfreunde-vom-hellweg.de\/alex\/wordpress\/index.php?rest_route=\/wp\/v2\/users\/14"}],"replies":[{"embeddable":true,"href":"https:\/\/www.weinfreunde-vom-hellweg.de\/alex\/wordpress\/index.php?rest_route=%2Fwp%2Fv2%2Fcomments&post=3208"}],"version-history":[{"count":4,"href":"https:\/\/www.weinfreunde-vom-hellweg.de\/alex\/wordpress\/index.php?rest_route=\/wp\/v2\/pages\/3208\/revisions"}],"predecessor-version":[{"id":3265,"href":"https:\/\/www.weinfreunde-vom-hellweg.de\/alex\/wordpress\/index.php?rest_route=\/wp\/v2\/pages\/3208\/revisions\/3265"}],"up":[{"embeddable":true,"href":"https:\/\/www.weinfreunde-vom-hellweg.de\/alex\/wordpress\/index.php?rest_route=\/wp\/v2\/pages\/3062"}],"wp:attachment":[{"href":"https:\/\/www.weinfreunde-vom-hellweg.de\/alex\/wordpress\/index.php?rest_route=%2Fwp%2Fv2%2Fmedia&parent=3208"}],"curies":[{"name":"wp","href":"https:\/\/api.w.org\/{rel}","templated":true}]}}

<p>Donnerstag, 20.11.2014, 19:30 Uhr im Kunstverein Unna</p>



<p>Wurden hier den Weinfreunden in der Vergangenheit bereits etliche spanische Besonderheiten zur Verkostung präsentiert, so soll dies heuer um einige weitere Erkenntnisse bereichert werden. Navarra, Rueda, Alicante, Mallorca, Rioja, LaMancha, Ribera del Duero und Mälaga sind nur sieben von über 35 spanischen Weinanbaugebieten und dazu nicht unbedingt alle exemplarisch für das Land zu nennen. Aber die getroffene Auswahl der Weine aus diesen Regionen mit ihren vorwiegend autochthonen Rebsorten wie Viura, Verdejo, Monastrell, Manto Negro, Tempranillo und Muscat d&#8217;Alexandrie werden einen durchaus ansehnlichen Querschnitt spanischer Weine repräsentieren die der dort mittlerweile modernisierte Weinbau zu bieten hat. Noch bis in die jüngere Vergangenheit war Spanien der größte Lieferant vorwiegend billiger Verschnittweine. Mit dem Beitritt zur Europäischen Union wandelte sich dann langsam der Anspruch der meisten Hersteller und so erfolgte auch dort ein Wandel zu besseren Weinqualitäten. Die Probe umfasst eine Auswahl von Weinen mit ausgewogenem Preis-Leistungs-Verhältnis.</p>



<p>Moderation: Peter Schampera</p>



<p><a href="https://www.weinfreunde-vom-hellweg.de/alex/wordpress/wp-content/uploads/2024/11/2014-11-20-Weinbewertung-Spanische-Reminiszensen.pdf" target="_blank" rel="noreferrer noopener">Weinbewertung</a> (PDF)</p>

<p>Donnerstag, 20.11.2014, 19:30 Uhr im Kunstverein Unna Wurden hier den Weinfreunden in der Vergangenheit bereits etliche spanische Besonderheiten zur Verkostung präsentiert, so soll dies heuer um einige weitere Erkenntnisse bereichert werden. Navarra, Rueda, Alicante, Mallorca, Rioja, LaMancha, Ribera del Duero &hellip; <a href="https://www.weinfreunde-vom-hellweg.de/alex/wordpress/?page_id=3208">Weiterlesen <span class="meta-nav">&rarr;</span></a></p>
