{"id":3230,"date":"2024-11-20T22:10:50","date_gmt":"2024-11-20T20:10:50","guid":{"rendered":"https:\/\/www.weinfreunde-vom-hellweg.de\/alex\/wordpress\/?page_id=3230"},"modified":"2025-01-02T21:16:17","modified_gmt":"2025-01-02T20:16:17","slug":"veranstaltungen-2011","status":"publish","type":"page","link":"https:\/\/www.weinfreunde-vom-hellweg.de\/alex\/wordpress\/?page_id=3230","title":{"rendered":"Veranstaltungen 2011"},"content":{"rendered":"\n<hr class=\"wp-block-separator aligncenter has-alpha-channel-opacity is-style-wide\"\/>\n\n\n\n<div class=\"wp-block-columns are-vertically-aligned-center has-small-font-size is-layout-flex wp-container-core-columns-is-layout-9d6595d7 wp-block-columns-is-layout-flex\">\n<div class=\"wp-block-column is-vertically-aligned-center has-medium-font-size is-layout-flow wp-block-column-is-layout-flow\" style=\"flex-basis:45%\">\n<p class=\"has-text-align-left\" style=\"font-size:16px\">Donnerstag 17.02.2011, 19:30 Uhr<br><\/p>\n<\/div>\n\n\n\n<div class=\"wp-block-column is-vertically-aligned-center is-layout-flow wp-block-column-is-layout-flow\" style=\"flex-basis:55%\">\n<p class=\"has-text-align-left has-medium-font-size\"><strong>Weinseminar mit<\/strong><br><strong>Christoph R\u00f6sner<\/strong><\/p>\n<\/div>\n<\/div>\n\n\n\n<hr class=\"wp-block-separator aligncenter has-alpha-channel-opacity is-style-wide\"\/>\n\n\n\n<div class=\"wp-block-columns are-vertically-aligned-center has-small-font-size is-layout-flex wp-container-core-columns-is-layout-9d6595d7 wp-block-columns-is-layout-flex\">\n<div class=\"wp-block-column is-vertically-aligned-center has-medium-font-size is-layout-flow wp-block-column-is-layout-flow\" style=\"flex-basis:45%\">\n<p class=\"has-text-align-left\" style=\"font-size:16px\">Donnerstag 17.03.2011, 19:30 Uhr<br><\/p>\n<\/div>\n\n\n\n<div class=\"wp-block-column is-vertically-aligned-center is-layout-flow wp-block-column-is-layout-flow\" style=\"flex-basis:55%\">\n<p class=\"has-text-align-left has-medium-font-size\"><strong>Bordeaux<\/strong><\/p>\n<\/div>\n<\/div>\n\n\n\n<hr class=\"wp-block-separator aligncenter has-alpha-channel-opacity is-style-wide\"\/>\n\n\n\n<div class=\"wp-block-columns are-vertically-aligned-center has-small-font-size is-layout-flex wp-container-core-columns-is-layout-9d6595d7 wp-block-columns-is-layout-flex\">\n<div class=\"wp-block-column is-vertically-aligned-center has-medium-font-size is-layout-flow wp-block-column-is-layout-flow\" style=\"flex-basis:45%\">\n<p class=\"has-text-align-left\" style=\"font-size:16px\">Donnerstag 14.04.2011, 19:30 Uhr<br>Kunstverein Unna<\/p>\n<\/div>\n\n\n\n<div class=\"wp-block-column is-vertically-aligned-center is-layout-flow wp-block-column-is-layout-flow\" style=\"flex-basis:55%\">\n<p class=\"has-text-align-left has-medium-font-size\"><strong>Das deutsche und<\/strong><br><strong>europ\u00e4ische Weinrecht<\/strong><\/p>\n<\/div>\n<\/div>\n\n\n\n<hr class=\"wp-block-separator aligncenter has-alpha-channel-opacity is-style-wide\"\/>\n\n\n\n<div class=\"wp-block-columns are-vertically-aligned-center has-small-font-size is-layout-flex wp-container-core-columns-is-layout-9d6595d7 wp-block-columns-is-layout-flex\">\n<div class=\"wp-block-column is-vertically-aligned-center has-medium-font-size is-layout-flow wp-block-column-is-layout-flow\" style=\"flex-basis:45%\">\n<p class=\"has-text-align-left\" style=\"font-size:16px\">Freitag, 29.04.2011<br>bis Mittwoch, 04.05.2011<\/p>\n<\/div>\n\n\n\n<div class=\"wp-block-column is-vertically-aligned-center is-layout-flow wp-block-column-is-layout-flow\" style=\"flex-basis:55%\">\n<p class=\"has-text-align-left has-medium-font-size\"><strong>Weinreise Saale-Unstrut<\/strong><\/p>\n<\/div>\n<\/div>\n\n\n\n<hr class=\"wp-block-separator aligncenter has-alpha-channel-opacity is-style-wide\"\/>\n\n\n\n<p>F\u00fcr das erste Halbjahr 2011 fehlen Daten. Wer hat noch das Veranstaltungsprogramm f\u00fcr dieses Halbjahr?<\/p>\n\n\n\n<hr class=\"wp-block-separator aligncenter has-alpha-channel-opacity is-style-wide\"\/>\n\n\n\n<div class=\"wp-block-columns are-vertically-aligned-center has-small-font-size is-layout-flex wp-container-core-columns-is-layout-9d6595d7 wp-block-columns-is-layout-flex\">\n<div class=\"wp-block-column is-vertically-aligned-center has-medium-font-size is-layout-flow wp-block-column-is-layout-flow\" style=\"flex-basis:45%\">\n<p class=\"has-text-align-left\" style=\"font-size:16px\">Donnerstag, 07.07.2011, 19:30 Uhr<br>Kunstverein Unna<\/p>\n<\/div>\n\n\n\n<div class=\"wp-block-column is-vertically-aligned-center is-layout-flow wp-block-column-is-layout-flow\" style=\"flex-basis:55%\">\n<p class=\"has-text-align-left has-medium-font-size\"><strong><strong>Mitgliederversammlung<\/strong><\/strong><\/p>\n<\/div>\n<\/div>\n\n\n\n<hr class=\"wp-block-separator aligncenter has-alpha-channel-opacity is-style-wide\"\/>\n\n\n\n<div class=\"wp-block-columns are-vertically-aligned-center has-small-font-size is-layout-flex wp-container-core-columns-is-layout-9d6595d7 wp-block-columns-is-layout-flex\">\n<div class=\"wp-block-column is-vertically-aligned-center has-medium-font-size is-layout-flow wp-block-column-is-layout-flow\" style=\"flex-basis:45%\">\n<p class=\"has-text-align-left\" style=\"font-size:16px\">Donnerstag, 04.08.2011, 19:30 Uhr<br>Kunstverein Unna<\/p>\n<\/div>\n\n\n\n<div class=\"wp-block-column is-vertically-aligned-center is-layout-flow wp-block-column-is-layout-flow\" style=\"flex-basis:55%\">\n<p class=\"has-text-align-left has-medium-font-size\"><a href=\"https:\/\/www.weinfreunde-vom-hellweg.de\/alex\/wordpress\/?page_id=5150\" target=\"_blank\" rel=\"noreferrer noopener\"><strong><strong><strong>Riesling &#8211; weltweit<\/strong><\/strong><\/strong><br><strong><strong><strong>wertvollste Wei\u00dfweintraube<\/strong><\/strong><\/strong><\/a><\/p>\n<\/div>\n<\/div>\n\n\n\n<hr class=\"wp-block-separator aligncenter has-alpha-channel-opacity is-style-wide\"\/>\n\n\n\n<div class=\"wp-block-columns are-vertically-aligned-center has-small-font-size is-layout-flex wp-container-core-columns-is-layout-9d6595d7 wp-block-columns-is-layout-flex\">\n<div class=\"wp-block-column is-vertically-aligned-center has-medium-font-size is-layout-flow wp-block-column-is-layout-flow\" style=\"flex-basis:45%\">\n<p class=\"has-text-align-left\" style=\"font-size:16px\">Samstag, 10.09.2011<br>bis Sonntag 11.09.2011<\/p>\n<\/div>\n\n\n\n<div class=\"wp-block-column is-vertically-aligned-center is-layout-flow wp-block-column-is-layout-flow\" style=\"flex-basis:55%\">\n<p class=\"has-text-align-left has-medium-font-size\"><strong><a href=\"https:\/\/www.weinfreunde-vom-hellweg.de\/alex\/wordpress\/?page_id=5156\" target=\"_blank\" rel=\"noreferrer noopener\">Studienfahrt L\u00fcbeck und Bremen<\/a><\/strong><\/p>\n<\/div>\n<\/div>\n\n\n\n<hr class=\"wp-block-separator aligncenter has-alpha-channel-opacity is-style-wide\"\/>\n\n\n\n<div class=\"wp-block-columns are-vertically-aligned-center has-small-font-size is-layout-flex wp-container-core-columns-is-layout-9d6595d7 wp-block-columns-is-layout-flex\">\n<div class=\"wp-block-column is-vertically-aligned-center has-medium-font-size is-layout-flow wp-block-column-is-layout-flow\" style=\"flex-basis:45%\">\n<p class=\"has-text-align-left\" style=\"font-size:16px\">Samstag, 24.09.2011<br>bis Samstag 01.10.2011<\/p>\n<\/div>\n\n\n\n<div class=\"wp-block-column is-vertically-aligned-center is-layout-flow wp-block-column-is-layout-flow\" style=\"flex-basis:55%\">\n<p class=\"has-text-align-left has-medium-font-size\"><strong><strong>Wein- und Kulturreise<\/strong><\/strong><br><strong><strong>in die Emilia Romagna<\/strong><\/strong><\/p>\n<\/div>\n<\/div>\n\n\n\n<hr class=\"wp-block-separator aligncenter has-alpha-channel-opacity is-style-wide\"\/>\n\n\n\n<div class=\"wp-block-columns are-vertically-aligned-center has-small-font-size is-layout-flex wp-container-core-columns-is-layout-9d6595d7 wp-block-columns-is-layout-flex\">\n<div class=\"wp-block-column is-vertically-aligned-center has-medium-font-size is-layout-flow wp-block-column-is-layout-flow\" style=\"flex-basis:45%\">\n<p class=\"has-text-align-left\" style=\"font-size:16px\">Donnerstag, 10.11.2011, 19:30 Uhr<br>Kunstverein Unna<\/p>\n<\/div>\n\n\n\n<div class=\"wp-block-column is-vertically-aligned-center is-layout-flow wp-block-column-is-layout-flow\" style=\"flex-basis:55%\">\n<p class=\"has-text-align-left has-medium-font-size\"><strong><a href=\"https:\/\/www.weinfreunde-vom-hellweg.de\/alex\/wordpress\/?page_id=5160\" target=\"_blank\" rel=\"noreferrer noopener\">K\u00e4sespezialit\u00e4ten und Wein<\/a><\/strong><\/p>\n<\/div>\n<\/div>\n\n\n\n<hr class=\"wp-block-separator aligncenter has-alpha-channel-opacity is-style-wide\"\/>\n\n\n\n<div class=\"wp-block-columns are-vertically-aligned-center has-small-font-size is-layout-flex wp-container-core-columns-is-layout-9d6595d7 wp-block-columns-is-layout-flex\">\n<div class=\"wp-block-column is-vertically-aligned-center has-medium-font-size is-layout-flow wp-block-column-is-layout-flow\" style=\"flex-basis:45%\">\n<p class=\"has-text-align-left\" style=\"font-size:16px\">Donnerstag, 02.12.2011, 19:30 Uhr<br>Kunstverein Unna<\/p>\n<\/div>\n\n\n\n<div class=\"wp-block-column is-vertically-aligned-center is-layout-flow wp-block-column-is-layout-flow\" style=\"flex-basis:55%\">\n<p class=\"has-text-align-left has-medium-font-size\"><strong><strong>Weingala<\/strong><\/strong><\/p>\n<\/div>\n<\/div>\n\n\n\n<hr class=\"wp-block-separator aligncenter has-alpha-channel-opacity is-style-wide\"\/>\n","protected":false},"excerpt":{"rendered":"<p>Donnerstag 17.02.2011, 19:30 Uhr Weinseminar mitChristoph R\u00f6sner Donnerstag 17.03.2011, 19:30 Uhr Bordeaux Donnerstag 14.04.2011, 19:30 UhrKunstverein Unna Das deutsche undeurop\u00e4ische Weinrecht Freitag, 29.04.2011bis Mittwoch, 04.05.2011 Weinreise Saale-Unstrut F\u00fcr das erste Halbjahr 2011 fehlen Daten. Wer hat noch das Veranstaltungsprogramm f\u00fcr &hellip; <a href=\"https:\/\/www.weinfreunde-vom-hellweg.de\/alex\/wordpress\/?page_id=3230\">Weiterlesen <span class=\"meta-nav\">&rarr;<\/span><\/a><\/p>\n","protected":false},"author":14,"featured_media":0,"parent":2957,"menu_order":2011,"comment_status":"closed","ping_status":"closed","template":"","meta":{"ngg_post_thumbnail":0,"footnotes":""},"class_list":["post-3230","page","type-page","status-publish","hentry"],"_links":{"self":[{"href":"https:\/\/www.weinfreunde-vom-hellweg.de\/alex\/wordpress\/index.php?rest_route=\/wp\/v2\/pages\/3230","targetHints":{"allow":["GET"]}}],"collection":[{"href":"https:\/\/www.weinfreunde-vom-hellweg.de\/alex\/wordpress\/index.php?rest_route=\/wp\/v2\/pages"}],"about":[{"href":"https:\/\/www.weinfreunde-vom-hellweg.de\/alex\/wordpress\/index.php?rest_route=\/wp\/v2\/types\/page"}],"author":[{"embeddable":true,"href":"https:\/\/www.weinfreunde-vom-hellweg.de\/alex\/wordpress\/index.php?rest_route=\/wp\/v2\/users\/14"}],"replies":[{"embeddable":true,"href":"https:\/\/www.weinfreunde-vom-hellweg.de\/alex\/wordpress\/index.php?rest_route=%2Fwp%2Fv2%2Fcomments&post=3230"}],"version-history":[{"count":10,"href":"https:\/\/www.weinfreunde-vom-hellweg.de\/alex\/wordpress\/index.php?rest_route=\/wp\/v2\/pages\/3230\/revisions"}],"predecessor-version":[{"id":5162,"href":"https:\/\/www.weinfreunde-vom-hellweg.de\/alex\/wordpress\/index.php?rest_route=\/wp\/v2\/pages\/3230\/revisions\/5162"}],"up":[{"embeddable":true,"href":"https:\/\/www.weinfreunde-vom-hellweg.de\/alex\/wordpress\/index.php?rest_route=\/wp\/v2\/pages\/2957"}],"wp:attachment":[{"href":"https:\/\/www.weinfreunde-vom-hellweg.de\/alex\/wordpress\/index.php?rest_route=%2Fwp%2Fv2%2Fmedia&parent=3230"}],"curies":[{"name":"wp","href":"https:\/\/api.w.org\/{rel}","templated":true}]}}

<hr class="wp-block-separator aligncenter has-alpha-channel-opacity is-style-wide"/>



<div class="wp-block-columns are-vertically-aligned-center has-small-font-size is-layout-flex wp-container-core-columns-is-layout-9d6595d7 wp-block-columns-is-layout-flex">
<div class="wp-block-column is-vertically-aligned-center has-medium-font-size is-layout-flow wp-block-column-is-layout-flow" style="flex-basis:45%">
<p class="has-text-align-left" style="font-size:16px">Donnerstag 17.02.2011, 19:30 Uhr<br></p>
</div>



<div class="wp-block-column is-vertically-aligned-center is-layout-flow wp-block-column-is-layout-flow" style="flex-basis:55%">
<p class="has-text-align-left has-medium-font-size"><strong>Weinseminar mit</strong><br><strong>Christoph Rösner</strong></p>
</div>
</div>



<hr class="wp-block-separator aligncenter has-alpha-channel-opacity is-style-wide"/>



<div class="wp-block-columns are-vertically-aligned-center has-small-font-size is-layout-flex wp-container-core-columns-is-layout-9d6595d7 wp-block-columns-is-layout-flex">
<div class="wp-block-column is-vertically-aligned-center has-medium-font-size is-layout-flow wp-block-column-is-layout-flow" style="flex-basis:45%">
<p class="has-text-align-left" style="font-size:16px">Donnerstag 17.03.2011, 19:30 Uhr<br></p>
</div>



<div class="wp-block-column is-vertically-aligned-center is-layout-flow wp-block-column-is-layout-flow" style="flex-basis:55%">
<p class="has-text-align-left has-medium-font-size"><strong>Bordeaux</strong></p>
</div>
</div>



<hr class="wp-block-separator aligncenter has-alpha-channel-opacity is-style-wide"/>



<div class="wp-block-columns are-vertically-aligned-center has-small-font-size is-layout-flex wp-container-core-columns-is-layout-9d6595d7 wp-block-columns-is-layout-flex">
<div class="wp-block-column is-vertically-aligned-center has-medium-font-size is-layout-flow wp-block-column-is-layout-flow" style="flex-basis:45%">
<p class="has-text-align-left" style="font-size:16px">Donnerstag 14.04.2011, 19:30 Uhr<br>Kunstverein Unna</p>
</div>



<div class="wp-block-column is-vertically-aligned-center is-layout-flow wp-block-column-is-layout-flow" style="flex-basis:55%">
<p class="has-text-align-left has-medium-font-size"><strong>Das deutsche und</strong><br><strong>europäische Weinrecht</strong></p>
</div>
</div>



<hr class="wp-block-separator aligncenter has-alpha-channel-opacity is-style-wide"/>



<div class="wp-block-columns are-vertically-aligned-center has-small-font-size is-layout-flex wp-container-core-columns-is-layout-9d6595d7 wp-block-columns-is-layout-flex">
<div class="wp-block-column is-vertically-aligned-center has-medium-font-size is-layout-flow wp-block-column-is-layout-flow" style="flex-basis:45%">
<p class="has-text-align-left" style="font-size:16px">Freitag, 29.04.2011<br>bis Mittwoch, 04.05.2011</p>
</div>



<div class="wp-block-column is-vertically-aligned-center is-layout-flow wp-block-column-is-layout-flow" style="flex-basis:55%">
<p class="has-text-align-left has-medium-font-size"><strong>Weinreise Saale-Unstrut</strong></p>
</div>
</div>



<hr class="wp-block-separator aligncenter has-alpha-channel-opacity is-style-wide"/>



<p>Für das erste Halbjahr 2011 fehlen Daten. Wer hat noch das Veranstaltungsprogramm für dieses Halbjahr?</p>



<hr class="wp-block-separator aligncenter has-alpha-channel-opacity is-style-wide"/>



<div class="wp-block-columns are-vertically-aligned-center has-small-font-size is-layout-flex wp-container-core-columns-is-layout-9d6595d7 wp-block-columns-is-layout-flex">
<div class="wp-block-column is-vertically-aligned-center has-medium-font-size is-layout-flow wp-block-column-is-layout-flow" style="flex-basis:45%">
<p class="has-text-align-left" style="font-size:16px">Donnerstag, 07.07.2011, 19:30 Uhr<br>Kunstverein Unna</p>
</div>



<div class="wp-block-column is-vertically-aligned-center is-layout-flow wp-block-column-is-layout-flow" style="flex-basis:55%">
<p class="has-text-align-left has-medium-font-size"><strong><strong>Mitgliederversammlung</strong></strong></p>
</div>
</div>



<hr class="wp-block-separator aligncenter has-alpha-channel-opacity is-style-wide"/>



<div class="wp-block-columns are-vertically-aligned-center has-small-font-size is-layout-flex wp-container-core-columns-is-layout-9d6595d7 wp-block-columns-is-layout-flex">
<div class="wp-block-column is-vertically-aligned-center has-medium-font-size is-layout-flow wp-block-column-is-layout-flow" style="flex-basis:45%">
<p class="has-text-align-left" style="font-size:16px">Donnerstag, 04.08.2011, 19:30 Uhr<br>Kunstverein Unna</p>
</div>



<div class="wp-block-column is-vertically-aligned-center is-layout-flow wp-block-column-is-layout-flow" style="flex-basis:55%">
<p class="has-text-align-left has-medium-font-size"><a href="https://www.weinfreunde-vom-hellweg.de/alex/wordpress/?page_id=5150" target="_blank" rel="noreferrer noopener"><strong><strong><strong>Riesling &#8211; weltweit</strong></strong></strong><br><strong><strong><strong>wertvollste Weißweintraube</strong></strong></strong></a></p>
</div>
</div>



<hr class="wp-block-separator aligncenter has-alpha-channel-opacity is-style-wide"/>



<div class="wp-block-columns are-vertically-aligned-center has-small-font-size is-layout-flex wp-container-core-columns-is-layout-9d6595d7 wp-block-columns-is-layout-flex">
<div class="wp-block-column is-vertically-aligned-center has-medium-font-size is-layout-flow wp-block-column-is-layout-flow" style="flex-basis:45%">
<p class="has-text-align-left" style="font-size:16px">Samstag, 10.09.2011<br>bis Sonntag 11.09.2011</p>
</div>



<div class="wp-block-column is-vertically-aligned-center is-layout-flow wp-block-column-is-layout-flow" style="flex-basis:55%">
<p class="has-text-align-left has-medium-font-size"><strong><a href="https://www.weinfreunde-vom-hellweg.de/alex/wordpress/?page_id=5156" target="_blank" rel="noreferrer noopener">Studienfahrt Lübeck und Bremen</a></strong></p>
</div>
</div>



<hr class="wp-block-separator aligncenter has-alpha-channel-opacity is-style-wide"/>



<div class="wp-block-columns are-vertically-aligned-center has-small-font-size is-layout-flex wp-container-core-columns-is-layout-9d6595d7 wp-block-columns-is-layout-flex">
<div class="wp-block-column is-vertically-aligned-center has-medium-font-size is-layout-flow wp-block-column-is-layout-flow" style="flex-basis:45%">
<p class="has-text-align-left" style="font-size:16px">Samstag, 24.09.2011<br>bis Samstag 01.10.2011</p>
</div>



<div class="wp-block-column is-vertically-aligned-center is-layout-flow wp-block-column-is-layout-flow" style="flex-basis:55%">
<p class="has-text-align-left has-medium-font-size"><strong><strong>Wein- und Kulturreise</strong></strong><br><strong><strong>in die Emilia Romagna</strong></strong></p>
</div>
</div>



<hr class="wp-block-separator aligncenter has-alpha-channel-opacity is-style-wide"/>



<div class="wp-block-columns are-vertically-aligned-center has-small-font-size is-layout-flex wp-container-core-columns-is-layout-9d6595d7 wp-block-columns-is-layout-flex">
<div class="wp-block-column is-vertically-aligned-center has-medium-font-size is-layout-flow wp-block-column-is-layout-flow" style="flex-basis:45%">
<p class="has-text-align-left" style="font-size:16px">Donnerstag, 10.11.2011, 19:30 Uhr<br>Kunstverein Unna</p>
</div>



<div class="wp-block-column is-vertically-aligned-center is-layout-flow wp-block-column-is-layout-flow" style="flex-basis:55%">
<p class="has-text-align-left has-medium-font-size"><strong><a href="https://www.weinfreunde-vom-hellweg.de/alex/wordpress/?page_id=5160" target="_blank" rel="noreferrer noopener">Käsespezialitäten und Wein</a></strong></p>
</div>
</div>



<hr class="wp-block-separator aligncenter has-alpha-channel-opacity is-style-wide"/>



<div class="wp-block-columns are-vertically-aligned-center has-small-font-size is-layout-flex wp-container-core-columns-is-layout-9d6595d7 wp-block-columns-is-layout-flex">
<div class="wp-block-column is-vertically-aligned-center has-medium-font-size is-layout-flow wp-block-column-is-layout-flow" style="flex-basis:45%">
<p class="has-text-align-left" style="font-size:16px">Donnerstag, 02.12.2011, 19:30 Uhr<br>Kunstverein Unna</p>
</div>



<div class="wp-block-column is-vertically-aligned-center is-layout-flow wp-block-column-is-layout-flow" style="flex-basis:55%">
<p class="has-text-align-left has-medium-font-size"><strong><strong>Weingala</strong></strong></p>
</div>
</div>



<hr class="wp-block-separator aligncenter has-alpha-channel-opacity is-style-wide"/>

<p>Donnerstag 17.02.2011, 19:30 Uhr Weinseminar mitChristoph Rösner Donnerstag 17.03.2011, 19:30 Uhr Bordeaux Donnerstag 14.04.2011, 19:30 UhrKunstverein Unna Das deutsche undeuropäische Weinrecht Freitag, 29.04.2011bis Mittwoch, 04.05.2011 Weinreise Saale-Unstrut Für das erste Halbjahr 2011 fehlen Daten. Wer hat noch das Veranstaltungsprogramm für &hellip; <a href="https://www.weinfreunde-vom-hellweg.de/alex/wordpress/?page_id=3230">Weiterlesen <span class="meta-nav">&rarr;</span></a></p>
