{"id":3367,"date":"2024-11-23T19:02:27","date_gmt":"2024-11-23T17:02:27","guid":{"rendered":"https:\/\/www.weinfreunde-vom-hellweg.de\/alex\/wordpress\/?page_id=3367"},"modified":"2024-11-23T19:23:42","modified_gmt":"2024-11-23T17:23:42","slug":"literatur-trifft-politik-und-wein","status":"publish","type":"page","link":"https:\/\/www.weinfreunde-vom-hellweg.de\/alex\/wordpress\/?page_id=3367","title":{"rendered":"Literatur trifft Politik und Wein"},"content":{"rendered":"\n<p>Freitag, 22.11.2024 um 19 Uhr im Atelier der Lindenbrauerei in Unna<\/p>\n\n\n\n<p>Die letzte Veranstaltung der Weinfreunde am Hellweg in diesem Jahr bietet die seltene Gelegenheit, einen Bundestagsabgeordneten mal live und ganz nah zu erleben.<br>Michael Sacher, uns allen bekannt als Unnaer Buchh\u00e4ndler, berichtet aus seinem politischen Alltag in Berlin (plaudert quasi aus dem N\u00e4hk\u00e4stchen) und stellt uns Literaturausz\u00fcge vor, die einen Bezug zur politischen Entwicklung in Deutschland haben. Und was der Wein dabei f\u00fcr eine Rolle spielt, ist eine der sehr spannenden Fragen dieses Abends. Auch auf Fragen aus unserer Runde geht Herr Sacher ein.<\/p>\n\n\n\n<div class=\"wp-block-columns is-layout-flex wp-container-core-columns-is-layout-9d6595d7 wp-block-columns-is-layout-flex\">\n<div class=\"wp-block-column is-layout-flow wp-block-column-is-layout-flow\">\n<p>Die Moderation \u00fcbernimmt Hermann Bley, der auch die passenden Weine zum Thema aussucht und vorstellt. Wir freuen uns auf einen hochinteressanten Abend bei leckeren Weinen und kleinen kulinarischen Leckerbissen, die ebenfalls einen Bezug zu Berlin haben werden.<\/p>\n<\/div>\n\n\n\n<div class=\"wp-block-column is-layout-flow wp-block-column-is-layout-flow\">\n<figure class=\"wp-block-image size-large\"><a href=\"https:\/\/www.weinfreunde-vom-hellweg.de\/alex\/wordpress\/wp-content\/uploads\/2024\/11\/2024-11-22-Gruppenbild.jpg\"><img loading=\"lazy\" decoding=\"async\" width=\"1024\" height=\"650\" src=\"https:\/\/www.weinfreunde-vom-hellweg.de\/alex\/wordpress\/wp-content\/uploads\/2024\/11\/2024-11-22-Gruppenbild-1024x650.jpg\" alt=\"\" class=\"wp-image-3374\" srcset=\"https:\/\/www.weinfreunde-vom-hellweg.de\/alex\/wordpress\/wp-content\/uploads\/2024\/11\/2024-11-22-Gruppenbild-1024x650.jpg 1024w, https:\/\/www.weinfreunde-vom-hellweg.de\/alex\/wordpress\/wp-content\/uploads\/2024\/11\/2024-11-22-Gruppenbild-300x190.jpg 300w, https:\/\/www.weinfreunde-vom-hellweg.de\/alex\/wordpress\/wp-content\/uploads\/2024\/11\/2024-11-22-Gruppenbild-768x487.jpg 768w, https:\/\/www.weinfreunde-vom-hellweg.de\/alex\/wordpress\/wp-content\/uploads\/2024\/11\/2024-11-22-Gruppenbild.jpg 1072w\" sizes=\"auto, (max-width: 1024px) 100vw, 1024px\" \/><\/a><\/figure>\n<\/div>\n<\/div>\n\n\n\n<p><a href=\"https:\/\/www.weinfreunde-vom-hellweg.de\/alex\/wordpress\/wp-content\/uploads\/2024\/11\/2024-11-22-Weinliste.pdf\" target=\"_blank\" rel=\"noreferrer noopener\">Weinliste<\/a> (PDF)<\/p>\n\n\n\n<p><a href=\"https:\/\/www.weinfreunde-vom-hellweg.de\/alex\/wordpress\/wp-content\/uploads\/2024\/11\/2024-11-22-Weinbewertung.pdf\" target=\"_blank\" rel=\"noreferrer noopener\">Weinbewertung<\/a> (PDF)<\/p>\n\n\n\n<p><\/p>\n","protected":false},"excerpt":{"rendered":"<p>Freitag, 22.11.2024 um 19 Uhr im Atelier der Lindenbrauerei in Unna Die letzte Veranstaltung der Weinfreunde am Hellweg in diesem Jahr bietet die seltene Gelegenheit, einen Bundestagsabgeordneten mal live und ganz nah zu erleben.Michael Sacher, uns allen bekannt als Unnaer &hellip; <a href=\"https:\/\/www.weinfreunde-vom-hellweg.de\/alex\/wordpress\/?page_id=3367\">Weiterlesen <span class=\"meta-nav\">&rarr;<\/span><\/a><\/p>\n","protected":false},"author":14,"featured_media":0,"parent":3359,"menu_order":20,"comment_status":"closed","ping_status":"closed","template":"","meta":{"ngg_post_thumbnail":0,"footnotes":""},"class_list":["post-3367","page","type-page","status-publish","hentry"],"_links":{"self":[{"href":"https:\/\/www.weinfreunde-vom-hellweg.de\/alex\/wordpress\/index.php?rest_route=\/wp\/v2\/pages\/3367","targetHints":{"allow":["GET"]}}],"collection":[{"href":"https:\/\/www.weinfreunde-vom-hellweg.de\/alex\/wordpress\/index.php?rest_route=\/wp\/v2\/pages"}],"about":[{"href":"https:\/\/www.weinfreunde-vom-hellweg.de\/alex\/wordpress\/index.php?rest_route=\/wp\/v2\/types\/page"}],"author":[{"embeddable":true,"href":"https:\/\/www.weinfreunde-vom-hellweg.de\/alex\/wordpress\/index.php?rest_route=\/wp\/v2\/users\/14"}],"replies":[{"embeddable":true,"href":"https:\/\/www.weinfreunde-vom-hellweg.de\/alex\/wordpress\/index.php?rest_route=%2Fwp%2Fv2%2Fcomments&post=3367"}],"version-history":[{"count":3,"href":"https:\/\/www.weinfreunde-vom-hellweg.de\/alex\/wordpress\/index.php?rest_route=\/wp\/v2\/pages\/3367\/revisions"}],"predecessor-version":[{"id":3376,"href":"https:\/\/www.weinfreunde-vom-hellweg.de\/alex\/wordpress\/index.php?rest_route=\/wp\/v2\/pages\/3367\/revisions\/3376"}],"up":[{"embeddable":true,"href":"https:\/\/www.weinfreunde-vom-hellweg.de\/alex\/wordpress\/index.php?rest_route=\/wp\/v2\/pages\/3359"}],"wp:attachment":[{"href":"https:\/\/www.weinfreunde-vom-hellweg.de\/alex\/wordpress\/index.php?rest_route=%2Fwp%2Fv2%2Fmedia&parent=3367"}],"curies":[{"name":"wp","href":"https:\/\/api.w.org\/{rel}","templated":true}]}}

<p>Freitag, 22.11.2024 um 19 Uhr im Atelier der Lindenbrauerei in Unna</p>



<p>Die letzte Veranstaltung der Weinfreunde am Hellweg in diesem Jahr bietet die seltene Gelegenheit, einen Bundestagsabgeordneten mal live und ganz nah zu erleben.<br>Michael Sacher, uns allen bekannt als Unnaer Buchhändler, berichtet aus seinem politischen Alltag in Berlin (plaudert quasi aus dem Nähkästchen) und stellt uns Literaturauszüge vor, die einen Bezug zur politischen Entwicklung in Deutschland haben. Und was der Wein dabei für eine Rolle spielt, ist eine der sehr spannenden Fragen dieses Abends. Auch auf Fragen aus unserer Runde geht Herr Sacher ein.</p>



<div class="wp-block-columns is-layout-flex wp-container-core-columns-is-layout-9d6595d7 wp-block-columns-is-layout-flex">
<div class="wp-block-column is-layout-flow wp-block-column-is-layout-flow">
<p>Die Moderation übernimmt Hermann Bley, der auch die passenden Weine zum Thema aussucht und vorstellt. Wir freuen uns auf einen hochinteressanten Abend bei leckeren Weinen und kleinen kulinarischen Leckerbissen, die ebenfalls einen Bezug zu Berlin haben werden.</p>
</div>



<div class="wp-block-column is-layout-flow wp-block-column-is-layout-flow">
<figure class="wp-block-image size-large"><a href="https://www.weinfreunde-vom-hellweg.de/alex/wordpress/wp-content/uploads/2024/11/2024-11-22-Gruppenbild.jpg"><img loading="lazy" decoding="async" width="1024" height="650" src="https://www.weinfreunde-vom-hellweg.de/alex/wordpress/wp-content/uploads/2024/11/2024-11-22-Gruppenbild-1024x650.jpg" alt="" class="wp-image-3374" srcset="https://www.weinfreunde-vom-hellweg.de/alex/wordpress/wp-content/uploads/2024/11/2024-11-22-Gruppenbild-1024x650.jpg 1024w, https://www.weinfreunde-vom-hellweg.de/alex/wordpress/wp-content/uploads/2024/11/2024-11-22-Gruppenbild-300x190.jpg 300w, https://www.weinfreunde-vom-hellweg.de/alex/wordpress/wp-content/uploads/2024/11/2024-11-22-Gruppenbild-768x487.jpg 768w, https://www.weinfreunde-vom-hellweg.de/alex/wordpress/wp-content/uploads/2024/11/2024-11-22-Gruppenbild.jpg 1072w" sizes="auto, (max-width: 1024px) 100vw, 1024px" /></a></figure>
</div>
</div>



<p><a href="https://www.weinfreunde-vom-hellweg.de/alex/wordpress/wp-content/uploads/2024/11/2024-11-22-Weinliste.pdf" target="_blank" rel="noreferrer noopener">Weinliste</a> (PDF)</p>



<p><a href="https://www.weinfreunde-vom-hellweg.de/alex/wordpress/wp-content/uploads/2024/11/2024-11-22-Weinbewertung.pdf" target="_blank" rel="noreferrer noopener">Weinbewertung</a> (PDF)</p>



<p></p>
