{"id":3455,"date":"2024-11-25T12:37:35","date_gmt":"2024-11-25T10:37:35","guid":{"rendered":"https:\/\/www.weinfreunde-vom-hellweg.de\/alex\/wordpress\/?page_id=3455"},"modified":"2024-11-25T13:52:19","modified_gmt":"2024-11-25T11:52:19","slug":"neujahrsempfang","status":"publish","type":"page","link":"https:\/\/www.weinfreunde-vom-hellweg.de\/alex\/wordpress\/?page_id=3455","title":{"rendered":"Neujahrsempfang"},"content":{"rendered":"\n<p>Donnerstag, 26.01 2023, 19:30 Uhr im Atelier der Lindenbrauerei in Unna<\/p>\n\n\n\n<p>Zuletzt konnten die Weinfreunde vom Hellweg im Jahr 2020 gemeinsam das Neue Jahr begr\u00fc\u00dfen.<\/p>\n\n\n\n<p>Jetzt l\u00e4dt der Vorstand wieder zum traditionellen Neujahrsempfang ein, um mit den Mitgliedern bei einem kleinen Imbiss, begleitet von ausgesuchten Weinen aus dem vereinseigenen Weinkeller auf das Neue Jahr anzusto\u00dfen und miteinander bei guten Gespr\u00e4chen das vergangene Jahr Revue passieren zu lassen. Zudem wird ein Ausblick auf die kommenden Veranstaltungen des 1. Halbjahres 2023 gegeben.<\/p>\n\n\n\n<p><a href=\"https:\/\/www.weinfreunde-vom-hellweg.de\/alex\/wordpress\/wp-content\/uploads\/2024\/11\/2023-01-26-Zeitungsartikel-Neujahrsempfang.pdf\" target=\"_blank\" rel=\"noreferrer noopener\">Zeitungsartikel<\/a> (PDF)<\/p>\n","protected":false},"excerpt":{"rendered":"<p>Donnerstag, 26.01 2023, 19:30 Uhr im Atelier der Lindenbrauerei in Unna Zuletzt konnten die Weinfreunde vom Hellweg im Jahr 2020 gemeinsam das Neue Jahr begr\u00fc\u00dfen. Jetzt l\u00e4dt der Vorstand wieder zum traditionellen Neujahrsempfang ein, um mit den Mitgliedern bei einem &hellip; <a href=\"https:\/\/www.weinfreunde-vom-hellweg.de\/alex\/wordpress\/?page_id=3455\">Weiterlesen <span class=\"meta-nav\">&rarr;<\/span><\/a><\/p>\n","protected":false},"author":14,"featured_media":0,"parent":3355,"menu_order":1,"comment_status":"closed","ping_status":"closed","template":"","meta":{"ngg_post_thumbnail":0,"footnotes":""},"class_list":["post-3455","page","type-page","status-publish","hentry"],"_links":{"self":[{"href":"https:\/\/www.weinfreunde-vom-hellweg.de\/alex\/wordpress\/index.php?rest_route=\/wp\/v2\/pages\/3455","targetHints":{"allow":["GET"]}}],"collection":[{"href":"https:\/\/www.weinfreunde-vom-hellweg.de\/alex\/wordpress\/index.php?rest_route=\/wp\/v2\/pages"}],"about":[{"href":"https:\/\/www.weinfreunde-vom-hellweg.de\/alex\/wordpress\/index.php?rest_route=\/wp\/v2\/types\/page"}],"author":[{"embeddable":true,"href":"https:\/\/www.weinfreunde-vom-hellweg.de\/alex\/wordpress\/index.php?rest_route=\/wp\/v2\/users\/14"}],"replies":[{"embeddable":true,"href":"https:\/\/www.weinfreunde-vom-hellweg.de\/alex\/wordpress\/index.php?rest_route=%2Fwp%2Fv2%2Fcomments&post=3455"}],"version-history":[{"count":4,"href":"https:\/\/www.weinfreunde-vom-hellweg.de\/alex\/wordpress\/index.php?rest_route=\/wp\/v2\/pages\/3455\/revisions"}],"predecessor-version":[{"id":3526,"href":"https:\/\/www.weinfreunde-vom-hellweg.de\/alex\/wordpress\/index.php?rest_route=\/wp\/v2\/pages\/3455\/revisions\/3526"}],"up":[{"embeddable":true,"href":"https:\/\/www.weinfreunde-vom-hellweg.de\/alex\/wordpress\/index.php?rest_route=\/wp\/v2\/pages\/3355"}],"wp:attachment":[{"href":"https:\/\/www.weinfreunde-vom-hellweg.de\/alex\/wordpress\/index.php?rest_route=%2Fwp%2Fv2%2Fmedia&parent=3455"}],"curies":[{"name":"wp","href":"https:\/\/api.w.org\/{rel}","templated":true}]}}