{"id":4058,"date":"2024-11-27T16:24:31","date_gmt":"2024-11-27T15:24:31","guid":{"rendered":"https:\/\/www.weinfreunde-vom-hellweg.de\/alex\/wordpress\/?page_id=4058"},"modified":"2024-11-27T17:01:51","modified_gmt":"2024-11-27T16:01:51","slug":"vinas-und-rebveredlung","status":"publish","type":"page","link":"https:\/\/www.weinfreunde-vom-hellweg.de\/alex\/wordpress\/?page_id=4058","title":{"rendered":"Vinas und Rebveredlung"},"content":{"rendered":"\n<p>Donnerstag, 21.10.2021, 19:30 Uhr im Atelier der Lindenbrauerei Unna<\/p>\n\n\n\n<p>Moderatorin dieses Abends wird Heike Antes sein. Sie ist Mitglied der Jungwinzerinnen-Gruppe \u201eVinas\u201c der Bergstr\u00e4sser Winzer eG.<\/p>\n\n\n\n<p>Heike Antes, die nach ihrem Studium in Geisenheim in den elterlichen Rebveredlungsbetrieb mit eingestiegen ist, wird uns nicht nur das kleinste deutsche Weinanbaugebiet, die Hessische Bergstra\u00dfe, vorstellen, sondern auch die Ziele und die Arbeit dieser Jungwinzerinnen-Gruppe n\u00e4her bringen. Die Jungwinzerinnen-Gruppe Vinas wurde 2017 und noch einmal 2019 von der DLG mit dem Titel der \u201ebesten Jungwinzervereinigung\u201c ausgezeichnet. Dar\u00fcber hinaus erhielten sie im April 2019 den 1. Platz bei der Verleihung des ersten Nachwuchspreises der Deutschen Winzergenossenschaften.<\/p>\n\n\n\n<p>Ein weiterer und interessanter Schwerpunkt an diesem Abend wird das Thema Rebveredlung sein, dessen Ursprung in der Reblauskatastrophe, die Ende des 19. Jahrhunderts weite Teile des europ\u00e4ischen Weinanbaus vernichtet hat, liegt. Erst das Erkennen in den 1920er Jahren des 20. Jahrhundert, dass die Reblaus bei amerikanischen Reben nicht die Wurzeln sondern nur die Bl\u00e4tter bef\u00e4llt, bei europ\u00e4ischen Edelreben dagegen die Bl\u00e4tter nicht bef\u00e4llt, f\u00fchrte zur Technik der Rebveredlung. Dieses Verfahren wird uns Heike Antes mit vielen Bildern und Videos n\u00e4her bringen. Aufgrund der gesetzlichen Vorgaben sind mittlerweile in Deutschland fast alle angebauten Reben Pfropfreben. Der Schwerpunkt im Rebveredlungsbetrieb Antes liegt aber nicht nur in der Bereitstellung hochwertigsten Pflanzengutes, sondern auch in der Anpflanzung von Unterlagsreben mit neusten Klonen der Forschungsanstalt Geisenheim sowie von Vermehrungsanlagen f\u00fcr die Edelreiser der verschiedenen Rebsorten.<\/p>\n\n\n\n<p>Selbstverst\u00e4ndlich kommt an diesem Abend auch der Weingenuss nicht zu kurz. Begleitend zu ihren Ausf\u00fchrungen wird uns Heike Antes die Weine der Vinas-Gruppe und dar\u00fcber hinaus Weine der Bergstr\u00e4sser Winzer in traditioneller und moderner Kreation pr\u00e4sentieren.<br><\/p>\n\n\n\n<p>An dieser Veranstaltung d\u00fcrfen nur immunisierte oder getestete Personen teilnehmen. Weiterhin besteht eine Maskenpflicht bis zur Einnahme der festen Pl\u00e4tze.<\/p>\n\n\n\n<p><a href=\"https:\/\/www.weinfreunde-vom-hellweg.de\/alex\/wordpress\/wp-content\/uploads\/2024\/11\/2021-10-21-Weinbewertung-Rebveredlung.pdf\" target=\"_blank\" rel=\"noreferrer noopener\">Weinbewertung<\/a> (PDF)<\/p>\n","protected":false},"excerpt":{"rendered":"<p>Donnerstag, 21.10.2021, 19:30 Uhr im Atelier der Lindenbrauerei Unna Moderatorin dieses Abends wird Heike Antes sein. Sie ist Mitglied der Jungwinzerinnen-Gruppe \u201eVinas\u201c der Bergstr\u00e4sser Winzer eG. Heike Antes, die nach ihrem Studium in Geisenheim in den elterlichen Rebveredlungsbetrieb mit eingestiegen &hellip; <a href=\"https:\/\/www.weinfreunde-vom-hellweg.de\/alex\/wordpress\/?page_id=4058\">Weiterlesen <span class=\"meta-nav\">&rarr;<\/span><\/a><\/p>\n","protected":false},"author":14,"featured_media":0,"parent":3350,"menu_order":20,"comment_status":"closed","ping_status":"closed","template":"","meta":{"ngg_post_thumbnail":0,"footnotes":""},"class_list":["post-4058","page","type-page","status-publish","hentry"],"_links":{"self":[{"href":"https:\/\/www.weinfreunde-vom-hellweg.de\/alex\/wordpress\/index.php?rest_route=\/wp\/v2\/pages\/4058","targetHints":{"allow":["GET"]}}],"collection":[{"href":"https:\/\/www.weinfreunde-vom-hellweg.de\/alex\/wordpress\/index.php?rest_route=\/wp\/v2\/pages"}],"about":[{"href":"https:\/\/www.weinfreunde-vom-hellweg.de\/alex\/wordpress\/index.php?rest_route=\/wp\/v2\/types\/page"}],"author":[{"embeddable":true,"href":"https:\/\/www.weinfreunde-vom-hellweg.de\/alex\/wordpress\/index.php?rest_route=\/wp\/v2\/users\/14"}],"replies":[{"embeddable":true,"href":"https:\/\/www.weinfreunde-vom-hellweg.de\/alex\/wordpress\/index.php?rest_route=%2Fwp%2Fv2%2Fcomments&post=4058"}],"version-history":[{"count":2,"href":"https:\/\/www.weinfreunde-vom-hellweg.de\/alex\/wordpress\/index.php?rest_route=\/wp\/v2\/pages\/4058\/revisions"}],"predecessor-version":[{"id":4075,"href":"https:\/\/www.weinfreunde-vom-hellweg.de\/alex\/wordpress\/index.php?rest_route=\/wp\/v2\/pages\/4058\/revisions\/4075"}],"up":[{"embeddable":true,"href":"https:\/\/www.weinfreunde-vom-hellweg.de\/alex\/wordpress\/index.php?rest_route=\/wp\/v2\/pages\/3350"}],"wp:attachment":[{"href":"https:\/\/www.weinfreunde-vom-hellweg.de\/alex\/wordpress\/index.php?rest_route=%2Fwp%2Fv2%2Fmedia&parent=4058"}],"curies":[{"name":"wp","href":"https:\/\/api.w.org\/{rel}","templated":true}]}}

<p>Donnerstag, 21.10.2021, 19:30 Uhr im Atelier der Lindenbrauerei Unna</p>



<p>Moderatorin dieses Abends wird Heike Antes sein. Sie ist Mitglied der Jungwinzerinnen-Gruppe „Vinas“ der Bergsträsser Winzer eG.</p>



<p>Heike Antes, die nach ihrem Studium in Geisenheim in den elterlichen Rebveredlungsbetrieb mit eingestiegen ist, wird uns nicht nur das kleinste deutsche Weinanbaugebiet, die Hessische Bergstraße, vorstellen, sondern auch die Ziele und die Arbeit dieser Jungwinzerinnen-Gruppe näher bringen. Die Jungwinzerinnen-Gruppe Vinas wurde 2017 und noch einmal 2019 von der DLG mit dem Titel der „besten Jungwinzervereinigung“ ausgezeichnet. Darüber hinaus erhielten sie im April 2019 den 1. Platz bei der Verleihung des ersten Nachwuchspreises der Deutschen Winzergenossenschaften.</p>



<p>Ein weiterer und interessanter Schwerpunkt an diesem Abend wird das Thema Rebveredlung sein, dessen Ursprung in der Reblauskatastrophe, die Ende des 19. Jahrhunderts weite Teile des europäischen Weinanbaus vernichtet hat, liegt. Erst das Erkennen in den 1920er Jahren des 20. Jahrhundert, dass die Reblaus bei amerikanischen Reben nicht die Wurzeln sondern nur die Blätter befällt, bei europäischen Edelreben dagegen die Blätter nicht befällt, führte zur Technik der Rebveredlung. Dieses Verfahren wird uns Heike Antes mit vielen Bildern und Videos näher bringen. Aufgrund der gesetzlichen Vorgaben sind mittlerweile in Deutschland fast alle angebauten Reben Pfropfreben. Der Schwerpunkt im Rebveredlungsbetrieb Antes liegt aber nicht nur in der Bereitstellung hochwertigsten Pflanzengutes, sondern auch in der Anpflanzung von Unterlagsreben mit neusten Klonen der Forschungsanstalt Geisenheim sowie von Vermehrungsanlagen für die Edelreiser der verschiedenen Rebsorten.</p>



<p>Selbstverständlich kommt an diesem Abend auch der Weingenuss nicht zu kurz. Begleitend zu ihren Ausführungen wird uns Heike Antes die Weine der Vinas-Gruppe und darüber hinaus Weine der Bergsträsser Winzer in traditioneller und moderner Kreation präsentieren.<br></p>



<p>An dieser Veranstaltung dürfen nur immunisierte oder getestete Personen teilnehmen. Weiterhin besteht eine Maskenpflicht bis zur Einnahme der festen Plätze.</p>



<p><a href="https://www.weinfreunde-vom-hellweg.de/alex/wordpress/wp-content/uploads/2024/11/2021-10-21-Weinbewertung-Rebveredlung.pdf" target="_blank" rel="noreferrer noopener">Weinbewertung</a> (PDF)</p>

<p>Donnerstag, 21.10.2021, 19:30 Uhr im Atelier der Lindenbrauerei Unna Moderatorin dieses Abends wird Heike Antes sein. Sie ist Mitglied der Jungwinzerinnen-Gruppe „Vinas“ der Bergsträsser Winzer eG. Heike Antes, die nach ihrem Studium in Geisenheim in den elterlichen Rebveredlungsbetrieb mit eingestiegen &hellip; <a href="https://www.weinfreunde-vom-hellweg.de/alex/wordpress/?page_id=4058">Weiterlesen <span class="meta-nav">&rarr;</span></a></p>
