{"id":4399,"date":"2024-11-28T17:23:49","date_gmt":"2024-11-28T16:23:49","guid":{"rendered":"https:\/\/www.weinfreunde-vom-hellweg.de\/alex\/wordpress\/?page_id=4399"},"modified":"2024-11-28T18:44:33","modified_gmt":"2024-11-28T17:44:33","slug":"der-bernkasteler-ring","status":"publish","type":"page","link":"https:\/\/www.weinfreunde-vom-hellweg.de\/alex\/wordpress\/?page_id=4399","title":{"rendered":"Der Bernkasteler Ring"},"content":{"rendered":"\n<p>Donnerstag, 21.02.2019, 19:30 Uhr im Atelier der Lindenbrauerei Unna<\/p>\n\n\n\n<p>Die Winzervereinigung Bernkasteler Ring e. V. (Riesling-Weing\u00fcter im Bernkasteler Ring e. V.) wurde am 29. April 1899 in Bernkastel-Kues als Vereinigung von Weingutsbesitzern der Mittelmosel gegr\u00fcndet.<\/p>\n\n\n\n<p>Seit dem Jahr 1901 werden Riesling-Weinversteigerungen in Bernkastel-Kues durchgef\u00fchrt. Auch heute werden die Weine der Mitgliedsbetriebe immer noch versteigert. Die Auktion findet jedes Jahr im September statt. Voraussetzung f\u00fcr die Mitgliedschaft im Bernkasteler Ring war schon damals die Art der Reben (=Riesling-Anbau), die G\u00fcte der Lagen, die Sorgfalt der Bebauung der Weinberge mit besonderem Augenmerk f\u00fcr die Pflege des Rieslings in den steilen Schieferlagen und die Qualit\u00e4t der Weine. Diese Grunds\u00e4tze besitzen auch heute noch nach mehr als 100 Jahren ihre volle G\u00fcltigkeit.<\/p>\n\n\n\n<p>Heute umfasst der Bernkasteler Ring 35 Weing\u00fcter an Mosel, Saar und Ruwer von Wiltingen an der Saar bis nach Winningen an der Terrassen-Mosel auf \u00fcber 250 km Flussl\u00e4nge der Mosel.<\/p>\n\n\n\n<p>Unser Weinfreund Detlef Krischek, der regelm\u00e4\u00dfig an Versteigerungen des Bernkasteler Rings teilnimmt, wird mit uns im Rahmen einer virtuellen Reise einige Mitgliedsbetriebe des Bernkasteler Rings vorstellen. Hierdurch haben wir Gelegenheit, die Qualit\u00e4t und Vielfalt der Riesling-Weine des Anbaugebietes Mosel kennen und sch\u00e4tzen zu lernen. Zur Verkostung kommen ausgesuchte Weine von mehreren Versteigerungen des Bernkasteler Rings.<\/p>\n\n\n\n<p><a href=\"https:\/\/www.weinfreunde-vom-hellweg.de\/alex\/wordpress\/wp-content\/uploads\/2024\/11\/2019-02-21-Weinliste-Bernkasteler-Ring.pdf\" target=\"_blank\" rel=\"noreferrer noopener\">Weinliste<\/a> (PDF)<\/p>\n\n\n\n<p><a href=\"https:\/\/www.weinfreunde-vom-hellweg.de\/alex\/wordpress\/wp-content\/uploads\/2024\/11\/2019-02-21-Weinbewertung-Bernkasteler-Ring.pdf\" target=\"_blank\" rel=\"noreferrer noopener\">Weinbewertung<\/a> (PDF)<\/p>\n","protected":false},"excerpt":{"rendered":"<p>Donnerstag, 21.02.2019, 19:30 Uhr im Atelier der Lindenbrauerei Unna Die Winzervereinigung Bernkasteler Ring e. V. (Riesling-Weing\u00fcter im Bernkasteler Ring e. V.) wurde am 29. April 1899 in Bernkastel-Kues als Vereinigung von Weingutsbesitzern der Mittelmosel gegr\u00fcndet. Seit dem Jahr 1901 werden &hellip; <a href=\"https:\/\/www.weinfreunde-vom-hellweg.de\/alex\/wordpress\/?page_id=4399\">Weiterlesen <span class=\"meta-nav\">&rarr;<\/span><\/a><\/p>\n","protected":false},"author":14,"featured_media":0,"parent":4386,"menu_order":10,"comment_status":"closed","ping_status":"closed","template":"","meta":{"ngg_post_thumbnail":0,"footnotes":""},"class_list":["post-4399","page","type-page","status-publish","hentry"],"_links":{"self":[{"href":"https:\/\/www.weinfreunde-vom-hellweg.de\/alex\/wordpress\/index.php?rest_route=\/wp\/v2\/pages\/4399","targetHints":{"allow":["GET"]}}],"collection":[{"href":"https:\/\/www.weinfreunde-vom-hellweg.de\/alex\/wordpress\/index.php?rest_route=\/wp\/v2\/pages"}],"about":[{"href":"https:\/\/www.weinfreunde-vom-hellweg.de\/alex\/wordpress\/index.php?rest_route=\/wp\/v2\/types\/page"}],"author":[{"embeddable":true,"href":"https:\/\/www.weinfreunde-vom-hellweg.de\/alex\/wordpress\/index.php?rest_route=\/wp\/v2\/users\/14"}],"replies":[{"embeddable":true,"href":"https:\/\/www.weinfreunde-vom-hellweg.de\/alex\/wordpress\/index.php?rest_route=%2Fwp%2Fv2%2Fcomments&post=4399"}],"version-history":[{"count":2,"href":"https:\/\/www.weinfreunde-vom-hellweg.de\/alex\/wordpress\/index.php?rest_route=\/wp\/v2\/pages\/4399\/revisions"}],"predecessor-version":[{"id":4439,"href":"https:\/\/www.weinfreunde-vom-hellweg.de\/alex\/wordpress\/index.php?rest_route=\/wp\/v2\/pages\/4399\/revisions\/4439"}],"up":[{"embeddable":true,"href":"https:\/\/www.weinfreunde-vom-hellweg.de\/alex\/wordpress\/index.php?rest_route=\/wp\/v2\/pages\/4386"}],"wp:attachment":[{"href":"https:\/\/www.weinfreunde-vom-hellweg.de\/alex\/wordpress\/index.php?rest_route=%2Fwp%2Fv2%2Fmedia&parent=4399"}],"curies":[{"name":"wp","href":"https:\/\/api.w.org\/{rel}","templated":true}]}}