{"id":4411,"date":"2024-11-28T18:21:17","date_gmt":"2024-11-28T17:21:17","guid":{"rendered":"https:\/\/www.weinfreunde-vom-hellweg.de\/alex\/wordpress\/?page_id=4411"},"modified":"2025-01-03T18:02:50","modified_gmt":"2025-01-03T17:02:50","slug":"wein-trifft-kunst","status":"publish","type":"page","link":"https:\/\/www.weinfreunde-vom-hellweg.de\/alex\/wordpress\/?page_id=4411","title":{"rendered":"Wein trifft Kunst"},"content":{"rendered":"\n<p>Freitag, 28.06.2019, 19 Uhr im K\u00fcnstlerhaus Buschulte<\/p>\n\n\n\n<div class=\"wp-block-media-text is-stacked-on-mobile\"><figure class=\"wp-block-media-text__media\"><img loading=\"lazy\" decoding=\"async\" width=\"178\" height=\"276\" src=\"https:\/\/www.weinfreunde-vom-hellweg.de\/alex\/wordpress\/wp-content\/uploads\/2024\/11\/2019-06-28-Wein-trifft-Kunst.jpg\" alt=\"\" class=\"wp-image-4456 size-full\"\/><\/figure><div class=\"wp-block-media-text__content\">\n<p>Weinfreund Wolfgang Barrenbr\u00fcgge hatte zu einem au\u00dfergew\u00f6hnlichen Stammtisch in das K\u00fcnstlerhaus Buschulte in Unna-Massen in den Obermassener Kirchweg 16a eingeladen. Hier befindet sich das ehemalige Atelier- und Wohnhaus von Wilhelm Buschulte.<br><br>Er z\u00e4hlt zu den bedeutenden deutschen Glasmalern der Nachkriegszeit. Er hat nicht nur eine F\u00fclle von Werken, u.a. im Paderborner Dom, im St.-Patrokli-Dom in Soest und in der Frankfurter Paulskirche, hinterlassen, sondern auch einen reichhaltigen Weinkeller.<br><\/p>\n<\/div><\/div>\n\n\n\n<p>Zur Verkostung gelangten 17 Weine der Jahrg\u00e4nge 1976-2014 aus Deutschland, Spanien, Ungarn, Frankreich, S\u00fcdafrika. Peter Schampera hatte die Weine aus dem Keller der Fam. Buschulte zusammengestellt und moderierte die Weinprobe.<br>Zur Veranstaltung schreibt Peter:<br><em>Die Auswahl der Weine erfolgte aus einem Bestand von ca. 125 Flaschen der verschiedensten Jahrg\u00e4nge, Anbaugebiete und Rebsorten und verschiedener Geschmacksrichtungen. Nach einer vorausgegangenen umfangreichen Erfassung und Ordnung des gesamten Bestandes wurden in diesem Weinstammtisch von mir die Weine in bestimmter Auswahl zwecks sensorischer Gesichtspunkte und reifebedingter Kriterien platziert. Neben \u00fcberraschenden Entdeckungen in sichtbaren, geschmacklichen und olfaktorischen Bereich zeigten sich erwartete und unerwartete sensorische Wahrnehmungen, h\u00e4ufig als Alterungs- beziehungsweise Sherry-T\u00f6ne bei den Wei\u00dfweinen. Die rests\u00fc\u00dfen Weine hatten teilweise eine erstaunliche Alterungsstabilit\u00e4t, wobei aber die Wahrnehmung der (Rest-)S\u00fc\u00dfe insgesamt auch hier nur sehr schwach zu vernehmen war. Die ersten drei Rotweine hatten den Zenit leider l\u00e4ngst \u00fcberschritten, insgesamt wurde aber bei keinem Wein die sogenannte UTA (untypische Alterungsnote) festgestellt.<\/em><\/p>\n","protected":false},"excerpt":{"rendered":"<p>Freitag, 28.06.2019, 19 Uhr im K\u00fcnstlerhaus Buschulte Weinfreund Wolfgang Barrenbr\u00fcgge hatte zu einem au\u00dfergew\u00f6hnlichen Stammtisch in das K\u00fcnstlerhaus Buschulte in Unna-Massen in den Obermassener Kirchweg 16a eingeladen. Hier befindet sich das ehemalige Atelier- und Wohnhaus von Wilhelm Buschulte. Er z\u00e4hlt &hellip; <a href=\"https:\/\/www.weinfreunde-vom-hellweg.de\/alex\/wordpress\/?page_id=4411\">Weiterlesen <span class=\"meta-nav\">&rarr;<\/span><\/a><\/p>\n","protected":false},"author":14,"featured_media":0,"parent":4386,"menu_order":35,"comment_status":"closed","ping_status":"closed","template":"","meta":{"ngg_post_thumbnail":0,"footnotes":""},"class_list":["post-4411","page","type-page","status-publish","hentry"],"_links":{"self":[{"href":"https:\/\/www.weinfreunde-vom-hellweg.de\/alex\/wordpress\/index.php?rest_route=\/wp\/v2\/pages\/4411","targetHints":{"allow":["GET"]}}],"collection":[{"href":"https:\/\/www.weinfreunde-vom-hellweg.de\/alex\/wordpress\/index.php?rest_route=\/wp\/v2\/pages"}],"about":[{"href":"https:\/\/www.weinfreunde-vom-hellweg.de\/alex\/wordpress\/index.php?rest_route=\/wp\/v2\/types\/page"}],"author":[{"embeddable":true,"href":"https:\/\/www.weinfreunde-vom-hellweg.de\/alex\/wordpress\/index.php?rest_route=\/wp\/v2\/users\/14"}],"replies":[{"embeddable":true,"href":"https:\/\/www.weinfreunde-vom-hellweg.de\/alex\/wordpress\/index.php?rest_route=%2Fwp%2Fv2%2Fcomments&post=4411"}],"version-history":[{"count":3,"href":"https:\/\/www.weinfreunde-vom-hellweg.de\/alex\/wordpress\/index.php?rest_route=\/wp\/v2\/pages\/4411\/revisions"}],"predecessor-version":[{"id":5198,"href":"https:\/\/www.weinfreunde-vom-hellweg.de\/alex\/wordpress\/index.php?rest_route=\/wp\/v2\/pages\/4411\/revisions\/5198"}],"up":[{"embeddable":true,"href":"https:\/\/www.weinfreunde-vom-hellweg.de\/alex\/wordpress\/index.php?rest_route=\/wp\/v2\/pages\/4386"}],"wp:attachment":[{"href":"https:\/\/www.weinfreunde-vom-hellweg.de\/alex\/wordpress\/index.php?rest_route=%2Fwp%2Fv2%2Fmedia&parent=4411"}],"curies":[{"name":"wp","href":"https:\/\/api.w.org\/{rel}","templated":true}]}}

<p>Freitag, 28.06.2019, 19 Uhr im Künstlerhaus Buschulte</p>



<div class="wp-block-media-text is-stacked-on-mobile"><figure class="wp-block-media-text__media"><img loading="lazy" decoding="async" width="178" height="276" src="https://www.weinfreunde-vom-hellweg.de/alex/wordpress/wp-content/uploads/2024/11/2019-06-28-Wein-trifft-Kunst.jpg" alt="" class="wp-image-4456 size-full"/></figure><div class="wp-block-media-text__content">
<p>Weinfreund Wolfgang Barrenbrügge hatte zu einem außergewöhnlichen Stammtisch in das Künstlerhaus Buschulte in Unna-Massen in den Obermassener Kirchweg 16a eingeladen. Hier befindet sich das ehemalige Atelier- und Wohnhaus von Wilhelm Buschulte.<br><br>Er zählt zu den bedeutenden deutschen Glasmalern der Nachkriegszeit. Er hat nicht nur eine Fülle von Werken, u.a. im Paderborner Dom, im St.-Patrokli-Dom in Soest und in der Frankfurter Paulskirche, hinterlassen, sondern auch einen reichhaltigen Weinkeller.<br></p>
</div></div>



<p>Zur Verkostung gelangten 17 Weine der Jahrgänge 1976-2014 aus Deutschland, Spanien, Ungarn, Frankreich, Südafrika. Peter Schampera hatte die Weine aus dem Keller der Fam. Buschulte zusammengestellt und moderierte die Weinprobe.<br>Zur Veranstaltung schreibt Peter:<br><em>Die Auswahl der Weine erfolgte aus einem Bestand von ca. 125 Flaschen der verschiedensten Jahrgänge, Anbaugebiete und Rebsorten und verschiedener Geschmacksrichtungen. Nach einer vorausgegangenen umfangreichen Erfassung und Ordnung des gesamten Bestandes wurden in diesem Weinstammtisch von mir die Weine in bestimmter Auswahl zwecks sensorischer Gesichtspunkte und reifebedingter Kriterien platziert. Neben überraschenden Entdeckungen in sichtbaren, geschmacklichen und olfaktorischen Bereich zeigten sich erwartete und unerwartete sensorische Wahrnehmungen, häufig als Alterungs- beziehungsweise Sherry-Töne bei den Weißweinen. Die restsüßen Weine hatten teilweise eine erstaunliche Alterungsstabilität, wobei aber die Wahrnehmung der (Rest-)Süße insgesamt auch hier nur sehr schwach zu vernehmen war. Die ersten drei Rotweine hatten den Zenit leider längst überschritten, insgesamt wurde aber bei keinem Wein die sogenannte UTA (untypische Alterungsnote) festgestellt.</em></p>

<p>Freitag, 28.06.2019, 19 Uhr im Künstlerhaus Buschulte Weinfreund Wolfgang Barrenbrügge hatte zu einem außergewöhnlichen Stammtisch in das Künstlerhaus Buschulte in Unna-Massen in den Obermassener Kirchweg 16a eingeladen. Hier befindet sich das ehemalige Atelier- und Wohnhaus von Wilhelm Buschulte. Er zählt &hellip; <a href="https://www.weinfreunde-vom-hellweg.de/alex/wordpress/?page_id=4411">Weiterlesen <span class="meta-nav">&rarr;</span></a></p>
