{"id":4420,"date":"2024-11-28T18:26:11","date_gmt":"2024-11-28T17:26:11","guid":{"rendered":"https:\/\/www.weinfreunde-vom-hellweg.de\/alex\/wordpress\/?page_id=4420"},"modified":"2024-11-28T19:36:29","modified_gmt":"2024-11-28T18:36:29","slug":"literatursommerhellweg-unna","status":"publish","type":"page","link":"https:\/\/www.weinfreunde-vom-hellweg.de\/alex\/wordpress\/?page_id=4420","title":{"rendered":"LiteraturSommerHellweg Unna"},"content":{"rendered":"\n<p>Samstag, 31.08.2019, ab 14 Uhr im Nicolaiviertel Unna<\/p>\n\n\n\n<p>Zum gro\u00dfen Abschlussfest des #LiteraturSommerHellweg laden am 31. August das Westf\u00e4lische Literaturb\u00fcro und der &#8222;Bereich Kultur&#8220; der Kreisstadt Unna ins Nicolaiviertel, das historische K\u00fcnstlerviertel von Unna, ein.<\/p>\n\n\n\n<p>Der bunte Familientag ist Teil eines ganzen literarischen Wochenendes, das am Freitagabend mit einer Lesung im Buhre-Haus beginnt und am Sonntagmittag mit der Verleihung des diesj\u00e4hrigen Alfred-M\u00fcller-Felsenburg-Preises an die Autorin und \u00dcbersetzerin \u00d6zlem \u00d6zg\u00fcr D\u00fcndar endet.<\/p>\n\n\n\n<p>Auf dem Platz vor dem Nicolaihaus sowie in dem in der N\u00e4he gelegenen Martin-Luther-Haus erwartet Sie ein hochkar\u00e4tiges, Altersgruppen ansprechendes Literaturprogramm, bei dem nicht zuletzt auch alle Krimi-Fans wieder auf ihre Kosten kommen.<\/p>\n\n\n\n<p>Wir Weinfreunde vom Hellweg beteiligen uns an diesem Fest wieder mit literarischen Weinproben, die im Nicolaihaus f\u00fcr 16:15 Uhr, 17:30 Uhr, 18:30 Uhr und bei Bedarf auch f\u00fcr 19:45 Uhr geplant sind. Michael Sacher liest aus dem Buch \u201eMit Wein Staat machen\u201d und wir werden drei zur Literatur passende Weine vorstellen und verkosten.<\/p>\n","protected":false},"excerpt":{"rendered":"<p>Samstag, 31.08.2019, ab 14 Uhr im Nicolaiviertel Unna Zum gro\u00dfen Abschlussfest des #LiteraturSommerHellweg laden am 31. August das Westf\u00e4lische Literaturb\u00fcro und der &#8222;Bereich Kultur&#8220; der Kreisstadt Unna ins Nicolaiviertel, das historische K\u00fcnstlerviertel von Unna, ein. Der bunte Familientag ist Teil &hellip; <a href=\"https:\/\/www.weinfreunde-vom-hellweg.de\/alex\/wordpress\/?page_id=4420\">Weiterlesen <span class=\"meta-nav\">&rarr;<\/span><\/a><\/p>\n","protected":false},"author":14,"featured_media":0,"parent":4386,"menu_order":50,"comment_status":"closed","ping_status":"closed","template":"","meta":{"ngg_post_thumbnail":0,"footnotes":""},"class_list":["post-4420","page","type-page","status-publish","hentry"],"_links":{"self":[{"href":"https:\/\/www.weinfreunde-vom-hellweg.de\/alex\/wordpress\/index.php?rest_route=\/wp\/v2\/pages\/4420","targetHints":{"allow":["GET"]}}],"collection":[{"href":"https:\/\/www.weinfreunde-vom-hellweg.de\/alex\/wordpress\/index.php?rest_route=\/wp\/v2\/pages"}],"about":[{"href":"https:\/\/www.weinfreunde-vom-hellweg.de\/alex\/wordpress\/index.php?rest_route=\/wp\/v2\/types\/page"}],"author":[{"embeddable":true,"href":"https:\/\/www.weinfreunde-vom-hellweg.de\/alex\/wordpress\/index.php?rest_route=\/wp\/v2\/users\/14"}],"replies":[{"embeddable":true,"href":"https:\/\/www.weinfreunde-vom-hellweg.de\/alex\/wordpress\/index.php?rest_route=%2Fwp%2Fv2%2Fcomments&post=4420"}],"version-history":[{"count":2,"href":"https:\/\/www.weinfreunde-vom-hellweg.de\/alex\/wordpress\/index.php?rest_route=\/wp\/v2\/pages\/4420\/revisions"}],"predecessor-version":[{"id":4465,"href":"https:\/\/www.weinfreunde-vom-hellweg.de\/alex\/wordpress\/index.php?rest_route=\/wp\/v2\/pages\/4420\/revisions\/4465"}],"up":[{"embeddable":true,"href":"https:\/\/www.weinfreunde-vom-hellweg.de\/alex\/wordpress\/index.php?rest_route=\/wp\/v2\/pages\/4386"}],"wp:attachment":[{"href":"https:\/\/www.weinfreunde-vom-hellweg.de\/alex\/wordpress\/index.php?rest_route=%2Fwp%2Fv2%2Fmedia&parent=4420"}],"curies":[{"name":"wp","href":"https:\/\/api.w.org\/{rel}","templated":true}]}}

<p>Samstag, 31.08.2019, ab 14 Uhr im Nicolaiviertel Unna</p>



<p>Zum großen Abschlussfest des #LiteraturSommerHellweg laden am 31. August das Westfälische Literaturbüro und der &#8222;Bereich Kultur&#8220; der Kreisstadt Unna ins Nicolaiviertel, das historische Künstlerviertel von Unna, ein.</p>



<p>Der bunte Familientag ist Teil eines ganzen literarischen Wochenendes, das am Freitagabend mit einer Lesung im Buhre-Haus beginnt und am Sonntagmittag mit der Verleihung des diesjährigen Alfred-Müller-Felsenburg-Preises an die Autorin und Übersetzerin Özlem Özgür Dündar endet.</p>



<p>Auf dem Platz vor dem Nicolaihaus sowie in dem in der Nähe gelegenen Martin-Luther-Haus erwartet Sie ein hochkarätiges, Altersgruppen ansprechendes Literaturprogramm, bei dem nicht zuletzt auch alle Krimi-Fans wieder auf ihre Kosten kommen.</p>



<p>Wir Weinfreunde vom Hellweg beteiligen uns an diesem Fest wieder mit literarischen Weinproben, die im Nicolaihaus für 16:15 Uhr, 17:30 Uhr, 18:30 Uhr und bei Bedarf auch für 19:45 Uhr geplant sind. Michael Sacher liest aus dem Buch „Mit Wein Staat machen” und wir werden drei zur Literatur passende Weine vorstellen und verkosten.</p>

<p>Samstag, 31.08.2019, ab 14 Uhr im Nicolaiviertel Unna Zum großen Abschlussfest des #LiteraturSommerHellweg laden am 31. August das Westfälische Literaturbüro und der &#8222;Bereich Kultur&#8220; der Kreisstadt Unna ins Nicolaiviertel, das historische Künstlerviertel von Unna, ein. Der bunte Familientag ist Teil &hellip; <a href="https://www.weinfreunde-vom-hellweg.de/alex/wordpress/?page_id=4420">Weiterlesen <span class="meta-nav">&rarr;</span></a></p>
