{"id":4425,"date":"2024-11-28T18:29:04","date_gmt":"2024-11-28T17:29:04","guid":{"rendered":"https:\/\/www.weinfreunde-vom-hellweg.de\/alex\/wordpress\/?page_id=4425"},"modified":"2025-01-02T21:35:44","modified_gmt":"2025-01-02T20:35:44","slug":"weinreise-wuerttemberg","status":"publish","type":"page","link":"https:\/\/www.weinfreunde-vom-hellweg.de\/alex\/wordpress\/?page_id=4425","title":{"rendered":"Weinreise W\u00fcrttemberg"},"content":{"rendered":"\n<p>Mittwoch, 09.10.2019 bis Sonntag, 13.10.2019<\/p>\n\n\n\n<p><strong>Mittwoch, 09.10.2020<\/strong><\/p>\n\n\n\n<p>P\u00fcnktlich um 6:30 Uhr starteten wir in Hemmerde zu unserer Weinreise. Nachdem weitere Teilnehmer in Unna und Strickerdicke zugestiegen waren, ging es los. Gegen 10 Uhr erreichten wir unser Pausenziel den \u201eRasthof Taunusblick in Eschborn\u201c. Dort st\u00e4rkten wir uns bei Kaffee, ersten W\u00fcrttemberger Weinen sowie Pizzastangen und Wurstbr\u00f6tchen von der B\u00e4ckerei Stricker aus Hemmerde. Danach ging es mit nur geringen Staus weiter zu unserem ersten Ziel, der Weing\u00e4rtnergenossenschaft Winzer vom Weinsberger Tal in L\u00f6wenstein.<br>Nach einer Begr\u00fc\u00dfung durch den Vorstandsvorsitzenden Otto Freyer mit einem trockenen Riesling Sekt, stand eine Kellerf\u00fchrung auf dem Programm. Dort konnten wir zun\u00e4chst die Anlieferung der Trauben und die ersten Schritte der Verarbeitung (Entrappung und Pressung) beobachten. Dies hatte ein Gro\u00dfteil der Weinfreunde so noch nie gesehen.<br>Bei einem weiteren Gang durch den Keller erkl\u00e4rte uns Otto Freyer in seiner humorvollen schw\u00e4bischen Art die weiteren Verarbeitungsschritte. Anschlie\u00dfend konnten wir uns bei einer Winzer Vesper und einem Wei\u00df- und Rotwein st\u00e4rken, bevor wir dann zu unserer ersten und einzigen Weinprobe an diesem Tag kamen.<br>Wir verkosteten einen Wei\u00dfburgunder QbA trocken, eine Kerner Auslese, einen Bergrebellin-Rosewein QbA sowie an Rotweinen einen Merlot QbA trocken und einen Samtrot Sp\u00e4tlese. Anschlie\u00dfend pr\u00e4sentierte uns Otto Freyer zus\u00e4tzlich noch einen wei\u00dfen Bergrebell-Secco, der noch nicht auf der Karte stand. Alle waren sich dar\u00fcber einig, dass es eine gelungene und humorvolle Pr\u00e4sentation war.<br>Um 15:30 Uhr ging es dann weiter zu unserer Unterkunft f\u00fcr die n\u00e4chsten Tage, das komfortable 4-Sterne-Hotel Rose in Bretzfeld-Bitzfeld. Nach der Begr\u00fc\u00dfung mit Kaffee und Kuchen bezogen wir unsere Zimmer. Bis zum Abendessen um 19 Uhr konnte jeder die Zeit nach seinen W\u00fcnschen gestalten, was wohl bei den Meisten Koffer auspacken und Ausruhen war. Nach dem 3-g\u00e4ngigen Abendessen klang der Abend aus. Einige zogen die Bettruhe vor, w\u00e4hrend andere noch einen Reparaturtrunk an der Bar nahmen.<\/p>\n\n\n\n<p><strong>Donnerstag, 10. 10.2019<\/strong><\/p>\n\n\n\n<p>Nach einem reichhaltigen Fr\u00fchst\u00fcck im Hotel Rose brachen wir um 9.15 Uhr zu unserer ersten Weinprobe beim Weingut F\u00fcrst Hohenlohe in Verrenberg auf. Das VDP-Weingut liegt nur 15 Minuten vom Hotel entfernt, so dass wir bereits um 9:30 Uhr mit unserer ersten Weinprobe an diesem Tag beginnen konnten. Die Weinerlebnisf\u00fchrerin Frau Kretschmer hat uns mit viel Engagement und Herzblut Weine in verschiedenen Qualit\u00e4tsstufen verkosten lassen. Die Besichtigung des sehenswerten Holzfasskellers rundete den Besuch dieses Weingutes ab.<br>Anschlie\u00dfend haben wir in dem zum Weingut geh\u00f6rendem Restaurant Wiesenkelter unseren Mittagsimbiss eingenommen (Ger\u00f6stete Maultaschen mit Kartoffelsalat).<br>Um 13 Uhr ging die Fahrt dann weiter nach Weinsberg zur \u201estaatlichen Lehr-und Versuchsanstalt f\u00fcr Wein- und Obstbau\u201c (LVWO) und zum Staatsweingut Weinsberg. Nach einem Sekt zur Begr\u00fc\u00dfung durch Dr. R\u00f6hrig, ehemaliger Leiter der Brennerei der Versuchsanstalt, lernten wir im Rahmen einer F\u00fchrung die Kellerei, die Brennerei, den Sektkeller und den Versuchs- und Holzfasskeller kennen. Bei der F\u00fchrung hatten wir auch die Gelegenheit, Br\u00e4nde und bei der anschlie\u00dfenden Weinprobe verschiedene Weine des Staatsweinguts zu verkosten.<br>Um 16 Uhr ging es dann mit dem Bus weiter zu unserem letzten Ziel dieses Tages, dem Weinkonvent D\u00fcrrenzimmern, der bei der Bundesweinpr\u00e4mierung als Weinerzeuger des Jahres 2019 ausgezeichnet worden ist. Dort begr\u00fc\u00dfte uns der Verkaufsleiter Herr Thomas Trocha mit einem Sekt und Canap\u00e9s. Herr Trocha hatte sich zur Unterst\u00fctzung Herrn Schuster, ausgebildeter Weinerlebnisf\u00fchrer, geholt. Beide haben uns in abwechslungsreicher und anschaulicher Weise die Arbeit des Konvents erkl\u00e4rt und n\u00e4her gebracht. Dazwischen konnten wir bei einem hervorragenden 3-g\u00e4ngigen Abendessen weitere ausgezeichnete Weine des Konvents kennenlernen, darunter auch einen Divinus Portugieser Barrique 2016, der wenige Tage danach Sieger beim 33. Deutschen Rotweinpreis geworden ist. Um 21 Uhr ging es dann nach einer rund einst\u00fcndigen Fahrt zur\u00fcck zu unserem Hotel. Die Zahl der Weinfreunde, die sich nach diesem anstrengenden Tag noch zu einem Absacker an der Bar trafen, war deutlich kleiner als am Abend vorher.<br>Alles in allem war es ein sehr sch\u00f6ner, aufschlussreicher aber auch anstrengender Tag, bei dem auch &#8211; entgegen aller Prognosen &#8211; im Gro\u00dfen und Ganzen auch das Wetter mitgespielt hat. Viel Gelegenheit, uns drau\u00dfen aufzuhalten, hatten wir zwar nicht, aber auch bei den kurzen G\u00e4ngen konnten die Schirme im Bus bleiben.<\/p>\n\n\n\n<p><strong>Freitag, 11.10.2019<\/strong><\/p>\n\n\n\n<p>Nach dem Fr\u00fchst\u00fcck ging es heute bereits um 9.00 Uhr los zu unserem ersten Ziel des Tages, der Felsengartenkellerei Besigheim in Hessigheim. Diese erreichten wir nach einer 40-min\u00fctigen Fahrt vorbei an eindrucksvollen Steillagen. Bei der Fahrt durch enge Gassen konnten wir wieder einmal mehr die ruhige und souver\u00e4ne Fahrweise unseres Busfahrers Christian bewundern. In Hessigheim angekommen, erwartete uns vor der Felsengartenkellerei bereits das \u201eschw\u00e4bische Urgestein\u201c Dieter Schedy mit einem Begr\u00fc\u00dfungssekt. Danach konnten wir dann in dieser sch\u00f6nen Atmosph\u00e4re noch drei weitere Weine, gew\u00fcrzt mit schw\u00e4bischen Anekdoten, genie\u00dfen.<br>Nach einer Kellerf\u00fchrung ging es dann weiter mit dem Programmpunkt \u201eDer Schwabe und sein Wein\u201c. Bei Weinprobe und einem Vesperteller erhielten wir durch Herrn Schedy viele weitere humorvolle Eindr\u00fccke in das schw\u00e4bische Leben. Der Abschied viel uns entsprechend schwer. Aber unser n\u00e4chster Programmpunkt &#8211; eine Stadtf\u00fchrung in Brackenheim &#8211; stand an. Regine Sommerfeld von der Touristinformation hat uns die Stadt und das Leben von Theodor Heuss in einer sympathischen und humorvollen Art n\u00e4her gebracht. Ein Glas Lemberger &#8211; das Lieblingsgetr\u00e4nk von Theodor Heuss &#8211; durfte dabei nat\u00fcrlich nicht fehlen.<br>Um 16:30 Uhr ging unsere Fahrt dann weiter zum Panoramaweingut Baumg\u00e4rtner in Hohenhaslach. Durch seine exponierte Lage bietet das Weingut eine sehr sch\u00f6ne Aussicht \u00fcber das Ludwigsburger Unterland bis zum Hohenasperg und nach Ludwigsburg. An Tagen mit guter Fernsicht kann man bis zur Schw\u00e4bischen Alb und bis zum Schwarzwald sehen. Wir konnten bei strahlendem Sonnenschein unseren Begr\u00fc\u00dfungssekt auf der Terrasse genie\u00dfen. Herr Baumg\u00e4rtner f\u00fchrte uns anschlie\u00dfend durch die Weinberge, bevor wir dann im Panaromasaal unser Abendessen \u201eNacka vom Mohrle\u201c mit Sp\u00e4tzle, schw\u00e4bischem Kartoffelsalat und Salat genie\u00dfen konnten. Bei der anschlie\u00dfenden Weinprobe, teils im Panoramasaal und teils im Holzfasskeller mit beleuchteter Naturkeuperwand, erkl\u00e4rte uns Herr Baumg\u00e4rtner die Philosophie des Weinguts. Um 21 Uhr mussten wir die Probe beenden, damit unser Busfahrer Christian seine Ruhezeit einhalten konnte.<\/p>\n\n\n\n<p><strong>Samstag, 12.10.2019<\/strong><\/p>\n\n\n\n<p>Heute stand die sch\u00f6ne Barockstadt Ludwigsburg auf unserem Programm. P\u00fcnktlich um 8:45 Uhr starteten wir ab Hotel. Nach einer reibungslosen Fahrt erreichten wir Ludwigsburg bereits um 9:30 Uhr. Um 10 Uhr begann unsere 1,5 st\u00fcndige F\u00fchrung durch die beeindruckende Stadt.<br>Nach einer rund 2-st\u00fcndigen Freizeit stand die erste Weinprobe an diesem Tag in dem \u201eWein und Gut Frank\u201c an. Die beiden jungen Inhaber \u00fcberzeugten durch sehr gute Weine und die sympathische kurzweilige Pr\u00e4sentation ihrer Erzeugnisse. Nach einer 45-min\u00fctigen Fahrt erreichten wir um 17:15 Uhr unser Hotel. Dort konnten wir uns noch kurz von dem ereignisreichen Tag erholen, bevor dann um 19 Uhr unser Degustationsmen\u00fc im Hotel begann. Der Winzer Markus Busch, der als Winzer des Jahres 2016 \/ 2017 sowie Winzer des Jahres 2017 \/ 2018 ausgezeichnet wurde, moderierte den Abend und stellte seine Weine zu den einzelnen G\u00e4ngen vor. Dass Markus Busch und seine Ansichten zum Teil polarisierend sind, war den Organisatoren dieser Weinreise durchaus bewusst. Von daher war es auch nicht verwunderlich, dass seine lockere selbstbewusste Art nicht bei allen Teilnehmern ankam. Alles in allem war es aber ein gelungener informativer Abend. Das Viergangmen\u00fc war hervorragend und die ausgesuchten qualitativ hochwertigen Weine passten sehr gut.<\/p>\n\n\n\n<p><strong>Sonntag, 13.10.2019<\/strong><\/p>\n\n\n\n<p>Bei strahlendem Sonnenschein haben wir das Hotel verlassen und sind zur letzten Station dieser Reise, der Bergstr\u00e4sser Winzer eG in Heppenheim aufgebrochen. Um 12:30 Uhr erreichten wir schneller als geplant das Ziel unserer letzten Weinprobe f\u00fcr diese Reise. Begr\u00fc\u00dft wurden wir von Caroline Guthier, Mitarbeiterin der Bergstr\u00e4sser Winzer eG und ehemalige Gebietsweink\u00f6nigin und Deutsche Weinprinzessinnen 2015\/2016. Bei einer Winzervesper f\u00fchrte sie uns kompetent durch die Weinprobe von einem Sekt und 6 Weinen. Frisch gest\u00e4rkt starteten wir um 15 Uhr in Richtung Heimat. Nach den Zwischenhalten in Strickerdicke und Unna erreichten wir Hemmerde &#8211; genau wie in dem Ablaufplan angek\u00fcndigt &#8211; um 18:30 Uhr.<\/p>\n\n\n\n<p>Monika Bley<\/p>\n","protected":false},"excerpt":{"rendered":"<p>Mittwoch, 09.10.2019 bis Sonntag, 13.10.2019 Mittwoch, 09.10.2020 P\u00fcnktlich um 6:30 Uhr starteten wir in Hemmerde zu unserer Weinreise. Nachdem weitere Teilnehmer in Unna und Strickerdicke zugestiegen waren, ging es los. Gegen 10 Uhr erreichten wir unser Pausenziel den \u201eRasthof Taunusblick &hellip; <a href=\"https:\/\/www.weinfreunde-vom-hellweg.de\/alex\/wordpress\/?page_id=4425\">Weiterlesen <span class=\"meta-nav\">&rarr;<\/span><\/a><\/p>\n","protected":false},"author":14,"featured_media":0,"parent":4386,"menu_order":60,"comment_status":"closed","ping_status":"closed","template":"","meta":{"ngg_post_thumbnail":0,"footnotes":""},"class_list":["post-4425","page","type-page","status-publish","hentry"],"_links":{"self":[{"href":"https:\/\/www.weinfreunde-vom-hellweg.de\/alex\/wordpress\/index.php?rest_route=\/wp\/v2\/pages\/4425","targetHints":{"allow":["GET"]}}],"collection":[{"href":"https:\/\/www.weinfreunde-vom-hellweg.de\/alex\/wordpress\/index.php?rest_route=\/wp\/v2\/pages"}],"about":[{"href":"https:\/\/www.weinfreunde-vom-hellweg.de\/alex\/wordpress\/index.php?rest_route=\/wp\/v2\/types\/page"}],"author":[{"embeddable":true,"href":"https:\/\/www.weinfreunde-vom-hellweg.de\/alex\/wordpress\/index.php?rest_route=\/wp\/v2\/users\/14"}],"replies":[{"embeddable":true,"href":"https:\/\/www.weinfreunde-vom-hellweg.de\/alex\/wordpress\/index.php?rest_route=%2Fwp%2Fv2%2Fcomments&post=4425"}],"version-history":[{"count":3,"href":"https:\/\/www.weinfreunde-vom-hellweg.de\/alex\/wordpress\/index.php?rest_route=\/wp\/v2\/pages\/4425\/revisions"}],"predecessor-version":[{"id":5169,"href":"https:\/\/www.weinfreunde-vom-hellweg.de\/alex\/wordpress\/index.php?rest_route=\/wp\/v2\/pages\/4425\/revisions\/5169"}],"up":[{"embeddable":true,"href":"https:\/\/www.weinfreunde-vom-hellweg.de\/alex\/wordpress\/index.php?rest_route=\/wp\/v2\/pages\/4386"}],"wp:attachment":[{"href":"https:\/\/www.weinfreunde-vom-hellweg.de\/alex\/wordpress\/index.php?rest_route=%2Fwp%2Fv2%2Fmedia&parent=4425"}],"curies":[{"name":"wp","href":"https:\/\/api.w.org\/{rel}","templated":true}]}}

Weinreise Württemberg

<p>Mittwoch, 09.10.2019 bis Sonntag, 13.10.2019</p>



<p><strong>Mittwoch, 09.10.2020</strong></p>



<p>Pünktlich um 6:30 Uhr starteten wir in Hemmerde zu unserer Weinreise. Nachdem weitere Teilnehmer in Unna und Strickerdicke zugestiegen waren, ging es los. Gegen 10 Uhr erreichten wir unser Pausenziel den „Rasthof Taunusblick in Eschborn“. Dort stärkten wir uns bei Kaffee, ersten Württemberger Weinen sowie Pizzastangen und Wurstbrötchen von der Bäckerei Stricker aus Hemmerde. Danach ging es mit nur geringen Staus weiter zu unserem ersten Ziel, der Weingärtnergenossenschaft Winzer vom Weinsberger Tal in Löwenstein.<br>Nach einer Begrüßung durch den Vorstandsvorsitzenden Otto Freyer mit einem trockenen Riesling Sekt, stand eine Kellerführung auf dem Programm. Dort konnten wir zunächst die Anlieferung der Trauben und die ersten Schritte der Verarbeitung (Entrappung und Pressung) beobachten. Dies hatte ein Großteil der Weinfreunde so noch nie gesehen.<br>Bei einem weiteren Gang durch den Keller erklärte uns Otto Freyer in seiner humorvollen schwäbischen Art die weiteren Verarbeitungsschritte. Anschließend konnten wir uns bei einer Winzer Vesper und einem Weiß- und Rotwein stärken, bevor wir dann zu unserer ersten und einzigen Weinprobe an diesem Tag kamen.<br>Wir verkosteten einen Weißburgunder QbA trocken, eine Kerner Auslese, einen Bergrebellin-Rosewein QbA sowie an Rotweinen einen Merlot QbA trocken und einen Samtrot Spätlese. Anschließend präsentierte uns Otto Freyer zusätzlich noch einen weißen Bergrebell-Secco, der noch nicht auf der Karte stand. Alle waren sich darüber einig, dass es eine gelungene und humorvolle Präsentation war.<br>Um 15:30 Uhr ging es dann weiter zu unserer Unterkunft für die nächsten Tage, das komfortable 4-Sterne-Hotel Rose in Bretzfeld-Bitzfeld. Nach der Begrüßung mit Kaffee und Kuchen bezogen wir unsere Zimmer. Bis zum Abendessen um 19 Uhr konnte jeder die Zeit nach seinen Wünschen gestalten, was wohl bei den Meisten Koffer auspacken und Ausruhen war. Nach dem 3-gängigen Abendessen klang der Abend aus. Einige zogen die Bettruhe vor, während andere noch einen Reparaturtrunk an der Bar nahmen.</p>



<p><strong>Donnerstag, 10. 10.2019</strong></p>



<p>Nach einem reichhaltigen Frühstück im Hotel Rose brachen wir um 9.15 Uhr zu unserer ersten Weinprobe beim Weingut Fürst Hohenlohe in Verrenberg auf. Das VDP-Weingut liegt nur 15 Minuten vom Hotel entfernt, so dass wir bereits um 9:30 Uhr mit unserer ersten Weinprobe an diesem Tag beginnen konnten. Die Weinerlebnisführerin Frau Kretschmer hat uns mit viel Engagement und Herzblut Weine in verschiedenen Qualitätsstufen verkosten lassen. Die Besichtigung des sehenswerten Holzfasskellers rundete den Besuch dieses Weingutes ab.<br>Anschließend haben wir in dem zum Weingut gehörendem Restaurant Wiesenkelter unseren Mittagsimbiss eingenommen (Geröstete Maultaschen mit Kartoffelsalat).<br>Um 13 Uhr ging die Fahrt dann weiter nach Weinsberg zur „staatlichen Lehr-und Versuchsanstalt für Wein- und Obstbau“ (LVWO) und zum Staatsweingut Weinsberg. Nach einem Sekt zur Begrüßung durch Dr. Röhrig, ehemaliger Leiter der Brennerei der Versuchsanstalt, lernten wir im Rahmen einer Führung die Kellerei, die Brennerei, den Sektkeller und den Versuchs- und Holzfasskeller kennen. Bei der Führung hatten wir auch die Gelegenheit, Brände und bei der anschließenden Weinprobe verschiedene Weine des Staatsweinguts zu verkosten.<br>Um 16 Uhr ging es dann mit dem Bus weiter zu unserem letzten Ziel dieses Tages, dem Weinkonvent Dürrenzimmern, der bei der Bundesweinprämierung als Weinerzeuger des Jahres 2019 ausgezeichnet worden ist. Dort begrüßte uns der Verkaufsleiter Herr Thomas Trocha mit einem Sekt und Canapés. Herr Trocha hatte sich zur Unterstützung Herrn Schuster, ausgebildeter Weinerlebnisführer, geholt. Beide haben uns in abwechslungsreicher und anschaulicher Weise die Arbeit des Konvents erklärt und näher gebracht. Dazwischen konnten wir bei einem hervorragenden 3-gängigen Abendessen weitere ausgezeichnete Weine des Konvents kennenlernen, darunter auch einen Divinus Portugieser Barrique 2016, der wenige Tage danach Sieger beim 33. Deutschen Rotweinpreis geworden ist. Um 21 Uhr ging es dann nach einer rund einstündigen Fahrt zurück zu unserem Hotel. Die Zahl der Weinfreunde, die sich nach diesem anstrengenden Tag noch zu einem Absacker an der Bar trafen, war deutlich kleiner als am Abend vorher.<br>Alles in allem war es ein sehr schöner, aufschlussreicher aber auch anstrengender Tag, bei dem auch &#8211; entgegen aller Prognosen &#8211; im Großen und Ganzen auch das Wetter mitgespielt hat. Viel Gelegenheit, uns draußen aufzuhalten, hatten wir zwar nicht, aber auch bei den kurzen Gängen konnten die Schirme im Bus bleiben.</p>



<p><strong>Freitag, 11.10.2019</strong></p>



<p>Nach dem Frühstück ging es heute bereits um 9.00 Uhr los zu unserem ersten Ziel des Tages, der Felsengartenkellerei Besigheim in Hessigheim. Diese erreichten wir nach einer 40-minütigen Fahrt vorbei an eindrucksvollen Steillagen. Bei der Fahrt durch enge Gassen konnten wir wieder einmal mehr die ruhige und souveräne Fahrweise unseres Busfahrers Christian bewundern. In Hessigheim angekommen, erwartete uns vor der Felsengartenkellerei bereits das „schwäbische Urgestein“ Dieter Schedy mit einem Begrüßungssekt. Danach konnten wir dann in dieser schönen Atmosphäre noch drei weitere Weine, gewürzt mit schwäbischen Anekdoten, genießen.<br>Nach einer Kellerführung ging es dann weiter mit dem Programmpunkt „Der Schwabe und sein Wein“. Bei Weinprobe und einem Vesperteller erhielten wir durch Herrn Schedy viele weitere humorvolle Eindrücke in das schwäbische Leben. Der Abschied viel uns entsprechend schwer. Aber unser nächster Programmpunkt &#8211; eine Stadtführung in Brackenheim &#8211; stand an. Regine Sommerfeld von der Touristinformation hat uns die Stadt und das Leben von Theodor Heuss in einer sympathischen und humorvollen Art näher gebracht. Ein Glas Lemberger &#8211; das Lieblingsgetränk von Theodor Heuss &#8211; durfte dabei natürlich nicht fehlen.<br>Um 16:30 Uhr ging unsere Fahrt dann weiter zum Panoramaweingut Baumgärtner in Hohenhaslach. Durch seine exponierte Lage bietet das Weingut eine sehr schöne Aussicht über das Ludwigsburger Unterland bis zum Hohenasperg und nach Ludwigsburg. An Tagen mit guter Fernsicht kann man bis zur Schwäbischen Alb und bis zum Schwarzwald sehen. Wir konnten bei strahlendem Sonnenschein unseren Begrüßungssekt auf der Terrasse genießen. Herr Baumgärtner führte uns anschließend durch die Weinberge, bevor wir dann im Panaromasaal unser Abendessen „Nacka vom Mohrle“ mit Spätzle, schwäbischem Kartoffelsalat und Salat genießen konnten. Bei der anschließenden Weinprobe, teils im Panoramasaal und teils im Holzfasskeller mit beleuchteter Naturkeuperwand, erklärte uns Herr Baumgärtner die Philosophie des Weinguts. Um 21 Uhr mussten wir die Probe beenden, damit unser Busfahrer Christian seine Ruhezeit einhalten konnte.</p>



<p><strong>Samstag, 12.10.2019</strong></p>



<p>Heute stand die schöne Barockstadt Ludwigsburg auf unserem Programm. Pünktlich um 8:45 Uhr starteten wir ab Hotel. Nach einer reibungslosen Fahrt erreichten wir Ludwigsburg bereits um 9:30 Uhr. Um 10 Uhr begann unsere 1,5 stündige Führung durch die beeindruckende Stadt.<br>Nach einer rund 2-stündigen Freizeit stand die erste Weinprobe an diesem Tag in dem „Wein und Gut Frank“ an. Die beiden jungen Inhaber überzeugten durch sehr gute Weine und die sympathische kurzweilige Präsentation ihrer Erzeugnisse. Nach einer 45-minütigen Fahrt erreichten wir um 17:15 Uhr unser Hotel. Dort konnten wir uns noch kurz von dem ereignisreichen Tag erholen, bevor dann um 19 Uhr unser Degustationsmenü im Hotel begann. Der Winzer Markus Busch, der als Winzer des Jahres 2016 / 2017 sowie Winzer des Jahres 2017 / 2018 ausgezeichnet wurde, moderierte den Abend und stellte seine Weine zu den einzelnen Gängen vor. Dass Markus Busch und seine Ansichten zum Teil polarisierend sind, war den Organisatoren dieser Weinreise durchaus bewusst. Von daher war es auch nicht verwunderlich, dass seine lockere selbstbewusste Art nicht bei allen Teilnehmern ankam. Alles in allem war es aber ein gelungener informativer Abend. Das Viergangmenü war hervorragend und die ausgesuchten qualitativ hochwertigen Weine passten sehr gut.</p>



<p><strong>Sonntag, 13.10.2019</strong></p>



<p>Bei strahlendem Sonnenschein haben wir das Hotel verlassen und sind zur letzten Station dieser Reise, der Bergsträsser Winzer eG in Heppenheim aufgebrochen. Um 12:30 Uhr erreichten wir schneller als geplant das Ziel unserer letzten Weinprobe für diese Reise. Begrüßt wurden wir von Caroline Guthier, Mitarbeiterin der Bergsträsser Winzer eG und ehemalige Gebietsweinkönigin und Deutsche Weinprinzessinnen 2015/2016. Bei einer Winzervesper führte sie uns kompetent durch die Weinprobe von einem Sekt und 6 Weinen. Frisch gestärkt starteten wir um 15 Uhr in Richtung Heimat. Nach den Zwischenhalten in Strickerdicke und Unna erreichten wir Hemmerde &#8211; genau wie in dem Ablaufplan angekündigt &#8211; um 18:30 Uhr.</p>



<p>Monika Bley</p>

<p>Mittwoch, 09.10.2019 bis Sonntag, 13.10.2019 Mittwoch, 09.10.2020 Pünktlich um 6:30 Uhr starteten wir in Hemmerde zu unserer Weinreise. Nachdem weitere Teilnehmer in Unna und Strickerdicke zugestiegen waren, ging es los. Gegen 10 Uhr erreichten wir unser Pausenziel den „Rasthof Taunusblick &hellip; <a href="https://www.weinfreunde-vom-hellweg.de/alex/wordpress/?page_id=4425">Weiterlesen <span class="meta-nav">&rarr;</span></a></p>
