{"id":4616,"date":"2024-12-02T18:56:03","date_gmt":"2024-12-02T17:56:03","guid":{"rendered":"https:\/\/www.weinfreunde-vom-hellweg.de\/alex\/wordpress\/?page_id=4616"},"modified":"2024-12-02T20:07:05","modified_gmt":"2024-12-02T19:07:05","slug":"burgunder-weine","status":"publish","type":"page","link":"https:\/\/www.weinfreunde-vom-hellweg.de\/alex\/wordpress\/?page_id=4616","title":{"rendered":"Burgunder-Weine"},"content":{"rendered":"\n<p>Donnerstag, 18.05.2017, 19:30 Uhr im Atelier der Lindenbrauerei Unna<\/p>\n\n\n\n<p>Burgunder-Weine (franz. Pinot) haben eine lange Geschichte und alle ihre Herkunft in der franz\u00f6sischen Region Burgund. Die Pinot-Trauben gibt es schon seit weit \u00fcber 1.000 Jahren. Durch Mutationen und Kreuzungen haben sich im Laufe der Jahrhunderte verschiedene Rot- und Wei\u00dfweinsorten entwickelt, die alle zur Burgunder-Familie geh\u00f6ren.<\/p>\n\n\n\n<p>Jeder kennt sicherlich die Weinsorten \u201eSp\u00e4tburgunder\u201c (Pinot Noir), \u201eGrauburgunder\u201c (Pinot Gris, Pinot Grigio, Rul\u00e4nder) und \u201eWei\u00dfburgunder\u201c (Pinot Blanc). Aber nicht jedem wird bewusst sein, dass auch die Weinsorten \u201eSchwarzriesling\u201c, \u201eFr\u00fchburgunder\u201c, \u201eSt. Laurent\u201d und \u201eSamtrot\u201c sowie der \u201eChardonnay\u201c und der \u201eAuxerrois\u201c zur Burgunderfamilie geh\u00f6ren.<\/p>\n\n\n\n<p>Kurt Jannett vom Deutschen Weininstitut, der mit \u00fcber 1.000 durchgef\u00fchrten Seminaren und mehr als 20.000 Teilnehmern zu den erfahrensten Seminarleitern im deutschsprachigen Raum z\u00e4hlt, wird uns bei einer Degustation die Geschmacksvielfalt und das Potential der verschiedenen Weine der Burgunderfamilie n\u00e4herbringen.<\/p>\n\n\n\n<p><a href=\"https:\/\/www.weinfreunde-vom-hellweg.de\/alex\/wordpress\/wp-content\/uploads\/2017-05-18-Weinbewertung-Burgunder.pdf\" target=\"_blank\" rel=\"noreferrer noopener\">Weinbewertung<\/a> (PDF)<\/p>\n","protected":false},"excerpt":{"rendered":"<p>Donnerstag, 18.05.2017, 19:30 Uhr im Atelier der Lindenbrauerei Unna Burgunder-Weine (franz. Pinot) haben eine lange Geschichte und alle ihre Herkunft in der franz\u00f6sischen Region Burgund. Die Pinot-Trauben gibt es schon seit weit \u00fcber 1.000 Jahren. Durch Mutationen und Kreuzungen haben &hellip; <a href=\"https:\/\/www.weinfreunde-vom-hellweg.de\/alex\/wordpress\/?page_id=4616\">Weiterlesen <span class=\"meta-nav\">&rarr;<\/span><\/a><\/p>\n","protected":false},"author":14,"featured_media":0,"parent":4592,"menu_order":25,"comment_status":"closed","ping_status":"closed","template":"","meta":{"ngg_post_thumbnail":0,"footnotes":""},"class_list":["post-4616","page","type-page","status-publish","hentry"],"_links":{"self":[{"href":"https:\/\/www.weinfreunde-vom-hellweg.de\/alex\/wordpress\/index.php?rest_route=\/wp\/v2\/pages\/4616","targetHints":{"allow":["GET"]}}],"collection":[{"href":"https:\/\/www.weinfreunde-vom-hellweg.de\/alex\/wordpress\/index.php?rest_route=\/wp\/v2\/pages"}],"about":[{"href":"https:\/\/www.weinfreunde-vom-hellweg.de\/alex\/wordpress\/index.php?rest_route=\/wp\/v2\/types\/page"}],"author":[{"embeddable":true,"href":"https:\/\/www.weinfreunde-vom-hellweg.de\/alex\/wordpress\/index.php?rest_route=\/wp\/v2\/users\/14"}],"replies":[{"embeddable":true,"href":"https:\/\/www.weinfreunde-vom-hellweg.de\/alex\/wordpress\/index.php?rest_route=%2Fwp%2Fv2%2Fcomments&post=4616"}],"version-history":[{"count":3,"href":"https:\/\/www.weinfreunde-vom-hellweg.de\/alex\/wordpress\/index.php?rest_route=\/wp\/v2\/pages\/4616\/revisions"}],"predecessor-version":[{"id":4672,"href":"https:\/\/www.weinfreunde-vom-hellweg.de\/alex\/wordpress\/index.php?rest_route=\/wp\/v2\/pages\/4616\/revisions\/4672"}],"up":[{"embeddable":true,"href":"https:\/\/www.weinfreunde-vom-hellweg.de\/alex\/wordpress\/index.php?rest_route=\/wp\/v2\/pages\/4592"}],"wp:attachment":[{"href":"https:\/\/www.weinfreunde-vom-hellweg.de\/alex\/wordpress\/index.php?rest_route=%2Fwp%2Fv2%2Fmedia&parent=4616"}],"curies":[{"name":"wp","href":"https:\/\/api.w.org\/{rel}","templated":true}]}}