{"id":4688,"date":"2024-12-03T17:25:17","date_gmt":"2024-12-03T16:25:17","guid":{"rendered":"https:\/\/www.weinfreunde-vom-hellweg.de\/alex\/wordpress\/?page_id=4688"},"modified":"2024-12-04T16:55:04","modified_gmt":"2024-12-04T15:55:04","slug":"port-der-aelteste-qualitaetswein-der-welt","status":"publish","type":"page","link":"https:\/\/www.weinfreunde-vom-hellweg.de\/alex\/wordpress\/?page_id=4688","title":{"rendered":"Port \u2013 der \u00e4lteste Qualit\u00e4tswein der Welt"},"content":{"rendered":"\n<p>Donnerstag, 21.10.2010, 19:30 Uhr im Katharinentreff Unna<\/p>\n\n\n\n<p>Auf eine Reise entlang des Flusses Douro in Portugal entf\u00fchrt Ralf Tegethoff die Weinfreunde. Das Anbaugebiet wird in drei Regionen eingeteilt: Baixo Corgo (westliches Gebiet), Cima Corgo (Mitte) und Douro Superior (\u00f6stliches Gebiet). N\u00f6rdlich und s\u00fcdlich des Flusses erheben sich zwei m\u00e4chtige Gebirge. Sie sch\u00fctzen das Anbaugebiet vor zu viel Feuchtigkeit und vor Winden, die vom Atlantik kommen. Die Winter sind sehr kalt und die Sommer sehr hei\u00df.<\/p>\n\n\n\n<p>Portwein ist ein Dessertwein, benannt nach der Hafenstadt Porto. Es gibt ihn von dunkelrot bis hellgelb. Viele Kategorien und unterschiedliche Ausbaustile unterscheiden ihn. Erst nachdem der Wein 2 Jahre in einem Holzfass gelagert hat, entscheidet der Winzer \u00fcber die weitere Verwendung. Ein durchschnittlicher Jahrgang hat keine lange Reifezeit, ein \u00fcberdurchschnittlicher Jahrgang bleibt l\u00e4nger im gro\u00dfen Fass und wird sp\u00e4ter in kleinere F\u00e4sser umgef\u00fcllt.<\/p>\n\n\n\n<p><a href=\"https:\/\/www.weinfreunde-vom-hellweg.de\/alex\/wordpress\/wp-content\/uploads\/2010-10-21-Bewertung-Portwein.pdf\" target=\"_blank\" rel=\"noreferrer noopener\">Weinbewertung<\/a> (PDF)<\/p>\n","protected":false},"excerpt":{"rendered":"<p>Donnerstag, 21.10.2010, 19:30 Uhr im Katharinentreff Unna Auf eine Reise entlang des Flusses Douro in Portugal entf\u00fchrt Ralf Tegethoff die Weinfreunde. Das Anbaugebiet wird in drei Regionen eingeteilt: Baixo Corgo (westliches Gebiet), Cima Corgo (Mitte) und Douro Superior (\u00f6stliches Gebiet). &hellip; <a href=\"https:\/\/www.weinfreunde-vom-hellweg.de\/alex\/wordpress\/?page_id=4688\">Weiterlesen <span class=\"meta-nav\">&rarr;<\/span><\/a><\/p>\n","protected":false},"author":14,"featured_media":0,"parent":3232,"menu_order":20,"comment_status":"closed","ping_status":"closed","template":"","meta":{"ngg_post_thumbnail":0,"footnotes":""},"class_list":["post-4688","page","type-page","status-publish","hentry"],"_links":{"self":[{"href":"https:\/\/www.weinfreunde-vom-hellweg.de\/alex\/wordpress\/index.php?rest_route=\/wp\/v2\/pages\/4688","targetHints":{"allow":["GET"]}}],"collection":[{"href":"https:\/\/www.weinfreunde-vom-hellweg.de\/alex\/wordpress\/index.php?rest_route=\/wp\/v2\/pages"}],"about":[{"href":"https:\/\/www.weinfreunde-vom-hellweg.de\/alex\/wordpress\/index.php?rest_route=\/wp\/v2\/types\/page"}],"author":[{"embeddable":true,"href":"https:\/\/www.weinfreunde-vom-hellweg.de\/alex\/wordpress\/index.php?rest_route=\/wp\/v2\/users\/14"}],"replies":[{"embeddable":true,"href":"https:\/\/www.weinfreunde-vom-hellweg.de\/alex\/wordpress\/index.php?rest_route=%2Fwp%2Fv2%2Fcomments&post=4688"}],"version-history":[{"count":3,"href":"https:\/\/www.weinfreunde-vom-hellweg.de\/alex\/wordpress\/index.php?rest_route=\/wp\/v2\/pages\/4688\/revisions"}],"predecessor-version":[{"id":4711,"href":"https:\/\/www.weinfreunde-vom-hellweg.de\/alex\/wordpress\/index.php?rest_route=\/wp\/v2\/pages\/4688\/revisions\/4711"}],"up":[{"embeddable":true,"href":"https:\/\/www.weinfreunde-vom-hellweg.de\/alex\/wordpress\/index.php?rest_route=\/wp\/v2\/pages\/3232"}],"wp:attachment":[{"href":"https:\/\/www.weinfreunde-vom-hellweg.de\/alex\/wordpress\/index.php?rest_route=%2Fwp%2Fv2%2Fmedia&parent=4688"}],"curies":[{"name":"wp","href":"https:\/\/api.w.org\/{rel}","templated":true}]}}

Port – der älteste Qualitätswein der Welt

<p>Donnerstag, 21.10.2010, 19:30 Uhr im Katharinentreff Unna</p>



<p>Auf eine Reise entlang des Flusses Douro in Portugal entführt Ralf Tegethoff die Weinfreunde. Das Anbaugebiet wird in drei Regionen eingeteilt: Baixo Corgo (westliches Gebiet), Cima Corgo (Mitte) und Douro Superior (östliches Gebiet). Nördlich und südlich des Flusses erheben sich zwei mächtige Gebirge. Sie schützen das Anbaugebiet vor zu viel Feuchtigkeit und vor Winden, die vom Atlantik kommen. Die Winter sind sehr kalt und die Sommer sehr heiß.</p>



<p>Portwein ist ein Dessertwein, benannt nach der Hafenstadt Porto. Es gibt ihn von dunkelrot bis hellgelb. Viele Kategorien und unterschiedliche Ausbaustile unterscheiden ihn. Erst nachdem der Wein 2 Jahre in einem Holzfass gelagert hat, entscheidet der Winzer über die weitere Verwendung. Ein durchschnittlicher Jahrgang hat keine lange Reifezeit, ein überdurchschnittlicher Jahrgang bleibt länger im großen Fass und wird später in kleinere Fässer umgefüllt.</p>



<p><a href="https://www.weinfreunde-vom-hellweg.de/alex/wordpress/wp-content/uploads/2010-10-21-Bewertung-Portwein.pdf" target="_blank" rel="noreferrer noopener">Weinbewertung</a> (PDF)</p>

<p>Donnerstag, 21.10.2010, 19:30 Uhr im Katharinentreff Unna Auf eine Reise entlang des Flusses Douro in Portugal entführt Ralf Tegethoff die Weinfreunde. Das Anbaugebiet wird in drei Regionen eingeteilt: Baixo Corgo (westliches Gebiet), Cima Corgo (Mitte) und Douro Superior (östliches Gebiet). &hellip; <a href="https://www.weinfreunde-vom-hellweg.de/alex/wordpress/?page_id=4688">Weiterlesen <span class="meta-nav">&rarr;</span></a></p>
