{"id":4728,"date":"2024-12-05T07:37:51","date_gmt":"2024-12-05T06:37:51","guid":{"rendered":"https:\/\/www.weinfreunde-vom-hellweg.de\/alex\/wordpress\/?page_id=4728"},"modified":"2025-06-18T20:00:44","modified_gmt":"2025-06-18T18:00:44","slug":"jubilaeumsausflug-nach-bacharach","status":"publish","type":"page","link":"https:\/\/www.weinfreunde-vom-hellweg.de\/alex\/wordpress\/?page_id=4728","title":{"rendered":"Jubil\u00e4umsausflug nach Bacharach"},"content":{"rendered":"\n<p>Samstag, 17.05.2025, ab 9 Uhr<\/p>\n\n\n\n<p>Liebe Weinfreundinnen und Weinfreunde,<br><br>der 17.05.2025 ist ein besonderer Tag f\u00fcr die Weinfreunde vom Hellweg, denn dann feiern wir unser 25-j\u00e4hriges Vereinsjubil\u00e4um. Dies m\u00f6chten wir gemeinsam mit Euch im Rahmen eines Ausflugs nach Bacharach ins Weltkulturerbe Mittelrhein feiern. Geplant ist, dass wir um 9.00 Uhr mit dem Bus vom Bahnhof Unna starten, um bei der Mittelrhein-Weinmesse die Jahrgangspr\u00e4sentation der Weine der Winzer des Mittelrheintals zu erleben, die Weine zu verkosten und bei einem Stadtrundgang die Stadt Bacharach kennen zu lernen. Den Abschluss bildet ein festliches Men\u00fc mit Weinbegleitung, bevor wir gegen 21.00 Uhr die R\u00fcckreise nach Unna antreten werden. <\/p>\n\n\n\n<p><a href=\"https:\/\/www.weinfreunde-vom-hellweg.de\/alex\/wordpress\/wp-content\/uploads\/2025-05-17-Grusswort.pdf\" target=\"_blank\" rel=\"noreferrer noopener\">Gru\u00dfwort des Vereinsvorsitzenden<\/a><\/p>\n\n\n\n<p><a href=\"https:\/\/www.weinfreunde-vom-hellweg.de\/alex\/wordpress\/wp-content\/uploads\/2025-05-17-Bacharach-Menue-und-Weine.pdf\" target=\"_blank\" rel=\"noreferrer noopener\">Men\u00fcfolge Gala-Men\u00fc und korrespondierende Weine in St\u00fcbers Restaurant<\/a><\/p>\n\n\n\nngg_shortcode_0_placeholder\n","protected":false},"excerpt":{"rendered":"<p>Samstag, 17.05.2025, ab 9 Uhr Liebe Weinfreundinnen und Weinfreunde, der 17.05.2025 ist ein besonderer Tag f\u00fcr die Weinfreunde vom Hellweg, denn dann feiern wir unser 25-j\u00e4hriges Vereinsjubil\u00e4um. Dies m\u00f6chten wir gemeinsam mit Euch im Rahmen eines Ausflugs nach Bacharach ins &hellip; <a href=\"https:\/\/www.weinfreunde-vom-hellweg.de\/alex\/wordpress\/?page_id=4728\">Weiterlesen <span class=\"meta-nav\">&rarr;<\/span><\/a><\/p>\n","protected":false},"author":14,"featured_media":0,"parent":3389,"menu_order":40,"comment_status":"closed","ping_status":"closed","template":"","meta":{"ngg_post_thumbnail":0,"footnotes":""},"class_list":["post-4728","page","type-page","status-publish","hentry"],"_links":{"self":[{"href":"https:\/\/www.weinfreunde-vom-hellweg.de\/alex\/wordpress\/index.php?rest_route=\/wp\/v2\/pages\/4728","targetHints":{"allow":["GET"]}}],"collection":[{"href":"https:\/\/www.weinfreunde-vom-hellweg.de\/alex\/wordpress\/index.php?rest_route=\/wp\/v2\/pages"}],"about":[{"href":"https:\/\/www.weinfreunde-vom-hellweg.de\/alex\/wordpress\/index.php?rest_route=\/wp\/v2\/types\/page"}],"author":[{"embeddable":true,"href":"https:\/\/www.weinfreunde-vom-hellweg.de\/alex\/wordpress\/index.php?rest_route=\/wp\/v2\/users\/14"}],"replies":[{"embeddable":true,"href":"https:\/\/www.weinfreunde-vom-hellweg.de\/alex\/wordpress\/index.php?rest_route=%2Fwp%2Fv2%2Fcomments&post=4728"}],"version-history":[{"count":6,"href":"https:\/\/www.weinfreunde-vom-hellweg.de\/alex\/wordpress\/index.php?rest_route=\/wp\/v2\/pages\/4728\/revisions"}],"predecessor-version":[{"id":5732,"href":"https:\/\/www.weinfreunde-vom-hellweg.de\/alex\/wordpress\/index.php?rest_route=\/wp\/v2\/pages\/4728\/revisions\/5732"}],"up":[{"embeddable":true,"href":"https:\/\/www.weinfreunde-vom-hellweg.de\/alex\/wordpress\/index.php?rest_route=\/wp\/v2\/pages\/3389"}],"wp:attachment":[{"href":"https:\/\/www.weinfreunde-vom-hellweg.de\/alex\/wordpress\/index.php?rest_route=%2Fwp%2Fv2%2Fmedia&parent=4728"}],"curies":[{"name":"wp","href":"https:\/\/api.w.org\/{rel}","templated":true}]}}

Jubiläumsausflug nach Bacharach

<p>Samstag, 17.05.2025, ab 9 Uhr</p>



<p>Liebe Weinfreundinnen und Weinfreunde,<br><br>der 17.05.2025 ist ein besonderer Tag für die Weinfreunde vom Hellweg, denn dann feiern wir unser 25-jähriges Vereinsjubiläum. Dies möchten wir gemeinsam mit Euch im Rahmen eines Ausflugs nach Bacharach ins Weltkulturerbe Mittelrhein feiern. Geplant ist, dass wir um 9.00 Uhr mit dem Bus vom Bahnhof Unna starten, um bei der Mittelrhein-Weinmesse die Jahrgangspräsentation der Weine der Winzer des Mittelrheintals zu erleben, die Weine zu verkosten und bei einem Stadtrundgang die Stadt Bacharach kennen zu lernen. Den Abschluss bildet ein festliches Menü mit Weinbegleitung, bevor wir gegen 21.00 Uhr die Rückreise nach Unna antreten werden. </p>



<p><a href="https://www.weinfreunde-vom-hellweg.de/alex/wordpress/wp-content/uploads/2025-05-17-Grusswort.pdf" target="_blank" rel="noreferrer noopener">Grußwort des Vereinsvorsitzenden</a></p>



<p><a href="https://www.weinfreunde-vom-hellweg.de/alex/wordpress/wp-content/uploads/2025-05-17-Bacharach-Menue-und-Weine.pdf" target="_blank" rel="noreferrer noopener">Menüfolge Gala-Menü und korrespondierende Weine in Stübers Restaurant</a></p>



ngg_shortcode_0_placeholder

<p>Samstag, 17.05.2025, ab 9 Uhr Liebe Weinfreundinnen und Weinfreunde, der 17.05.2025 ist ein besonderer Tag für die Weinfreunde vom Hellweg, denn dann feiern wir unser 25-jähriges Vereinsjubiläum. Dies möchten wir gemeinsam mit Euch im Rahmen eines Ausflugs nach Bacharach ins &hellip; <a href="https://www.weinfreunde-vom-hellweg.de/alex/wordpress/?page_id=4728">Weiterlesen <span class="meta-nav">&rarr;</span></a></p>
