{"id":4742,"date":"2024-12-09T19:24:45","date_gmt":"2024-12-09T18:24:45","guid":{"rendered":"https:\/\/www.weinfreunde-vom-hellweg.de\/alex\/wordpress\/?page_id=4742"},"modified":"2024-12-10T11:31:45","modified_gmt":"2024-12-10T10:31:45","slug":"jahreschronik-2000","status":"publish","type":"page","link":"https:\/\/www.weinfreunde-vom-hellweg.de\/alex\/wordpress\/?page_id=4742","title":{"rendered":"Jahreschronik 2000"},"content":{"rendered":"\n<hr class=\"wp-block-separator aligncenter has-alpha-channel-opacity is-style-wide\"\/>\n\n\n\n<p><strong>Erstes Treffen<\/strong><br>Donnerstag, 20. 01.2000 im Caf\u00e9 Schulte in Unna<\/p>\n\n\n\n<p>Das erste von insgesamt 6 Treffen vor der Vereinsgr\u00fcndung fand am 20.01.2000 im Caf\u00e9 Schulte in Unna statt. Teilnehmer waren:<br> &#8211; Heidi und Reiner Sch\u00e4fer<br> &#8211; Wolfgang Roll<br> &#8211; Dr. Ursula und Michael Kullmann<br> &#8211; Gabriele K\u00fcmper<br> &#8211; Dr. Ralph Tegethoff<br> &#8211; Frank Schepp<br> &#8211; Ulrike und Konrad Roggenbruck<br> &#8211; Peter Schampera<br> &#8211; Helmut Hartleif<br> &#8211; Heike und Detlef Krischek<\/p>\n\n\n\n<p>\u00dcber folgende Punkte wurde diskutiert:<br> &#8211; Besprechung der Satzung<br> &#8211; Vereinsname und Siegel wurden festgelegt<br> &#8211; Wahlspruch<br> &#8211; Festlegung des Tagungsorts<br> &#8211; Tagesordnung<\/p>\n\n\n\n<hr class=\"wp-block-separator aligncenter has-alpha-channel-opacity is-style-wide\"\/>\n\n\n\n<p><strong>Gr\u00fcndungsversammlung<\/strong><br>Mittwoch, 17. 05.2000 im Nicolaihaus in Unna<\/p>\n\n\n\n<p>Die Gr\u00fcndungsversammlung wurde von Reiner Sch\u00e4fer er\u00f6ffnet.<br>Herr Brinkmann, Vorsitzender des Musikvereins, stellte uns das \u00e4lteste Ackerb\u00fcrgerhaus Unnas, das Nicolaihaus, vor. Die Veranstaltung wurde&nbsp; musikalisch von Herrn Thiel untermalt.<\/p>\n\n\n\n<p>Nachdem Herr Sch\u00e4fer einstimmig zum Vorsitzenden gew\u00e4hlt worden war, stellte er die Ziele des Vereins vor. Die Satzung des Vereins wurde einstimmig angenommen. Der gesamte Vorstand wurde einstimmig gew\u00e4hlt. Herr Schampera stellte den vorl\u00e4ufigen Veranstaltungsplan vor. Die Treffen des Weinvereins finden in der Lindenbrauerei statt.<br>Das Vereinslogo wurde vorgestellt:<\/p>\n\n\n\n<figure class=\"wp-block-image size-full is-resized\"><img loading=\"lazy\" decoding=\"async\" width=\"351\" height=\"356\" src=\"https:\/\/www.weinfreunde-vom-hellweg.de\/alex\/wordpress\/wp-content\/uploads\/image.png\" alt=\"\" class=\"wp-image-4746\" style=\"width:215px;height:auto\" srcset=\"https:\/\/www.weinfreunde-vom-hellweg.de\/alex\/wordpress\/wp-content\/uploads\/image.png 351w, https:\/\/www.weinfreunde-vom-hellweg.de\/alex\/wordpress\/wp-content\/uploads\/image-296x300.png 296w\" sizes=\"auto, (max-width: 351px) 100vw, 351px\" \/><\/figure>\n\n\n\n<p>Anzahl der Anwesenden: 37 Personen. In den Vorstand wurden gew\u00e4hlt:<br> &#8211; Vorsitzender:&nbsp;&nbsp;&nbsp;&nbsp; Rainer Sch\u00e4fer<br> &#8211; Stellvertreter:&nbsp;&nbsp;&nbsp; Peter Schampera<br> &#8211; Schatzmeister:&nbsp;&nbsp; Dr. Ralph Tegethoff<br> &#8211; Schriftf\u00fchrerin:&nbsp; Heidi Sch\u00e4fer<br> &#8211; Beisitzer:<br>&nbsp;&nbsp;&nbsp;&nbsp;&nbsp;&nbsp;&nbsp;&nbsp;&nbsp;&nbsp;&nbsp;&nbsp;&nbsp;&nbsp; Gisela Lachmitz<br>&nbsp;&nbsp;&nbsp;&nbsp;&nbsp;&nbsp;&nbsp;&nbsp;&nbsp;&nbsp;&nbsp;&nbsp;&nbsp;&nbsp; Maria Menne<br>&nbsp;&nbsp;&nbsp;&nbsp;&nbsp;&nbsp;&nbsp;&nbsp;&nbsp;&nbsp;&nbsp;&nbsp;&nbsp;&nbsp; Karl Maringer<br>&nbsp;&nbsp;&nbsp;&nbsp;&nbsp;&nbsp;&nbsp;&nbsp;&nbsp;&nbsp;&nbsp;&nbsp;&nbsp;&nbsp; Frank Alexander Schepp<br>&nbsp;&nbsp;&nbsp;&nbsp;&nbsp;&nbsp;&nbsp;&nbsp;&nbsp;&nbsp;&nbsp;&nbsp;&nbsp;&nbsp; Detlef Krischek<br> &#8211; Rechnungspr\u00fcfer:<br>&nbsp;&nbsp;&nbsp;&nbsp;&nbsp;&nbsp;&nbsp;&nbsp;&nbsp;&nbsp;&nbsp;&nbsp;&nbsp;&nbsp; Michael Wiedemann<br>&nbsp;&nbsp;&nbsp;&nbsp;&nbsp;&nbsp;&nbsp;&nbsp;&nbsp;&nbsp;&nbsp;&nbsp;&nbsp;&nbsp; Friedhelm Scheiter<\/p>\n\n\n\n<hr class=\"wp-block-separator aligncenter has-alpha-channel-opacity is-style-wide\"\/>\n\n\n\n<p><strong>Ungarischer Wein<\/strong><br>Dienstag, 27.06.2000 in der Lindenbrauerei Unna<\/p>\n\n\n\n<p>In der Lindenbrauerei in Unna trafen wir uns zu einer Weinprobe mit Weinen aus den verschiedenen Provinzen Ungarns. Vorgestellt und kommentiert wurden die Weine von Herrn Peter G\u00e4bler. Anzahl der Teilnehmer: 19 Personen.<\/p>\n\n\n\n<p>Diese Weine wurden verk\u00f6stigt:<br> &#8211; 1997er Blaustengler aus BADACSONY<br> &#8211; 1997er Welschriesling aus CSOPAK<br> &#8211; 1998er Sauvignon Blanc aus TOLNA<br> &#8211; 1997er Tausendgut aus M\u00d3R<br> &#8211; 1998er Irsai Oliv\u00e9r aus TOLNA<br> &#8211; 1997er Chardonnay (Barrique) aus K\u00c0L-BECKEN<br> &#8211; 1998er Pink Pinot Grigio aus TOLNA<br> &#8211; 1996er Merlot aus SZEKSZ\u00c1RD<br> &#8211; 1997er Stierblut (Cuv\u00e9e) aus EGER<br> &#8211; 1995er Pinot Noir aus H\u00c1JOS<br> &#8211; 1997er Blaufr\u00e4nkischer aus H\u00c1JOS<br> &#8211; 1997er Kopar Cu\u00e9e Barrique aus VILLANY<br> &#8211; 1997er Cabernet-Sauvignon Barrique aus VILLALNY<br> &#8211; 1993er Szanwrodri aus dem TOKAJI<br> &#8211; 1998er 4-buttiger Aezu (Ausbruch) aus dem TOKAJI<\/p>\n\n\n\n<hr class=\"wp-block-separator aligncenter has-alpha-channel-opacity is-style-wide\"\/>\n\n\n\n<p><strong>Pf\u00e4lzer Weinprobe<\/strong><br>Dienstag, 15.08.2000 in den Kellergew\u00f6lben von \u201eWohnidee Antik\u201c in Unna<\/p>\n\n\n\n<p>Durch die heutige Weinprobe mit ausgesuchten Weinen von dem Weingut Brand, Bockenheim\/Pfalz f\u00fchrte uns Herr Brand. Anzahl der Teilnehmer: 28 Personen.<\/p>\n\n\n\n<p>Diese Weine wurden verk\u00f6stigt:<br> &#8211; 1999er Bockenheimer Klosterschaffnerei Rivaner trocken<br> &#8211; 1998er Bockenheimer Sonnenberg Riesling Sp\u00e4tlese trocken<br> &#8211; 1999er M\u00fchlheimer Sonnenberg Wei\u00dfer Burgunder Sp\u00e4tlese trocken<br> &#8211; 1998er M\u00fchlheimer Sonnenberg Wei\u00dfer Burgunder Sp\u00e4tlese trocken im Barrique gereift<br> &#8211; 1995er Bockenheimer Sonnenberg Ortega Beerenauslese<br> &#8211; 1999er Bockenheimer Sonnenberg Portugieser trocken<br> &#8211; 1999er Bockenheimer Sonnenberg Sp\u00e4tburgunder Wei\u00dfherbst<br> &#8211; 1999er Bockenheimer Sonnenberg Portugieser Rotwein trocken<br> &#8211; 1999er Bockenheimer Grafenst\u00fcck Dornfelder Rotwein trocken<br> &#8211; 1998er Bockenheimer Grafenst\u00fcck Rotwein trocken \u2013 Cuve\u00e8 im Barrique gereift<br> &#8211; 1999er Bockenheimer Sonnenberg Portugieser Rotwein halbtrocken<br> &#8211; 1999er Bockenheimer Grafenst\u00fcck Dornfelder Rotwein<br>Dazu gab es Brot und K\u00e4se.<\/p>\n\n\n\n<hr class=\"wp-block-separator aligncenter has-alpha-channel-opacity is-style-wide\"\/>\n\n\n\n<p><strong>Bio-Weinprobe<\/strong><br>Donnerstag, 14.12.2000 im Atelier der Lindenbrauerei Unna<\/p>\n\n\n\n<p>Durch die Weinprobe, die im Atelier der Lindenbrauerei stattfand, f\u00fchrte uns mit sehr viel Weinwissen und ausf\u00fchrlichen Beschreibungen der vorgestellten Weine, Herr Peter Mertens von VinCe, Centrum f\u00fcr Weine aus kontrolliertem Anbau in Dortmund. Teilnehmer: 14 Personen.<\/p>\n\n\n\n<p>Diese Weine wurden verk\u00f6stigt:<br>Wei\u00dfweine:<br> &#8211; Bianco Trebbiano, V.d.T. trocken (Fritz Croissant)<br> &#8211; Riesling, Q.b.A. trocken (Weingut Steffens-Ke\u00df)<br> &#8211; Lo Bartas \u2013 Sauvignon blanc, V.d.P. trocken (Delhon)<br> &#8211; Silvaner Kabinett \u2013 trocken (Weingut Seeber)<br> &#8211; Grauburgunder Sp\u00e4tlese \u2013 trocken (Weingut Rainer Eymann)<br><br>Ros\u00e9wein:<br> &#8211; Sp\u00e4tburgunder Ros\u00e9 Q.b.A. halbtrocken (Weingut Dr. Becker)<br><br>Rotweine:<br> &#8211; Portugieser Rotwein Q.b.A. mild (Weingut Sch\u00f6nhals)<br> &#8211; Trollinger Q.b.A. halbtrocken (Hartmann Dippon)<br> &#8211; Lemberger Kabinett \u2013&nbsp; trocken (Hartmann Dippon)<br> &#8211; Dornfelder Rotwein,&nbsp; Q.b.A. trocken (Weingut Sch\u00f6nhals)<br> &#8211; Chianti, D.O.C.G. trocken (Fritz Croissant)<br> &#8211; GS 1, Q.b.A. trocken (Weingut Sander)<br> &#8211; Sp\u00e4tburgunder Rotwein Barrique, Sp\u00e4tlese \u2013 trocken (Weingut Seeber)<br> &#8211; Riesling Reiler Goldlay, Auslese \u2013 edels\u00fc\u00df (Weingut Steffens- Ke\u00df)<br><br>Dazu gab es Brot und K\u00e4se.<br><\/p>\n","protected":false},"excerpt":{"rendered":"<p>Erstes TreffenDonnerstag, 20. 01.2000 im Caf\u00e9 Schulte in Unna Das erste von insgesamt 6 Treffen vor der Vereinsgr\u00fcndung fand am 20.01.2000 im Caf\u00e9 Schulte in Unna statt. Teilnehmer waren: &#8211; Heidi und Reiner Sch\u00e4fer &#8211; Wolfgang Roll &#8211; Dr. Ursula &hellip; <a href=\"https:\/\/www.weinfreunde-vom-hellweg.de\/alex\/wordpress\/?page_id=4742\">Weiterlesen <span class=\"meta-nav\">&rarr;<\/span><\/a><\/p>\n","protected":false},"author":14,"featured_media":0,"parent":3098,"menu_order":2000,"comment_status":"closed","ping_status":"closed","template":"","meta":{"ngg_post_thumbnail":0,"footnotes":""},"class_list":["post-4742","page","type-page","status-publish","hentry"],"_links":{"self":[{"href":"https:\/\/www.weinfreunde-vom-hellweg.de\/alex\/wordpress\/index.php?rest_route=\/wp\/v2\/pages\/4742","targetHints":{"allow":["GET"]}}],"collection":[{"href":"https:\/\/www.weinfreunde-vom-hellweg.de\/alex\/wordpress\/index.php?rest_route=\/wp\/v2\/pages"}],"about":[{"href":"https:\/\/www.weinfreunde-vom-hellweg.de\/alex\/wordpress\/index.php?rest_route=\/wp\/v2\/types\/page"}],"author":[{"embeddable":true,"href":"https:\/\/www.weinfreunde-vom-hellweg.de\/alex\/wordpress\/index.php?rest_route=\/wp\/v2\/users\/14"}],"replies":[{"embeddable":true,"href":"https:\/\/www.weinfreunde-vom-hellweg.de\/alex\/wordpress\/index.php?rest_route=%2Fwp%2Fv2%2Fcomments&post=4742"}],"version-history":[{"count":6,"href":"https:\/\/www.weinfreunde-vom-hellweg.de\/alex\/wordpress\/index.php?rest_route=\/wp\/v2\/pages\/4742\/revisions"}],"predecessor-version":[{"id":4761,"href":"https:\/\/www.weinfreunde-vom-hellweg.de\/alex\/wordpress\/index.php?rest_route=\/wp\/v2\/pages\/4742\/revisions\/4761"}],"up":[{"embeddable":true,"href":"https:\/\/www.weinfreunde-vom-hellweg.de\/alex\/wordpress\/index.php?rest_route=\/wp\/v2\/pages\/3098"}],"wp:attachment":[{"href":"https:\/\/www.weinfreunde-vom-hellweg.de\/alex\/wordpress\/index.php?rest_route=%2Fwp%2Fv2%2Fmedia&parent=4742"}],"curies":[{"name":"wp","href":"https:\/\/api.w.org\/{rel}","templated":true}]}}

<hr class="wp-block-separator aligncenter has-alpha-channel-opacity is-style-wide"/>



<p><strong>Erstes Treffen</strong><br>Donnerstag, 20. 01.2000 im Café Schulte in Unna</p>



<p>Das erste von insgesamt 6 Treffen vor der Vereinsgründung fand am 20.01.2000 im Café Schulte in Unna statt. Teilnehmer waren:<br> &#8211; Heidi und Reiner Schäfer<br> &#8211; Wolfgang Roll<br> &#8211; Dr. Ursula und Michael Kullmann<br> &#8211; Gabriele Kümper<br> &#8211; Dr. Ralph Tegethoff<br> &#8211; Frank Schepp<br> &#8211; Ulrike und Konrad Roggenbruck<br> &#8211; Peter Schampera<br> &#8211; Helmut Hartleif<br> &#8211; Heike und Detlef Krischek</p>



<p>Über folgende Punkte wurde diskutiert:<br> &#8211; Besprechung der Satzung<br> &#8211; Vereinsname und Siegel wurden festgelegt<br> &#8211; Wahlspruch<br> &#8211; Festlegung des Tagungsorts<br> &#8211; Tagesordnung</p>



<hr class="wp-block-separator aligncenter has-alpha-channel-opacity is-style-wide"/>



<p><strong>Gründungsversammlung</strong><br>Mittwoch, 17. 05.2000 im Nicolaihaus in Unna</p>



<p>Die Gründungsversammlung wurde von Reiner Schäfer eröffnet.<br>Herr Brinkmann, Vorsitzender des Musikvereins, stellte uns das älteste Ackerbürgerhaus Unnas, das Nicolaihaus, vor. Die Veranstaltung wurde&nbsp; musikalisch von Herrn Thiel untermalt.</p>



<p>Nachdem Herr Schäfer einstimmig zum Vorsitzenden gewählt worden war, stellte er die Ziele des Vereins vor. Die Satzung des Vereins wurde einstimmig angenommen. Der gesamte Vorstand wurde einstimmig gewählt. Herr Schampera stellte den vorläufigen Veranstaltungsplan vor. Die Treffen des Weinvereins finden in der Lindenbrauerei statt.<br>Das Vereinslogo wurde vorgestellt:</p>



<figure class="wp-block-image size-full is-resized"><img loading="lazy" decoding="async" width="351" height="356" src="https://www.weinfreunde-vom-hellweg.de/alex/wordpress/wp-content/uploads/image.png" alt="" class="wp-image-4746" style="width:215px;height:auto" srcset="https://www.weinfreunde-vom-hellweg.de/alex/wordpress/wp-content/uploads/image.png 351w, https://www.weinfreunde-vom-hellweg.de/alex/wordpress/wp-content/uploads/image-296x300.png 296w" sizes="auto, (max-width: 351px) 100vw, 351px" /></figure>



<p>Anzahl der Anwesenden: 37 Personen. In den Vorstand wurden gewählt:<br> &#8211; Vorsitzender:&nbsp;&nbsp;&nbsp;&nbsp; Rainer Schäfer<br> &#8211; Stellvertreter:&nbsp;&nbsp;&nbsp; Peter Schampera<br> &#8211; Schatzmeister:&nbsp;&nbsp; Dr. Ralph Tegethoff<br> &#8211; Schriftführerin:&nbsp; Heidi Schäfer<br> &#8211; Beisitzer:<br>&nbsp;&nbsp;&nbsp;&nbsp;&nbsp;&nbsp;&nbsp;&nbsp;&nbsp;&nbsp;&nbsp;&nbsp;&nbsp;&nbsp; Gisela Lachmitz<br>&nbsp;&nbsp;&nbsp;&nbsp;&nbsp;&nbsp;&nbsp;&nbsp;&nbsp;&nbsp;&nbsp;&nbsp;&nbsp;&nbsp; Maria Menne<br>&nbsp;&nbsp;&nbsp;&nbsp;&nbsp;&nbsp;&nbsp;&nbsp;&nbsp;&nbsp;&nbsp;&nbsp;&nbsp;&nbsp; Karl Maringer<br>&nbsp;&nbsp;&nbsp;&nbsp;&nbsp;&nbsp;&nbsp;&nbsp;&nbsp;&nbsp;&nbsp;&nbsp;&nbsp;&nbsp; Frank Alexander Schepp<br>&nbsp;&nbsp;&nbsp;&nbsp;&nbsp;&nbsp;&nbsp;&nbsp;&nbsp;&nbsp;&nbsp;&nbsp;&nbsp;&nbsp; Detlef Krischek<br> &#8211; Rechnungsprüfer:<br>&nbsp;&nbsp;&nbsp;&nbsp;&nbsp;&nbsp;&nbsp;&nbsp;&nbsp;&nbsp;&nbsp;&nbsp;&nbsp;&nbsp; Michael Wiedemann<br>&nbsp;&nbsp;&nbsp;&nbsp;&nbsp;&nbsp;&nbsp;&nbsp;&nbsp;&nbsp;&nbsp;&nbsp;&nbsp;&nbsp; Friedhelm Scheiter</p>



<hr class="wp-block-separator aligncenter has-alpha-channel-opacity is-style-wide"/>



<p><strong>Ungarischer Wein</strong><br>Dienstag, 27.06.2000 in der Lindenbrauerei Unna</p>



<p>In der Lindenbrauerei in Unna trafen wir uns zu einer Weinprobe mit Weinen aus den verschiedenen Provinzen Ungarns. Vorgestellt und kommentiert wurden die Weine von Herrn Peter Gäbler. Anzahl der Teilnehmer: 19 Personen.</p>



<p>Diese Weine wurden verköstigt:<br> &#8211; 1997er Blaustengler aus BADACSONY<br> &#8211; 1997er Welschriesling aus CSOPAK<br> &#8211; 1998er Sauvignon Blanc aus TOLNA<br> &#8211; 1997er Tausendgut aus MÓR<br> &#8211; 1998er Irsai Olivér aus TOLNA<br> &#8211; 1997er Chardonnay (Barrique) aus KÀL-BECKEN<br> &#8211; 1998er Pink Pinot Grigio aus TOLNA<br> &#8211; 1996er Merlot aus SZEKSZÁRD<br> &#8211; 1997er Stierblut (Cuvée) aus EGER<br> &#8211; 1995er Pinot Noir aus HÁJOS<br> &#8211; 1997er Blaufränkischer aus HÁJOS<br> &#8211; 1997er Kopar Cuée Barrique aus VILLANY<br> &#8211; 1997er Cabernet-Sauvignon Barrique aus VILLALNY<br> &#8211; 1993er Szanwrodri aus dem TOKAJI<br> &#8211; 1998er 4-buttiger Aezu (Ausbruch) aus dem TOKAJI</p>



<hr class="wp-block-separator aligncenter has-alpha-channel-opacity is-style-wide"/>



<p><strong>Pfälzer Weinprobe</strong><br>Dienstag, 15.08.2000 in den Kellergewölben von „Wohnidee Antik“ in Unna</p>



<p>Durch die heutige Weinprobe mit ausgesuchten Weinen von dem Weingut Brand, Bockenheim/Pfalz führte uns Herr Brand. Anzahl der Teilnehmer: 28 Personen.</p>



<p>Diese Weine wurden verköstigt:<br> &#8211; 1999er Bockenheimer Klosterschaffnerei Rivaner trocken<br> &#8211; 1998er Bockenheimer Sonnenberg Riesling Spätlese trocken<br> &#8211; 1999er Mühlheimer Sonnenberg Weißer Burgunder Spätlese trocken<br> &#8211; 1998er Mühlheimer Sonnenberg Weißer Burgunder Spätlese trocken im Barrique gereift<br> &#8211; 1995er Bockenheimer Sonnenberg Ortega Beerenauslese<br> &#8211; 1999er Bockenheimer Sonnenberg Portugieser trocken<br> &#8211; 1999er Bockenheimer Sonnenberg Spätburgunder Weißherbst<br> &#8211; 1999er Bockenheimer Sonnenberg Portugieser Rotwein trocken<br> &#8211; 1999er Bockenheimer Grafenstück Dornfelder Rotwein trocken<br> &#8211; 1998er Bockenheimer Grafenstück Rotwein trocken – Cuveè im Barrique gereift<br> &#8211; 1999er Bockenheimer Sonnenberg Portugieser Rotwein halbtrocken<br> &#8211; 1999er Bockenheimer Grafenstück Dornfelder Rotwein<br>Dazu gab es Brot und Käse.</p>



<hr class="wp-block-separator aligncenter has-alpha-channel-opacity is-style-wide"/>



<p><strong>Bio-Weinprobe</strong><br>Donnerstag, 14.12.2000 im Atelier der Lindenbrauerei Unna</p>



<p>Durch die Weinprobe, die im Atelier der Lindenbrauerei stattfand, führte uns mit sehr viel Weinwissen und ausführlichen Beschreibungen der vorgestellten Weine, Herr Peter Mertens von VinCe, Centrum für Weine aus kontrolliertem Anbau in Dortmund. Teilnehmer: 14 Personen.</p>



<p>Diese Weine wurden verköstigt:<br>Weißweine:<br> &#8211; Bianco Trebbiano, V.d.T. trocken (Fritz Croissant)<br> &#8211; Riesling, Q.b.A. trocken (Weingut Steffens-Keß)<br> &#8211; Lo Bartas – Sauvignon blanc, V.d.P. trocken (Delhon)<br> &#8211; Silvaner Kabinett – trocken (Weingut Seeber)<br> &#8211; Grauburgunder Spätlese – trocken (Weingut Rainer Eymann)<br><br>Roséwein:<br> &#8211; Spätburgunder Rosé Q.b.A. halbtrocken (Weingut Dr. Becker)<br><br>Rotweine:<br> &#8211; Portugieser Rotwein Q.b.A. mild (Weingut Schönhals)<br> &#8211; Trollinger Q.b.A. halbtrocken (Hartmann Dippon)<br> &#8211; Lemberger Kabinett –&nbsp; trocken (Hartmann Dippon)<br> &#8211; Dornfelder Rotwein,&nbsp; Q.b.A. trocken (Weingut Schönhals)<br> &#8211; Chianti, D.O.C.G. trocken (Fritz Croissant)<br> &#8211; GS 1, Q.b.A. trocken (Weingut Sander)<br> &#8211; Spätburgunder Rotwein Barrique, Spätlese – trocken (Weingut Seeber)<br> &#8211; Riesling Reiler Goldlay, Auslese – edelsüß (Weingut Steffens- Keß)<br><br>Dazu gab es Brot und Käse.<br></p>

<p>Erstes TreffenDonnerstag, 20. 01.2000 im Café Schulte in Unna Das erste von insgesamt 6 Treffen vor der Vereinsgründung fand am 20.01.2000 im Café Schulte in Unna statt. Teilnehmer waren: &#8211; Heidi und Reiner Schäfer &#8211; Wolfgang Roll &#8211; Dr. Ursula &hellip; <a href="https://www.weinfreunde-vom-hellweg.de/alex/wordpress/?page_id=4742">Weiterlesen <span class="meta-nav">&rarr;</span></a></p>
