{"id":5011,"date":"2024-12-28T17:14:52","date_gmt":"2024-12-28T16:14:52","guid":{"rendered":"https:\/\/www.weinfreunde-vom-hellweg.de\/alex\/wordpress\/?page_id=5011"},"modified":"2024-12-28T17:17:52","modified_gmt":"2024-12-28T16:17:52","slug":"ein-literarisch-musikalischer-weinabend-im-advent","status":"publish","type":"page","link":"https:\/\/www.weinfreunde-vom-hellweg.de\/alex\/wordpress\/?page_id=5011","title":{"rendered":"Ein literarisch\u2013musikalischer Weinabend im Advent"},"content":{"rendered":"\n<p>Donnerstag, 02.12.2010, 19:30 Uhr im Caf\u00e9 Bellevue in Unna<\/p>\n\n\n\n<p>Rund 50 Mitglieder und Freunde nahmen an der adventlichen Feier des Weinvereins teil. Der festlich geschm\u00fcckte Raum im Caf\u00e9 Bellevue in Unna sorgte f\u00fcr eine behagliche Stimmung. Nach einer kurzen Begr\u00fc\u00dfung durch Reiner Sch\u00e4fer, konnten sich die G\u00e4ste an den von Weinfreundinnen gebackenen Weihnachtspl\u00e4tzchen laben. Eine leckere, gehaltvolle Gulaschsuppe war eine gute Grundlage f\u00fcr die anschlie\u00dfend zu verkostenden Weine. Geschichten, nachdenklich und lustig, vorgelesen von Mitgliederinnen, eine Bildbetrachtung, \u00fcber das Chorfenster der ev. Stadtkirche in Steinbach-Hallenberg\/Th\u00fcringen, vorgetragen von Herrn Pieper, und die Gesangseinlagen von Ulli Knies und seinen Freunden, lie\u00dfen den Abend schnell vergehen.<\/p>\n\n\n\n<p>Weinproben sind wie ferne Nachkl\u00e4nge dionysischer Magie, und etwas wie ein sakraler Zauber schwebt \u00fcber der Schar der And\u00e4chtigen. Ob sich nun eine Weinprobe unter \u00f6ffentlicher Flagge oder im eng vertrauten Freundeszirkel abspielt, ob sie im klerikalen oder profanen Kreise zelebriert, ob sie in festlichem Gewande oder im gesch\u00e4ftlichen einer Weinversteigerung aufgef\u00fchrt wird \u2013 ein Spiel, eine Zelebrierung, eine Auff\u00fchrung ist sie allemal -, sie erfreut sich an der Mosel h\u00f6chster und unersch\u00f6pflicher Beliebtheit. Weil es aber der Weinproben ein Jahr \u00fcber gar so viele gibt und weil zu den Wirkungen des Weines nicht nur die Freude, sondern auch das Vergessen geh\u00f6rt, so erheben sie keine historischen Anspr\u00fcche und lassen es sich, bezaubert von ihrer Gegenwart, an ihr auch genug sein, wohl wissend, dass sie wie die Weinjahrg\u00e4nge gl\u00fccklicherweise ewig wiederkehrt.<br>    (aus: Weinlesebuch)<\/p>\n","protected":false},"excerpt":{"rendered":"<p>Donnerstag, 02.12.2010, 19:30 Uhr im Caf\u00e9 Bellevue in Unna Rund 50 Mitglieder und Freunde nahmen an der adventlichen Feier des Weinvereins teil. Der festlich geschm\u00fcckte Raum im Caf\u00e9 Bellevue in Unna sorgte f\u00fcr eine behagliche Stimmung. Nach einer kurzen Begr\u00fc\u00dfung &hellip; <a href=\"https:\/\/www.weinfreunde-vom-hellweg.de\/alex\/wordpress\/?page_id=5011\">Weiterlesen <span class=\"meta-nav\">&rarr;<\/span><\/a><\/p>\n","protected":false},"author":14,"featured_media":0,"parent":3232,"menu_order":40,"comment_status":"closed","ping_status":"closed","template":"","meta":{"ngg_post_thumbnail":0,"footnotes":""},"class_list":["post-5011","page","type-page","status-publish","hentry"],"_links":{"self":[{"href":"https:\/\/www.weinfreunde-vom-hellweg.de\/alex\/wordpress\/index.php?rest_route=\/wp\/v2\/pages\/5011","targetHints":{"allow":["GET"]}}],"collection":[{"href":"https:\/\/www.weinfreunde-vom-hellweg.de\/alex\/wordpress\/index.php?rest_route=\/wp\/v2\/pages"}],"about":[{"href":"https:\/\/www.weinfreunde-vom-hellweg.de\/alex\/wordpress\/index.php?rest_route=\/wp\/v2\/types\/page"}],"author":[{"embeddable":true,"href":"https:\/\/www.weinfreunde-vom-hellweg.de\/alex\/wordpress\/index.php?rest_route=\/wp\/v2\/users\/14"}],"replies":[{"embeddable":true,"href":"https:\/\/www.weinfreunde-vom-hellweg.de\/alex\/wordpress\/index.php?rest_route=%2Fwp%2Fv2%2Fcomments&post=5011"}],"version-history":[{"count":3,"href":"https:\/\/www.weinfreunde-vom-hellweg.de\/alex\/wordpress\/index.php?rest_route=\/wp\/v2\/pages\/5011\/revisions"}],"predecessor-version":[{"id":5015,"href":"https:\/\/www.weinfreunde-vom-hellweg.de\/alex\/wordpress\/index.php?rest_route=\/wp\/v2\/pages\/5011\/revisions\/5015"}],"up":[{"embeddable":true,"href":"https:\/\/www.weinfreunde-vom-hellweg.de\/alex\/wordpress\/index.php?rest_route=\/wp\/v2\/pages\/3232"}],"wp:attachment":[{"href":"https:\/\/www.weinfreunde-vom-hellweg.de\/alex\/wordpress\/index.php?rest_route=%2Fwp%2Fv2%2Fmedia&parent=5011"}],"curies":[{"name":"wp","href":"https:\/\/api.w.org\/{rel}","templated":true}]}}