{"id":5056,"date":"2024-12-29T17:08:37","date_gmt":"2024-12-29T16:08:37","guid":{"rendered":"https:\/\/www.weinfreunde-vom-hellweg.de\/alex\/wordpress\/?page_id=5056"},"modified":"2024-12-29T17:10:39","modified_gmt":"2024-12-29T16:10:39","slug":"weinprobe-slowenien","status":"publish","type":"page","link":"https:\/\/www.weinfreunde-vom-hellweg.de\/alex\/wordpress\/?page_id=5056","title":{"rendered":"Weinprobe Slowenien"},"content":{"rendered":"\n<p>Donnerstag, 19.02.2015, 19:30 Uhr im Kunstverein Unna<\/p>\n\n\n\n<p>Das Weinland Slowenien ist in unseren Breitengraden weniger bekannt. W\u00e4hrend slowenische Weine sich in der jugoslawischen Epoche eher als qualitativ minderwertige Massenweine auszeichneten, die in gro\u00dfen staatlichen Kellereien und Winzergenossenschaften produziert wurden, erlebt der slowenische Weinanbau seit der Gr\u00fcndung des neuen Staates 1991 einen enormen Aufschwung. Eine selbstst\u00e4ndige engagierte Winzergeneration, einhergehend mit der Modernisierung von Keller und Technik sowie eine verst\u00e4rkte Wiederanpflanzung seit dem EU-Beitritt sorgen daf\u00fcr, dass slowenische Weine mittlerweile eine hohe Qualit\u00e4t aufweisen. Zahlreiche Pr\u00e4mierungen sprechen f\u00fcr die internationale Anerkennung dieser Weine.<br>Unser Weinfreund Detlef Krischek, der im vergangenen Herbst Slowenien besucht hat, wird uns an diesem Abend interessante Informationen rund um das Weinland Slowenien geben und uns ausgesuchte slowenische Weine kredenzen.<\/p>\n\n\n\n<p><a href=\"https:\/\/www.weinfreunde-vom-hellweg.de\/alex\/wordpress\/wp-content\/uploads\/2015-02-19-Weinliste-Slowenien.pdf\" target=\"_blank\" rel=\"noreferrer noopener\">Weinliste<\/a> (PDF)<\/p>\n","protected":false},"excerpt":{"rendered":"<p>Donnerstag, 19.02.2015, 19:30 Uhr im Kunstverein Unna Das Weinland Slowenien ist in unseren Breitengraden weniger bekannt. W\u00e4hrend slowenische Weine sich in der jugoslawischen Epoche eher als qualitativ minderwertige Massenweine auszeichneten, die in gro\u00dfen staatlichen Kellereien und Winzergenossenschaften produziert wurden, erlebt &hellip; <a href=\"https:\/\/www.weinfreunde-vom-hellweg.de\/alex\/wordpress\/?page_id=5056\">Weiterlesen <span class=\"meta-nav\">&rarr;<\/span><\/a><\/p>\n","protected":false},"author":14,"featured_media":0,"parent":5029,"menu_order":10,"comment_status":"closed","ping_status":"closed","template":"","meta":{"ngg_post_thumbnail":0,"footnotes":""},"class_list":["post-5056","page","type-page","status-publish","hentry"],"_links":{"self":[{"href":"https:\/\/www.weinfreunde-vom-hellweg.de\/alex\/wordpress\/index.php?rest_route=\/wp\/v2\/pages\/5056","targetHints":{"allow":["GET"]}}],"collection":[{"href":"https:\/\/www.weinfreunde-vom-hellweg.de\/alex\/wordpress\/index.php?rest_route=\/wp\/v2\/pages"}],"about":[{"href":"https:\/\/www.weinfreunde-vom-hellweg.de\/alex\/wordpress\/index.php?rest_route=\/wp\/v2\/types\/page"}],"author":[{"embeddable":true,"href":"https:\/\/www.weinfreunde-vom-hellweg.de\/alex\/wordpress\/index.php?rest_route=\/wp\/v2\/users\/14"}],"replies":[{"embeddable":true,"href":"https:\/\/www.weinfreunde-vom-hellweg.de\/alex\/wordpress\/index.php?rest_route=%2Fwp%2Fv2%2Fcomments&post=5056"}],"version-history":[{"count":2,"href":"https:\/\/www.weinfreunde-vom-hellweg.de\/alex\/wordpress\/index.php?rest_route=\/wp\/v2\/pages\/5056\/revisions"}],"predecessor-version":[{"id":5060,"href":"https:\/\/www.weinfreunde-vom-hellweg.de\/alex\/wordpress\/index.php?rest_route=\/wp\/v2\/pages\/5056\/revisions\/5060"}],"up":[{"embeddable":true,"href":"https:\/\/www.weinfreunde-vom-hellweg.de\/alex\/wordpress\/index.php?rest_route=\/wp\/v2\/pages\/5029"}],"wp:attachment":[{"href":"https:\/\/www.weinfreunde-vom-hellweg.de\/alex\/wordpress\/index.php?rest_route=%2Fwp%2Fv2%2Fmedia&parent=5056"}],"curies":[{"name":"wp","href":"https:\/\/api.w.org\/{rel}","templated":true}]}}