{"id":5066,"date":"2024-12-30T15:29:47","date_gmt":"2024-12-30T14:29:47","guid":{"rendered":"https:\/\/www.weinfreunde-vom-hellweg.de\/alex\/wordpress\/?page_id=5066"},"modified":"2024-12-30T15:34:21","modified_gmt":"2024-12-30T14:34:21","slug":"vorstandsmitglieder-praesentieren-entdeckungen-verschiedener-einkaufsstaetten","status":"publish","type":"page","link":"https:\/\/www.weinfreunde-vom-hellweg.de\/alex\/wordpress\/?page_id=5066","title":{"rendered":"Weine vom Discounter"},"content":{"rendered":"\n<p>Donnerstag, 16.04.2015, 19:30 Uhr im Kunstverein Unna<\/p>\n\n\n\n<p>Ca. 65% des Deutschen Weinabsatzes l\u00e4uft \u00fcber Discounter wie Aldi, Lidl usw. und gro\u00dfe Verbraucherm\u00e4rkte, Die gr\u00f6\u00dfte Menge wird hierbei im Niedrigstpreis-Segment abgesetzt. Mittlerweile gehen aber diese Einkaufst\u00e4tten zunehmend hin und pr\u00e4sentieren als Dauerangebot oder auch als Aktionsware hochwertigere Weine. Was es mit diesen Weinen auf sich hat und wie die Qualit\u00e4t zu beurteilen ist, das wollen einige Vorstandsmitglieder, die in verschiedenen Einkaufsst\u00e4tten auf Entdeckungsreise gegangen sind, uns gemeinsam pr\u00e4sentieren.<\/p>\n\n\n\n<p><a href=\"https:\/\/www.weinfreunde-vom-hellweg.de\/alex\/wordpress\/wp-content\/uploads\/2015-04-16-Weinliste-Weine-vom-Discounter.pdf\" target=\"_blank\" rel=\"noreferrer noopener\">Weinliste<\/a> (PDF)<\/p>\n\n\n\n<p><a href=\"https:\/\/www.weinfreunde-vom-hellweg.de\/alex\/wordpress\/wp-content\/uploads\/2015-04-16-Weinbewertung-Weine-vom-Discounter.pdf\" target=\"_blank\" rel=\"noreferrer noopener\">Weinbewertung<\/a> (PDF)<\/p>\n","protected":false},"excerpt":{"rendered":"<p>Donnerstag, 16.04.2015, 19:30 Uhr im Kunstverein Unna Ca. 65% des Deutschen Weinabsatzes l\u00e4uft \u00fcber Discounter wie Aldi, Lidl usw. und gro\u00dfe Verbraucherm\u00e4rkte, Die gr\u00f6\u00dfte Menge wird hierbei im Niedrigstpreis-Segment abgesetzt. Mittlerweile gehen aber diese Einkaufst\u00e4tten zunehmend hin und pr\u00e4sentieren als &hellip; <a href=\"https:\/\/www.weinfreunde-vom-hellweg.de\/alex\/wordpress\/?page_id=5066\">Weiterlesen <span class=\"meta-nav\">&rarr;<\/span><\/a><\/p>\n","protected":false},"author":14,"featured_media":0,"parent":5029,"menu_order":30,"comment_status":"closed","ping_status":"closed","template":"","meta":{"ngg_post_thumbnail":0,"footnotes":""},"class_list":["post-5066","page","type-page","status-publish","hentry"],"_links":{"self":[{"href":"https:\/\/www.weinfreunde-vom-hellweg.de\/alex\/wordpress\/index.php?rest_route=\/wp\/v2\/pages\/5066","targetHints":{"allow":["GET"]}}],"collection":[{"href":"https:\/\/www.weinfreunde-vom-hellweg.de\/alex\/wordpress\/index.php?rest_route=\/wp\/v2\/pages"}],"about":[{"href":"https:\/\/www.weinfreunde-vom-hellweg.de\/alex\/wordpress\/index.php?rest_route=\/wp\/v2\/types\/page"}],"author":[{"embeddable":true,"href":"https:\/\/www.weinfreunde-vom-hellweg.de\/alex\/wordpress\/index.php?rest_route=\/wp\/v2\/users\/14"}],"replies":[{"embeddable":true,"href":"https:\/\/www.weinfreunde-vom-hellweg.de\/alex\/wordpress\/index.php?rest_route=%2Fwp%2Fv2%2Fcomments&post=5066"}],"version-history":[{"count":4,"href":"https:\/\/www.weinfreunde-vom-hellweg.de\/alex\/wordpress\/index.php?rest_route=\/wp\/v2\/pages\/5066\/revisions"}],"predecessor-version":[{"id":5073,"href":"https:\/\/www.weinfreunde-vom-hellweg.de\/alex\/wordpress\/index.php?rest_route=\/wp\/v2\/pages\/5066\/revisions\/5073"}],"up":[{"embeddable":true,"href":"https:\/\/www.weinfreunde-vom-hellweg.de\/alex\/wordpress\/index.php?rest_route=\/wp\/v2\/pages\/5029"}],"wp:attachment":[{"href":"https:\/\/www.weinfreunde-vom-hellweg.de\/alex\/wordpress\/index.php?rest_route=%2Fwp%2Fv2%2Fmedia&parent=5066"}],"curies":[{"name":"wp","href":"https:\/\/api.w.org\/{rel}","templated":true}]}}