{"id":5075,"date":"2024-12-30T15:40:04","date_gmt":"2024-12-30T14:40:04","guid":{"rendered":"https:\/\/www.weinfreunde-vom-hellweg.de\/alex\/wordpress\/?page_id=5075"},"modified":"2024-12-30T15:41:40","modified_gmt":"2024-12-30T14:41:40","slug":"suesse-deutsche-weine","status":"publish","type":"page","link":"https:\/\/www.weinfreunde-vom-hellweg.de\/alex\/wordpress\/?page_id=5075","title":{"rendered":"S\u00fc\u00dfe deutsche Weine"},"content":{"rendered":"\n<p>Donnerstag, 21.05.2015, 19:30 Uhr im Atelier der Lindenbrauerei Unna<\/p>\n\n\n\n<p>Die Mehrzahl der heutigen Weintrinker lehnen S\u00fc\u00dfweine ab. Das hat einen historischen Grund. Lange Zeit haben minderwertige mit Traubenmost ges\u00fc\u00dfte Weine f\u00fcr den zweifelhaften Ruf deutscher Weine gesorgt. Nach dem Glykol-Skandal Mitte der 1980er Jahre setzte langsam ein Umdenken ein. Heute trinkt der Verbraucher \u201etrocken\u201c.<br>Dieser Trend wird deutschen S\u00fc\u00dfweinen aber nicht gerecht, denn gerade unsere rests\u00fc\u00dfen und edels\u00fc\u00dfen Weine sind mittlerweile weltber\u00fchmt. In keinem anderen Land als bei uns sind Terroirs und klimatische Voraussetzungen besser geeignet, s\u00fc\u00dfe Weine zu produzieren, bei denen die vorhandene S\u00e4ure mit der S\u00fc\u00dfe perfekt im Gleichklang gebracht wird. Kurt Jannet vom Deutschen Weininstitut wird uns bei einer Degustation verschiedener deutscher S\u00fc\u00dfweine die Geschmacksvielfalt und das Potential dieser Weine n\u00e4her bringen.<\/p>\n\n\n\n<p><a href=\"https:\/\/www.weinfreunde-vom-hellweg.de\/alex\/wordpress\/wp-content\/uploads\/2015-05-21-Weinbewertung-Suesse-deutsche-Weine.pdf\" target=\"_blank\" rel=\"noreferrer noopener\">Weinbewertung<\/a> (PDF)<\/p>\n","protected":false},"excerpt":{"rendered":"<p>Donnerstag, 21.05.2015, 19:30 Uhr im Atelier der Lindenbrauerei Unna Die Mehrzahl der heutigen Weintrinker lehnen S\u00fc\u00dfweine ab. Das hat einen historischen Grund. Lange Zeit haben minderwertige mit Traubenmost ges\u00fc\u00dfte Weine f\u00fcr den zweifelhaften Ruf deutscher Weine gesorgt. Nach dem Glykol-Skandal &hellip; <a href=\"https:\/\/www.weinfreunde-vom-hellweg.de\/alex\/wordpress\/?page_id=5075\">Weiterlesen <span class=\"meta-nav\">&rarr;<\/span><\/a><\/p>\n","protected":false},"author":14,"featured_media":0,"parent":5029,"menu_order":40,"comment_status":"closed","ping_status":"closed","template":"","meta":{"ngg_post_thumbnail":0,"footnotes":""},"class_list":["post-5075","page","type-page","status-publish","hentry"],"_links":{"self":[{"href":"https:\/\/www.weinfreunde-vom-hellweg.de\/alex\/wordpress\/index.php?rest_route=\/wp\/v2\/pages\/5075","targetHints":{"allow":["GET"]}}],"collection":[{"href":"https:\/\/www.weinfreunde-vom-hellweg.de\/alex\/wordpress\/index.php?rest_route=\/wp\/v2\/pages"}],"about":[{"href":"https:\/\/www.weinfreunde-vom-hellweg.de\/alex\/wordpress\/index.php?rest_route=\/wp\/v2\/types\/page"}],"author":[{"embeddable":true,"href":"https:\/\/www.weinfreunde-vom-hellweg.de\/alex\/wordpress\/index.php?rest_route=\/wp\/v2\/users\/14"}],"replies":[{"embeddable":true,"href":"https:\/\/www.weinfreunde-vom-hellweg.de\/alex\/wordpress\/index.php?rest_route=%2Fwp%2Fv2%2Fcomments&post=5075"}],"version-history":[{"count":2,"href":"https:\/\/www.weinfreunde-vom-hellweg.de\/alex\/wordpress\/index.php?rest_route=\/wp\/v2\/pages\/5075\/revisions"}],"predecessor-version":[{"id":5079,"href":"https:\/\/www.weinfreunde-vom-hellweg.de\/alex\/wordpress\/index.php?rest_route=\/wp\/v2\/pages\/5075\/revisions\/5079"}],"up":[{"embeddable":true,"href":"https:\/\/www.weinfreunde-vom-hellweg.de\/alex\/wordpress\/index.php?rest_route=\/wp\/v2\/pages\/5029"}],"wp:attachment":[{"href":"https:\/\/www.weinfreunde-vom-hellweg.de\/alex\/wordpress\/index.php?rest_route=%2Fwp%2Fv2%2Fmedia&parent=5075"}],"curies":[{"name":"wp","href":"https:\/\/api.w.org\/{rel}","templated":true}]}}

Süße deutsche Weine

<p>Donnerstag, 21.05.2015, 19:30 Uhr im Atelier der Lindenbrauerei Unna</p>



<p>Die Mehrzahl der heutigen Weintrinker lehnen Süßweine ab. Das hat einen historischen Grund. Lange Zeit haben minderwertige mit Traubenmost gesüßte Weine für den zweifelhaften Ruf deutscher Weine gesorgt. Nach dem Glykol-Skandal Mitte der 1980er Jahre setzte langsam ein Umdenken ein. Heute trinkt der Verbraucher „trocken“.<br>Dieser Trend wird deutschen Süßweinen aber nicht gerecht, denn gerade unsere restsüßen und edelsüßen Weine sind mittlerweile weltberühmt. In keinem anderen Land als bei uns sind Terroirs und klimatische Voraussetzungen besser geeignet, süße Weine zu produzieren, bei denen die vorhandene Säure mit der Süße perfekt im Gleichklang gebracht wird. Kurt Jannet vom Deutschen Weininstitut wird uns bei einer Degustation verschiedener deutscher Süßweine die Geschmacksvielfalt und das Potential dieser Weine näher bringen.</p>



<p><a href="https://www.weinfreunde-vom-hellweg.de/alex/wordpress/wp-content/uploads/2015-05-21-Weinbewertung-Suesse-deutsche-Weine.pdf" target="_blank" rel="noreferrer noopener">Weinbewertung</a> (PDF)</p>

<p>Donnerstag, 21.05.2015, 19:30 Uhr im Atelier der Lindenbrauerei Unna Die Mehrzahl der heutigen Weintrinker lehnen Süßweine ab. Das hat einen historischen Grund. Lange Zeit haben minderwertige mit Traubenmost gesüßte Weine für den zweifelhaften Ruf deutscher Weine gesorgt. Nach dem Glykol-Skandal &hellip; <a href="https://www.weinfreunde-vom-hellweg.de/alex/wordpress/?page_id=5075">Weiterlesen <span class="meta-nav">&rarr;</span></a></p>
