{"id":5202,"date":"2025-01-03T18:11:28","date_gmt":"2025-01-03T17:11:28","guid":{"rendered":"https:\/\/www.weinfreunde-vom-hellweg.de\/alex\/wordpress\/?page_id=5202"},"modified":"2025-01-03T18:18:54","modified_gmt":"2025-01-03T17:18:54","slug":"mitglieder-kochen-fuer-mitglieder","status":"publish","type":"page","link":"https:\/\/www.weinfreunde-vom-hellweg.de\/alex\/wordpress\/?page_id=5202","title":{"rendered":"Mitglieder kochen f\u00fcr Mitglieder"},"content":{"rendered":"\n<p>Samstag, 29.08.2015, 18:30 Uhr auf dem Hof S\u00fcmmermann in Fr\u00f6mern<\/p>\n\n\n\n<p>Reiner Sch\u00e4fer hatte Hobbyk\u00f6che aus unserer Mitgliedschaft zu einem Schaukochen in die \u201eKochlounge im Hof\u201c auf dem Hof S\u00fcmmermann in Fr\u00f6ndenberg-Fr\u00f6mern eingeladen. Vier Weinfreunde zauberten ein mehrg\u00e4ngiges Men\u00fc f\u00fcr 27 begeisterte Besucher.<\/p>\n\n\n\n<p><strong>Firoz Kaderali<\/strong> servierte eine Antipastiplatte aus verschiedenen italienischen Spezialit\u00e4ten, dazu wurde ein Grauburgunder vom Kaiserstuhl serviert.<br><strong>Peter Bernhardt<\/strong> pr\u00e4sentierte eine Komposition von Garnelen und Jakobsmuscheln auf einem Salatbett, begleitet wurden diese Meeresfr\u00fcchte von einem Wei\u00dfwein der Rebsorte Verdejo aus Spanien.<br><strong>Andreas Braier<\/strong> gestaltete den Hauptgang mit verschiedenen Involtinis auf Kartoffel-Sellerie-P\u00fcree, dazu wurde ein Merlot aus dem Veneto ausgew\u00e4hlt.<br><strong>Peter Henne<\/strong> \u00fcberraschte die Leckerm\u00e4uler zur Abrundung mit einem Erdbeer-Tiramisu mit Vanilleeis und einem Tempranillo Frizzante Rosado aus Spanien.<\/p>\n\n\n\n<p>Alle G\u00e4ste zollten den ehrenamtlich t\u00e4tigen K\u00f6chen eine gro\u00dfe Anerkennung und reichlich Applaus und behalten diesen genussvollen Sommerabend sicherlich in besonderer Erinnerung.<\/p>\n","protected":false},"excerpt":{"rendered":"<p>Samstag, 29.08.2015, 18:30 Uhr auf dem Hof S\u00fcmmermann in Fr\u00f6mern Reiner Sch\u00e4fer hatte Hobbyk\u00f6che aus unserer Mitgliedschaft zu einem Schaukochen in die \u201eKochlounge im Hof\u201c auf dem Hof S\u00fcmmermann in Fr\u00f6ndenberg-Fr\u00f6mern eingeladen. Vier Weinfreunde zauberten ein mehrg\u00e4ngiges Men\u00fc f\u00fcr 27 &hellip; <a href=\"https:\/\/www.weinfreunde-vom-hellweg.de\/alex\/wordpress\/?page_id=5202\">Weiterlesen <span class=\"meta-nav\">&rarr;<\/span><\/a><\/p>\n","protected":false},"author":14,"featured_media":0,"parent":5029,"menu_order":75,"comment_status":"closed","ping_status":"closed","template":"","meta":{"ngg_post_thumbnail":0,"footnotes":""},"class_list":["post-5202","page","type-page","status-publish","hentry"],"_links":{"self":[{"href":"https:\/\/www.weinfreunde-vom-hellweg.de\/alex\/wordpress\/index.php?rest_route=\/wp\/v2\/pages\/5202","targetHints":{"allow":["GET"]}}],"collection":[{"href":"https:\/\/www.weinfreunde-vom-hellweg.de\/alex\/wordpress\/index.php?rest_route=\/wp\/v2\/pages"}],"about":[{"href":"https:\/\/www.weinfreunde-vom-hellweg.de\/alex\/wordpress\/index.php?rest_route=\/wp\/v2\/types\/page"}],"author":[{"embeddable":true,"href":"https:\/\/www.weinfreunde-vom-hellweg.de\/alex\/wordpress\/index.php?rest_route=\/wp\/v2\/users\/14"}],"replies":[{"embeddable":true,"href":"https:\/\/www.weinfreunde-vom-hellweg.de\/alex\/wordpress\/index.php?rest_route=%2Fwp%2Fv2%2Fcomments&post=5202"}],"version-history":[{"count":3,"href":"https:\/\/www.weinfreunde-vom-hellweg.de\/alex\/wordpress\/index.php?rest_route=\/wp\/v2\/pages\/5202\/revisions"}],"predecessor-version":[{"id":5207,"href":"https:\/\/www.weinfreunde-vom-hellweg.de\/alex\/wordpress\/index.php?rest_route=\/wp\/v2\/pages\/5202\/revisions\/5207"}],"up":[{"embeddable":true,"href":"https:\/\/www.weinfreunde-vom-hellweg.de\/alex\/wordpress\/index.php?rest_route=\/wp\/v2\/pages\/5029"}],"wp:attachment":[{"href":"https:\/\/www.weinfreunde-vom-hellweg.de\/alex\/wordpress\/index.php?rest_route=%2Fwp%2Fv2%2Fmedia&parent=5202"}],"curies":[{"name":"wp","href":"https:\/\/api.w.org\/{rel}","templated":true}]}}

Mitglieder kochen für Mitglieder

<p>Samstag, 29.08.2015, 18:30 Uhr auf dem Hof Sümmermann in Frömern</p>



<p>Reiner Schäfer hatte Hobbyköche aus unserer Mitgliedschaft zu einem Schaukochen in die „Kochlounge im Hof“ auf dem Hof Sümmermann in Fröndenberg-Frömern eingeladen. Vier Weinfreunde zauberten ein mehrgängiges Menü für 27 begeisterte Besucher.</p>



<p><strong>Firoz Kaderali</strong> servierte eine Antipastiplatte aus verschiedenen italienischen Spezialitäten, dazu wurde ein Grauburgunder vom Kaiserstuhl serviert.<br><strong>Peter Bernhardt</strong> präsentierte eine Komposition von Garnelen und Jakobsmuscheln auf einem Salatbett, begleitet wurden diese Meeresfrüchte von einem Weißwein der Rebsorte Verdejo aus Spanien.<br><strong>Andreas Braier</strong> gestaltete den Hauptgang mit verschiedenen Involtinis auf Kartoffel-Sellerie-Püree, dazu wurde ein Merlot aus dem Veneto ausgewählt.<br><strong>Peter Henne</strong> überraschte die Leckermäuler zur Abrundung mit einem Erdbeer-Tiramisu mit Vanilleeis und einem Tempranillo Frizzante Rosado aus Spanien.</p>



<p>Alle Gäste zollten den ehrenamtlich tätigen Köchen eine große Anerkennung und reichlich Applaus und behalten diesen genussvollen Sommerabend sicherlich in besonderer Erinnerung.</p>

<p>Samstag, 29.08.2015, 18:30 Uhr auf dem Hof Sümmermann in Frömern Reiner Schäfer hatte Hobbyköche aus unserer Mitgliedschaft zu einem Schaukochen in die „Kochlounge im Hof“ auf dem Hof Sümmermann in Fröndenberg-Frömern eingeladen. Vier Weinfreunde zauberten ein mehrgängiges Menü für 27 &hellip; <a href="https://www.weinfreunde-vom-hellweg.de/alex/wordpress/?page_id=5202">Weiterlesen <span class="meta-nav">&rarr;</span></a></p>
