{"id":5311,"date":"2025-01-11T13:03:52","date_gmt":"2025-01-11T12:03:52","guid":{"rendered":"https:\/\/www.weinfreunde-vom-hellweg.de\/alex\/wordpress\/?page_id=5311"},"modified":"2026-03-30T14:22:23","modified_gmt":"2026-03-30T12:22:23","slug":"veranstaltungskalender","status":"publish","type":"page","link":"https:\/\/www.weinfreunde-vom-hellweg.de\/alex\/wordpress\/?page_id=5311","title":{"rendered":"Sonstige Veranstaltungen"},"content":{"rendered":"\n<p>Nicht nur die Weinfreunde vom Hellweg organisieren Veranstaltungen. Andere tun das auch, eine Auswahl ist hier zu finden. Die aktuellen Veranstaltungen der Weinfreunde vom Hellweg sind <a href=\"https:\/\/www.weinfreunde-vom-hellweg.de\/alex\/wordpress\/?page_id=5867\" target=\"_blank\" rel=\"noreferrer noopener\">dort<\/a>.<\/p>\n\n\n\n<hr class=\"wp-block-separator has-alpha-channel-opacity is-style-wide\"\/>\n\n\n\n<p class=\"has-medium-font-size\"><strong><strong>After Work Winetasting<\/strong><\/strong><br>Donnerstag 2.4.2026 18 bis 20 Uhr<br>Weingef\u00e4hrten Werne, Landwehrstra\u00dfe 116<br>20\u20ac je Person<\/p>\n\n\n\n<p style=\"font-size:15px\">Einmal im Monat laden wir Euch herzlich in unsere Weinhandlung \u201eWeingef\u00e4hrten\u201c ein. Von 18.00-20.00 Uhr k\u00f6nnt ihr in lockerer und entspannter Atmosph\u00e4re an Stehtischen acht verschiedene Weine zum Pauschalpreis von 20,00 \u20ac probieren. Wir geben Euch Informationen zu den Weinen und deren Besonderheiten.<br><a href=\"https:\/\/weingefaehrten.de\/02.04.2026-After-Work-Winetasting\/990533\" target=\"_blank\" rel=\"noreferrer noopener\">Veranstaltungsseite<\/a><\/p>\n\n\n\n<hr class=\"wp-block-separator has-alpha-channel-opacity is-style-wide\"\/>\n\n\n\n<p class=\"has-medium-font-size\"><strong><strong>Weinhopping D\u00fcsseldorf<\/strong><\/strong><br>Donnerstag 23.4.2026<br>Ab 39\u20ac je Person<\/p>\n\n\n\n<p style=\"font-size:15px\">Die \u201eWeinhopping\u201c-Tour l\u00e4dt dich ein, spannende Weinlocations zu erkunden, ausgew\u00e4hlte Weine zu probieren und dabei entspannt neue Leute kennenzulernen. Unser Weinhopping f\u00fchrt dich in kleinen Gruppen von einem Wein-Hotspot zum n\u00e4chsten. An jedem Ort erwartet dich nicht nur eine neue Gruppe von Weinbegeisterten, sondern auch eine leckere Weinprobe, oft pers\u00f6nlich von den Inhabern pr\u00e4sentiert. Hierbei tauchst du in die faszinierende Welt der Weine ein, erf\u00e4hrst spannende Details \u00fcber jede Location und die feinen Nuancen der verkosteten Weine.<br><a href=\"https:\/\/www.eventbrite.de\/e\/weinhopping-dusseldorf-23042026-tickets-1905958526259\" target=\"_blank\" rel=\"noreferrer noopener\">Veranstaltungsseite<\/a><\/p>\n\n\n\n<hr class=\"wp-block-separator has-alpha-channel-opacity is-style-wide\"\/>\n\n\n\n<p class=\"has-medium-font-size\"><strong><strong>Mosel-Wein-Woche<\/strong><\/strong><br>Mittwoch 3.6.2026 bis Sonntag 7.6.2026<br>Cochem, Endertplatz<\/p>\n\n\n\n<p style=\"font-size:15px\">Winzerbetriebe aus den Wein\u00adbau\u00adge\u00admein\u00adden rund um Cochem pr\u00e4sentieren ihre Rieslingweine und Winzersekte. Das \u201eWeindorf\u201c an der alten Moselbr\u00fccke ist der ideale Rahmen zum Verkosten und zum gem\u00fctlichen Plausch. Auch musikalisch kommen alle G\u00e4ste auf ihre Kosten. Musikkapellen sowie Tanz- und Unterhaltungsbands bieten die ganze Palette der Unterhaltungsmusik. Und das alles bei freiem Eintritt! Au\u00dferdem bieten die beteiligten Winzer ihren G\u00e4sten am Freitagabend um 22:30 Uhr ein Feuerwerk, das vom Endertplatz aus hervorragend zu sehen ist.<br><a href=\"https:\/\/cochem.de\/kalender\/mosel-wein-woche-3\/\" target=\"_blank\" rel=\"noreferrer noopener\">Veranstaltungsseite<\/a><\/p>\n\n\n\n<hr class=\"wp-block-separator has-alpha-channel-opacity is-style-wide\"\/>\n\n\n\n<p class=\"has-medium-font-size\"><strong><strong>Wein Beats Cruise<\/strong><\/strong><br>Samstag 11.7.2026 16:30 bis 22:30<br>KD Anlegestelle K\u00f6ln\/Altstadt<\/p>\n\n\n\n<p style=\"font-size:15px\">Freut euch auf die bereits dritte Ausgabe der \u201eWein Beats Cruise\u201c in K\u00f6ln! An Bord unseres gr\u00f6\u00dften Eventschiffs erwartet euch eine unvergessliche Party mit Jungwinzer Tobias Rickes und den exklusiven Weinen aus seinem eigenen Weingut.<br><a href=\"https:\/\/www.k-d.com\/produkt\/wein-beats-cruise\/\" target=\"_blank\" rel=\"noreferrer noopener\">Veranstaltungsseite<\/a><\/p>\n\n\n\n<hr class=\"wp-block-separator has-alpha-channel-opacity is-style-wide\"\/>\n\n\n\n<p class=\"has-medium-font-size\"><strong><strong>WEINsommer in D\u00fcsseldorf<\/strong><\/strong><br>Donnerstag, 30.07. bis Sonntag, 02.08.2026<br>Donnerstag 16:00 &#8211; 24:00 Uhr<br>Freitag 14:00 &#8211; 24:00 Uhr<br>Samstag 14:00 &#8211; 24:00 Uhr<br>Sonntag 12:00 &#8211; 20:00 Uhr<\/p>\n\n\n\n<p style=\"font-size:15px\">Der ultimative Treffpunkt f\u00fcr Weinfreunde und Genie\u00dfer! Dieses Jahr voraussichtlich mit neuer entspannter Location am Rhein: Rathausufer! Der perfekte Standort f\u00fcr unseren WEINsommer in D\u00fcsseldorf. Die Winzerinnen und Winzer freuen sich bereits auf ein Wiedersehen mit netten G\u00e4sten aus D\u00fcsseldorf und Umgebung.<br>Eingebettet in die charmante Kulisse von D\u00fcsseldorf l\u00e4dt das Rheinufer dazu ein, die chillige Atmosph\u00e4re zu genie\u00dfen und den neuen Weinjahrgang zu probieren. Erleben Sie einen stimmungsvollen Aufenthalt bei hoffentlich sonnigem Sommerwetter.<br><a href=\"https:\/\/www.weinsommer.de\/weinsommer\/duesseldorf\" target=\"_blank\" rel=\"noreferrer noopener\">Veranstaltungsseite<\/a><\/p>\n\n\n\n<hr class=\"wp-block-separator has-alpha-channel-opacity is-style-wide\"\/>\n\n\n\n<p class=\"has-medium-font-size\"><strong><strong>Wein Beats Cruise<\/strong><\/strong><br>Samstag 5.9.2026 16:30 bis 22:30<br>KD Anlegestelle K\u00f6ln\/Altstadt<\/p>\n\n\n\n<p style=\"font-size:15px\">Freut euch auf die bereits dritte Ausgabe der \u201eWein Beats Cruise\u201c in K\u00f6ln! An Bord unseres gr\u00f6\u00dften Eventschiffs erwartet euch eine unvergessliche Party mit Jungwinzer Tobias Rickes und den exklusiven Weinen aus seinem eigenen Weingut.<br><a href=\"https:\/\/www.k-d.com\/produkt\/wein-beats-cruise\/\" target=\"_blank\" rel=\"noreferrer noopener\">Veranstaltungsseite<\/a><\/p>\n\n\n\n<hr class=\"wp-block-separator has-alpha-channel-opacity is-style-wide\"\/>\n\n\n\n<p class=\"has-medium-font-size\"><strong><strong>Bachemer Weinfest \u201eFestiWein\u201c<\/strong><\/strong><br>Freitag 18.9.2026 bis Sonntag 20.9.2026<br>Im Ortskern von Bachem an der Ahr<\/p>\n\n\n\n<p style=\"font-size:15px\">Der Weinort Bachem feiert unter dem Titel \u201eFestiWein\u201c vom 18. bis 20. September 2026 wieder sein Weinfest. Auch in diesem Jahr lockt die Symbiose aus Festival und Wein mit einem abwechslungsreichen Programm. Denn neben den Weinst\u00e4nden und dem beliebten Weinlesezug der 10.000 Lichter am Sonntagabend d\u00fcrfen sich die G\u00e4ste \u00fcber zahlreiche Livebands auf der Hauptb\u00fchne am Festplatz sowie der Nebenb\u00fchne an der so genannten \u201eschiefen Br\u00fccke\u201c freuen.<br><a href=\"https:\/\/www.ahrtal.com\/de\/events\/bachemer-weinfest-festiwein\/event.html\" target=\"_blank\" rel=\"noreferrer noopener\">Veranstaltungsseite<\/a><\/p>\n\n\n\n<hr class=\"wp-block-separator has-alpha-channel-opacity is-style-wide\"\/>\n","protected":false},"excerpt":{"rendered":"<p>Nicht nur die Weinfreunde vom Hellweg organisieren Veranstaltungen. Andere tun das auch, eine Auswahl ist hier zu finden. Die aktuellen Veranstaltungen der Weinfreunde vom Hellweg sind dort. After Work WinetastingDonnerstag 2.4.2026 18 bis 20 UhrWeingef\u00e4hrten Werne, Landwehrstra\u00dfe 11620\u20ac je Person &hellip; <a href=\"https:\/\/www.weinfreunde-vom-hellweg.de\/alex\/wordpress\/?page_id=5311\">Weiterlesen <span class=\"meta-nav\">&rarr;<\/span><\/a><\/p>\n","protected":false},"author":14,"featured_media":0,"parent":0,"menu_order":0,"comment_status":"closed","ping_status":"closed","template":"","meta":{"ngg_post_thumbnail":0,"footnotes":""},"class_list":["post-5311","page","type-page","status-publish","hentry"],"_links":{"self":[{"href":"https:\/\/www.weinfreunde-vom-hellweg.de\/alex\/wordpress\/index.php?rest_route=\/wp\/v2\/pages\/5311","targetHints":{"allow":["GET"]}}],"collection":[{"href":"https:\/\/www.weinfreunde-vom-hellweg.de\/alex\/wordpress\/index.php?rest_route=\/wp\/v2\/pages"}],"about":[{"href":"https:\/\/www.weinfreunde-vom-hellweg.de\/alex\/wordpress\/index.php?rest_route=\/wp\/v2\/types\/page"}],"author":[{"embeddable":true,"href":"https:\/\/www.weinfreunde-vom-hellweg.de\/alex\/wordpress\/index.php?rest_route=\/wp\/v2\/users\/14"}],"replies":[{"embeddable":true,"href":"https:\/\/www.weinfreunde-vom-hellweg.de\/alex\/wordpress\/index.php?rest_route=%2Fwp%2Fv2%2Fcomments&post=5311"}],"version-history":[{"count":58,"href":"https:\/\/www.weinfreunde-vom-hellweg.de\/alex\/wordpress\/index.php?rest_route=\/wp\/v2\/pages\/5311\/revisions"}],"predecessor-version":[{"id":6160,"href":"https:\/\/www.weinfreunde-vom-hellweg.de\/alex\/wordpress\/index.php?rest_route=\/wp\/v2\/pages\/5311\/revisions\/6160"}],"wp:attachment":[{"href":"https:\/\/www.weinfreunde-vom-hellweg.de\/alex\/wordpress\/index.php?rest_route=%2Fwp%2Fv2%2Fmedia&parent=5311"}],"curies":[{"name":"wp","href":"https:\/\/api.w.org\/{rel}","templated":true}]}}