{"id":5354,"date":"2025-01-14T11:00:16","date_gmt":"2025-01-14T10:00:16","guid":{"rendered":"https:\/\/www.weinfreunde-vom-hellweg.de\/alex\/wordpress\/?page_id=5354"},"modified":"2025-06-16T14:01:11","modified_gmt":"2025-06-16T12:01:11","slug":"weinfreunde-besuchen-orte-der-hellweg-region","status":"publish","type":"page","link":"https:\/\/www.weinfreunde-vom-hellweg.de\/alex\/wordpress\/?page_id=5354","title":{"rendered":"Weinfreunde besuchen Orte der Hellweg-Region"},"content":{"rendered":"\n<figure class=\"wp-block-image size-large\"><img decoding=\"async\" src=\"https:\/\/www.weinfreunde-vom-hellweg.de\/alex\/wordpress\/wp-content\/uploads\/2025-06-14-Haus-Opherdicke.jpg\" alt=\"\"\/><\/figure>\n\n\n\n<p>In diesem Jahr f\u00fchrt uns unser Ausflug in die Hellweg-Region zum Wasserschloss Haus Opherdicke. Das ehemalige Rittergut, mit herrlichem Blick von der Seeterrasse ins Sauerland, ist nicht nur durch wechselnde Kunstausstellungen und den weitl\u00e4ufigen Skulpturenpark, sondern auch als Veranstaltungsort f\u00fcr Musikevents bekannt.<br>Nach der F\u00fchrung erwarten uns Kaffee und Kuchen im \u201eBauhaus\u201c der Schlossanlage. Danach treffen wir uns zum Abschluss im Nicolaihaus, dort verk\u00f6stigen wir Weine aus unserem <a href=\"https:\/\/www.weinfreunde-vom-hellweg.de\/alex\/wordpress\/?page_id=74\" target=\"_blank\" rel=\"noreferrer noopener\">Weinkeller<\/a>.<\/p>\n\n\n\n<p>Hier ein Auszug aus der Weinliste, die unser Kellermeister bereitstellt: <a href=\"https:\/\/www.weinfreunde-vom-hellweg.de\/alex\/wordpress\/wp-content\/uploads\/2025-06-14-Haus-Opherdicke-Weinliste.pdf\" target=\"_blank\" rel=\"noreferrer noopener\">Weinliste<\/a><\/p>\n\n\n\nngg_shortcode_0_placeholder\n","protected":false},"excerpt":{"rendered":"<p>In diesem Jahr f\u00fchrt uns unser Ausflug in die Hellweg-Region zum Wasserschloss Haus Opherdicke. Das ehemalige Rittergut, mit herrlichem Blick von der Seeterrasse ins Sauerland, ist nicht nur durch wechselnde Kunstausstellungen und den weitl\u00e4ufigen Skulpturenpark, sondern auch als Veranstaltungsort f\u00fcr &hellip; <a href=\"https:\/\/www.weinfreunde-vom-hellweg.de\/alex\/wordpress\/?page_id=5354\">Weiterlesen <span class=\"meta-nav\">&rarr;<\/span><\/a><\/p>\n","protected":false},"author":14,"featured_media":0,"parent":3389,"menu_order":45,"comment_status":"closed","ping_status":"closed","template":"","meta":{"ngg_post_thumbnail":0,"footnotes":""},"class_list":["post-5354","page","type-page","status-publish","hentry"],"_links":{"self":[{"href":"https:\/\/www.weinfreunde-vom-hellweg.de\/alex\/wordpress\/index.php?rest_route=\/wp\/v2\/pages\/5354","targetHints":{"allow":["GET"]}}],"collection":[{"href":"https:\/\/www.weinfreunde-vom-hellweg.de\/alex\/wordpress\/index.php?rest_route=\/wp\/v2\/pages"}],"about":[{"href":"https:\/\/www.weinfreunde-vom-hellweg.de\/alex\/wordpress\/index.php?rest_route=\/wp\/v2\/types\/page"}],"author":[{"embeddable":true,"href":"https:\/\/www.weinfreunde-vom-hellweg.de\/alex\/wordpress\/index.php?rest_route=\/wp\/v2\/users\/14"}],"replies":[{"embeddable":true,"href":"https:\/\/www.weinfreunde-vom-hellweg.de\/alex\/wordpress\/index.php?rest_route=%2Fwp%2Fv2%2Fcomments&post=5354"}],"version-history":[{"count":9,"href":"https:\/\/www.weinfreunde-vom-hellweg.de\/alex\/wordpress\/index.php?rest_route=\/wp\/v2\/pages\/5354\/revisions"}],"predecessor-version":[{"id":5692,"href":"https:\/\/www.weinfreunde-vom-hellweg.de\/alex\/wordpress\/index.php?rest_route=\/wp\/v2\/pages\/5354\/revisions\/5692"}],"up":[{"embeddable":true,"href":"https:\/\/www.weinfreunde-vom-hellweg.de\/alex\/wordpress\/index.php?rest_route=\/wp\/v2\/pages\/3389"}],"wp:attachment":[{"href":"https:\/\/www.weinfreunde-vom-hellweg.de\/alex\/wordpress\/index.php?rest_route=%2Fwp%2Fv2%2Fmedia&parent=5354"}],"curies":[{"name":"wp","href":"https:\/\/api.w.org\/{rel}","templated":true}]}}